Select a Year or Month report
Report for 2023 Jan
MONTHLY CLIMATOLOGICAL SUMMARY for JAN. 2023
NAME: Vamos Weather Station CITY: Vamos STATE: Greece
ELEV: 225 m LAT: 35 06' 00" N LONG: 24 00' 00" E
TEMPERATURE (C), RAIN (mm), WIND SPEED (km/hr)
HEAT COOL AVG
MEAN DEG DEG WIND DOM
DAY TEMP HIGH TIME LOW TIME DAYS DAYS RAIN SPEED HIGH TIME DIR
------------------------------------------------------------------------------------
1 12.2 14.7 13:30 10.4 15:30 6.1 0.0 6.0 2.9 22.5 14:55 SE
2 11.9 13.6 9:55 10.7 7:10 6.4 0.0 0.2 1.8 11.3 10:00 SE
3 11.6 15.2 13:00 9.3 22:25 6.7 0.0 0.0 2.9 9.7 0:10 SE
4 11.8 16.2 13:00 9.3 0:15 6.5 0.0 0.0 2.6 16.1 12:15 NE
5 12.7 16.1 12:30 10.1 0:30 5.6 0.0 0.0 2.6 12.9 3:50 W
6 12.8 16.4 11:20 10.6 5:05 5.5 0.0 0.0 3.4 27.4 11:35 SSE
7 12.5 16.0 13:55 10.3 3:40 5.8 0.0 0.0 2.1 9.7 3:25 SSE
8 12.1 14.4 11:35 10.4 23:05 6.2 0.0 0.0 1.4 14.5 14:55 WSW
9 12.8 17.0 16:00 10.0 5:10 5.4 0.0 0.0 2.6 14.5 21:45 SE
10 13.2 18.0 11:15 10.4 7:05 5.1 0.0 2.0 4.3 56.3 10:00 SE
11 10.4 13.2 10:20 8.5 22:10 7.9 0.0 2.2 3.2 29.0 11:20 WNW
12 10.8 13.9 12:25 8.4 0:25 7.5 0.0 0.0 1.9 12.9 12:35 SE
13 9.8 11.1 12:10 9.1 3:30 8.5 0.0 9.2 3.4 17.7 15:55 WNW
14 11.1 14.3 12:40 8.8 6:55 7.2 0.0 0.0 2.7 12.9 12:30 WNW
15 10.2 12.3 12:45 8.6 5:25 8.1 0.0 7.4 4.5 12.9 6:15 SSE
16 11.9 15.6 14:25 9.7 2:25 6.4 0.0 1.0 2.9 14.5 18:25 SE
17 13.9 19.2 13:55 9.9 1:10 4.4 0.0 0.0 5.1 33.8 16:40 SSE
18 15.2 19.8 14:45 11.7 6:30 3.3 0.2 0.0 3.9 22.5 19:50 SE
19 15.1 17.6 15:45 12.1 5:00 3.2 0.0 0.0 25.1 78.9 7:45 SSE
20 14.1 17.1 13:05 10.6 22:00 4.2 0.0 0.0 11.9 70.8 4:55 SSE
21 12.8 16.4 13:55 10.2 0:35 5.5 0.0 0.0 6.9 33.8 14:55 SSE
22 13.7 16.6 14:40 11.4 7:25 4.6 0.0 0.0 10.5 45.1 13:00 SSE
23 13.3 16.7 14:45 10.3 7:55 5.0 0.0 0.0 3.2 22.5 15:40 SSE
24 13.5 17.3 12:15 11.6 00:00 4.8 0.0 0.0 3.2 16.1 14:05 SE
25 12.6 15.6 11:55 10.8 23:00 5.7 0.0 0.0 5.0 40.2 00:00 SSE
26 14.9 18.0 12:40 10.3 00:00 3.4 0.0 3.8 18.7 82.1 13:15 SSE
27 10.7 15.2 15:05 8.3 7:40 7.6 0.0 4.0 5.0 61.2 16:05 SE
28 11.3 16.1 13:35 7.2 2:15 7.0 0.0 2.0 4.8 43.5 18:25 SE
29 10.3 13.4 10:55 7.5 20:45 8.0 0.0 10.6 3.9 19.3 6:55 SE
30 8.2 10.9 17:00 7.4 8:05 10.1 0.0 10.2 2.7 14.5 8:20 SSE
31 9.5 13.5 13:10 6.5 23:25 8.8 0.0 18.4 7.6 37.0 7:05 WNW
-------------------------------------------------------------------------------------
12.2 19.8 18 6.5 31 190.5 0.2 77.0 5.2 82.1 26 SSE
Max >= 32.0: 0
Max <= 0.0: 0
Min <= 0.0: 0
Min <= -18.0: 0
Max Rain: 18.39 ON 31/01/23
Days of Rain: 13 (> .2 mm) 11 (> 2 mm) 0 (> 20 mm)
Heat Base: 18.3 Cool Base: 18.3 Method: Integration