NOAA Reports/Αναφορές NOAA

Select a Year or Month report

Report for 2021 09
                   MONTHLY CLIMATOLOGICAL SUMMARY for SEP. 2021

NAME: Vamos Weather Station   CITY: Vamos   STATE: Greece 
ELEV:   225 m  LAT:  35 06' 00" N  LONG:  24 00' 00" E

                   TEMPERATURE (C), RAIN  (mm), WIND SPEED (km/hr)

                                      HEAT  COOL        AVG
    MEAN                              DEG   DEG         WIND                 DOM
DAY TEMP  HIGH   TIME   LOW    TIME   DAYS  DAYS  RAIN  SPEED HIGH   TIME    DIR
------------------------------------------------------------------------------------
 1  25.4  29.9   12:35  21.8    5:10   0.0   7.1   0.0   3.5  22.5   16:00    NE
 2  24.8  28.7   15:25  22.0    1:00   0.0   6.5   0.0   3.2  29.0   14:00    NE
 3  23.5  27.1   14:40  20.6    6:40   0.0   5.2   0.0   4.2  24.1   12:45   NNE
 4  23.2  26.7   12:25  20.6    3:25   0.0   4.9   0.0   3.5  25.7   14:55    NE
 5  23.3  27.7   13:45  20.4    4:25   0.0   5.0   0.0   2.7  24.1   15:30    NE
 6  22.6  25.4   13:20  20.7    6:15   0.0   4.2   0.0   4.7  27.4   14:50    NE
 7  21.3  22.7   11:40  19.5   23:35   0.0   3.0   0.0   4.8  25.7   11:40    NE
 8  20.0  22.7   12:50  18.9   00:00   0.0   1.7  15.2   2.3  17.7   11:50   WNW
 9  19.9  23.3   10:15  18.1    6:40   0.0   1.7   6.8   2.4  20.9   14:10    NE
10  21.6  25.9   15:15  17.8    3:45   0.0   3.3   0.0   3.9  29.0   17:25     N
11  21.7  25.6   11:45  19.1    3:45   0.0   3.4   0.0   2.7  17.7   13:00    SE
12  22.1  26.3   13:40  18.8    7:15   0.0   3.8   0.0   3.2  22.5   15:20   SSE
13  22.3  25.5   16:30  19.2    6:20   0.0   4.0   0.0   3.4  27.4   15:25    NE
14  23.1  26.3   15:05 -67.8    3:20   0.3   3.8   0.0   5.3  32.2   12:55    NW
15  25.7  28.0   12:55  21.8   21:30   0.0   4.2   0.0   3.7  30.6   13:05    NE
16  26.1  29.1   16:00  21.5   21:20   0.0   4.4   0.0   1.9  17.7   12:40    NE
17  28.5  31.6   14:15  22.8   21:25   0.0   5.8   0.0   1.3  12.9   12:45     N
18  31.6  34.6   12:50  26.4    8:05   0.0   5.4   0.0   2.3  17.7   15:55    NE
19
20
21
22
23
24
25
26
27
28
29
30
-------------------------------------------------------------------------------------
    23.7  34.6    18   -67.8    14     0.3  77.4  22.0   3.3  32.2    14      NE

Max >=  32.0:  1
Max <=   0.0:  0
Min <=   0.0:  1
Min <= -18.0:  1
Max Rain: 15.19 ON 08/09/21
Days of Rain: 2 (> .2 mm) 2 (> 2 mm) 0 (> 20 mm)
Heat Base:  18.3  Cool Base:  18.3  Method: Integration