Select a Year or Month report
Report for 2022 Nov
MONTHLY CLIMATOLOGICAL SUMMARY for NOV. 2022
NAME: Vamos Weather Station CITY: Vamos STATE: Greece
ELEV: 225 m LAT: 35 06' 00" N LONG: 24 00' 00" E
TEMPERATURE (C), RAIN (mm), WIND SPEED (km/hr)
HEAT COOL AVG
MEAN DEG DEG WIND DOM
DAY TEMP HIGH TIME LOW TIME DAYS DAYS RAIN SPEED HIGH TIME DIR
------------------------------------------------------------------------------------
1 17.3 21.1 12:15 14.7 0:05 1.5 0.5 0.0 2.7 19.3 15:10 WNW
2 17.9 21.9 13:10 14.6 1:15 1.3 0.8 0.0 1.9 17.7 15:00 NE
3 19.9 24.4 13:35 17.4 3:10 0.2 1.8 0.0 1.4 9.7 7:00 SE
4 19.8 24.6 14:35 16.3 23:30 0.2 1.8 0.0 1.3 8.0 10:45 SE
5 18.6 22.5 12:45 15.0 6:40 0.9 1.2 0.0 6.1 35.4 19:40 SSE
6 17.6 21.1 14:10 13.8 8:05 1.2 0.4 29.0 8.4 62.8 1:00 SSE
7 15.5 18.6 14:00 13.7 1:55 2.8 0.0 4.8 4.7 33.8 1:30 WNW
8 16.1 19.5 12:35 13.9 22:10 2.4 0.1 0.0 3.7 20.9 13:50 WNW
9 16.1 20.1 13:55 13.6 7:05 2.5 0.2 0.0 3.1 17.7 12:05 WNW
10 15.6 19.1 13:00 13.4 4:30 2.8 0.0 0.0 2.1 14.5 12:35 SE
11 15.4 19.0 13:45 13.0 1:05 2.9 0.0 0.0 2.3 17.7 15:05 SSE
12 14.9 17.9 11:30 13.2 22:00 3.3 0.0 0.0 2.7 17.7 12:10 NE
13 15.1 18.3 12:45 12.5 5:05 3.2 0.0 0.0 2.4 19.3 12:50 SE
14 15.1 18.2 11:05 12.7 2:00 3.3 0.0 0.0 3.1 20.9 12:35 NE
15 14.9 18.3 14:45 13.1 7:10 3.3 0.0 0.0 2.7 19.3 12:45 NE
16 16.8 21.3 15:10 13.4 5:05 2.0 0.6 0.0 5.5 38.6 12:55 WNW
17 18.7 22.2 12:40 14.6 3:20 0.9 1.3 0.0 9.3 41.8 14:30 SSE
18 19.3 23.7 13:30 16.3 6:00 0.4 1.4 0.0 2.3 16.1 17:10 SE
19 19.8 23.7 12:55 16.7 1:40 0.3 1.7 0.0 4.7 32.2 22:40 SSE
20 21.2 25.1 13:10 19.2 1:05 0.0 2.9 0.0 24.8 64.4 16:55 SSE
21 18.6 21.8 12:10 14.1 23:10 0.8 1.1 0.6 6.4 53.1 0:35 SSE
22 16.9 20.8 14:25 13.3 7:40 1.9 0.5 0.0 4.2 27.4 4:10 WNW
23 14.3 17.3 3:05 11.9 22:05 4.0 0.0 13.4 4.2 49.9 10:10 SE
24 15.4 18.8 13:40 11.9 1:25 2.9 0.0 0.0 7.2 37.0 13:55 WNW
25 14.4 17.7 13:45 12.1 23:10 3.8 0.0 0.0 6.3 43.5 10:25 WNW
26 12.9 15.2 11:55 11.4 6:00 5.4 0.0 0.0 2.3 16.1 12:10 WNW
27 13.0 14.4 23:05 11.9 6:25 5.3 0.0 0.4 3.4 33.8 21:15 NE
28 12.6 14.5 11:45 11.3 22:10 5.7 0.0 87.8 3.2 20.9 14:45 SE
29 12.5 15.6 16:20 11.1 6:25 5.8 0.0 6.4 2.4 14.5 23:30 SSE
30 14.1 16.0 16:20 11.8 0:10 4.2 0.0 22.8 5.5 40.2 18:05 SE
-------------------------------------------------------------------------------------
16.3 25.1 20 11.1 29 75.0 16.4 165.3 4.7 64.4 20 SSE
Max >= 32.0: 0
Max <= 0.0: 0
Min <= 0.0: 0
Min <= -18.0: 0
Max Rain: 87.81 ON 28/11/22
Days of Rain: 8 (> .2 mm) 6 (> 2 mm) 3 (> 20 mm)
Heat Base: 18.3 Cool Base: 18.3 Method: Integration