NOAA Reports/Αναφορές NOAA

Select a Year or Month report

Report for 2021 Aug
                   MONTHLY CLIMATOLOGICAL SUMMARY for AUG. 2021

NAME: Vamos Weather Station   CITY: Vamos   STATE: Greece 
ELEV:   225 m  LAT:  35 06' 00" N  LONG:  24 00' 00" E

                   TEMPERATURE (C), RAIN  (mm), WIND SPEED (km/hr)

                                      HEAT  COOL        AVG
    MEAN                              DEG   DEG         WIND                 DOM
DAY TEMP  HIGH   TIME   LOW    TIME   DAYS  DAYS  RAIN  SPEED HIGH   TIME    DIR
------------------------------------------------------------------------------------
 1  32.8  38.1   13:50  27.1    7:50   0.0  14.5   0.0   2.9  17.7    6:10    SE
 2  32.2  37.5   16:30  26.1    5:20   0.0  13.9   0.0   4.0  25.7   13:30    NE
 3  35.4  39.5   15:05  31.6   22:45   0.0  17.1   0.0   3.2  24.1   12:20    NE
 4  34.5  39.9   16:35  29.3    5:50   0.0  16.2   0.0   2.7  17.7    1:00   NNE
 5  34.1  39.3   17:20  30.4    4:50   0.0  15.7   0.0   2.7  19.3   12:10    NE
 6  34.9  41.1   11:35  28.1   00:00   0.0  16.6   0.0  10.0  54.7   19:40    NW
 7  28.2  32.2   14:45  24.8   00:00   0.0   9.9   0.0   5.3  41.8    0:05    NE
 8  27.2  31.1   18:45  23.3    6:35   0.0   8.9   0.0   3.5  25.7   14:50    NE
 9  28.6  33.6   16:05  23.8    2:20   0.0  10.3   0.0   3.1  19.3   11:25    NE
10  30.2  35.5   16:15  24.7    2:40   0.0  11.9   0.0   2.7  16.1   14:50    NE
11  31.6  37.2   14:35  25.6    4:45   0.0  13.3   0.0   3.1  25.7   16:10     E
12  27.9  31.4    9:40  24.9   22:50   0.0   9.7   0.0   4.3  29.0   14:05    NE
13  26.8  29.7   16:00  24.3    6:05   0.0   8.5   0.0   5.5  24.1    3:20    NW
14  25.6  28.8   11:10  22.6   22:50   0.0   7.3   0.0   5.8  29.0   11:35    NE
15  24.4  27.6   16:25  21.8   23:50   0.0   6.1   0.0   5.6  22.5   14:15    NE
16  24.7  29.1   15:35  20.7    3:30   0.0   6.4   0.0   3.9  24.1   15:45    NE
17  26.1  30.4   13:35  21.6    0:10   0.0   7.8   0.0   3.5  20.9   14:45    NE
18  28.4  34.2   14:25  23.3    7:05   0.0  10.1   0.0   4.0  24.1   11:50    NE
19  27.3  32.7   14:50  23.0    5:20   0.0   9.0   0.0   2.4  19.3   12:20    SE
20  26.7  30.2   13:20  23.3    2:25   0.0   8.4   0.0   3.1  17.7   11:35    NE
21  25.9  29.6   16:10  22.2    6:15   0.0   7.6   0.0   3.2  25.7   14:00    NE
22  25.8  29.8   16:55  22.7    6:00   0.0   7.5   0.0   5.0  27.4   12:25    NW
23  24.6  27.6   14:15  22.1   23:40   0.0   6.3   0.0   5.5  25.7    9:45    NE
24  24.6  28.7   13:50  21.3    5:10   0.0   6.3   0.0   3.5  22.5   15:25    NE
25  25.5  30.6   11:55  20.6    5:10   0.0   7.2   0.0   1.6  14.5   12:55    NE
26  28.2  34.3   13:35  23.2    2:15   0.0   9.9   0.0   3.4  17.7   18:40    SE
27  30.1  34.7   12:25  25.4    4:30   0.0  11.7   0.0   5.5  27.4   11:20    NE
28  27.1  31.7   15:40  23.4    6:05   0.0   8.7   0.0   4.0  22.5   14:05    NE
29  26.7  30.5   14:20  22.2    3:05   0.0   8.4   0.0  10.0  48.3   11:45    NW
30  27.9  31.8   13:10  23.9   23:45   0.0   9.6   0.0   7.9  37.0   12:45    NW
31  25.9  29.8   12:40  22.2    6:30   0.0   7.6   0.0   3.9  24.1   12:45   NNE
-------------------------------------------------------------------------------------
    28.4  41.1     6    20.6    25     0.0 312.4   0.0   4.4  54.7     6      NE

Max >=  32.0: 14
Max <=   0.0:  0
Min <=   0.0:  0
Min <= -18.0:  0
Max Rain: 0.00 ON 01/08/21
Days of Rain: 0 (> .2 mm) 0 (> 2 mm) 0 (> 20 mm)
Heat Base:  18.3  Cool Base:  18.3  Method: Integration