NOAA Reports/Αναφορές NOAA

Select a Year or Month report

Report for 2021 Jun
                   MONTHLY CLIMATOLOGICAL SUMMARY for JUN. 2021

NAME: Vamos Weather Station   CITY: Vamos   STATE: Greece 
ELEV:   225 m  LAT:  35 06' 00" N  LONG:  24 00' 00" E

                   TEMPERATURE (C), RAIN  (mm), WIND SPEED (km/hr)

                                      HEAT  COOL        AVG
    MEAN                              DEG   DEG         WIND                 DOM
DAY TEMP  HIGH   TIME   LOW    TIME   DAYS  DAYS  RAIN  SPEED HIGH   TIME    DIR
------------------------------------------------------------------------------------
 1  20.1  23.0   12:45  16.3   22:50   0.2   2.0   0.0   6.6  35.4    1:55     N
 2  18.7  21.4   15:50  15.3    1:25   0.7   1.0   0.0   5.0  25.7   12:00    NE
 3  20.0  24.3   18:15  15.2    3:50   0.7   2.4   0.0   3.5  20.9   14:15    NE
 4  20.6  24.4   14:45  16.7    5:25   0.2   2.5   0.0   3.5  20.9   12:20    NE
 5  20.6  24.8   17:15  16.8    5:50   0.2   2.5   0.0   3.1  24.1   12:55    NE
 6  21.9  27.4   15:05  16.5    5:20   0.3   4.0   0.0   2.7  14.5   10:40    NE
 7  25.6  30.3   12:55  20.8    0:05   0.0   7.3   0.0   4.0  24.1   16:15    NE
 8  25.1  30.9   13:35  19.5   23:55   0.0   6.7   0.0   4.2  24.1   14:10   SSE
 9  21.6  26.1   16:25  18.3    4:10   0.0   3.2   0.0   2.4  19.3   12:05    NE
10  21.6  25.7   18:00  17.5    6:00   0.0   3.3   0.0   2.7  20.9   11:15    NE
11  22.5  26.8   15:30  17.6    5:25   0.0   4.2   0.0   2.3  20.9   11:50    NE
12  22.9  27.8   16:55  18.5    3:20   0.0   4.6   0.0   2.4  20.9   13:45    NE
13  22.1  25.9   18:45  17.8    4:55   0.0   3.8   0.0   2.6  17.7   13:35   NNE
14  20.9  25.5    9:50  18.1    2:05   0.0   2.6   0.0   3.4  27.4   12:30    NE
15  18.3  21.9   11:15  14.5   22:55   0.8   0.8   2.6   3.9  24.1   13:50    NE
16  20.6  26.4   16:05  14.2    4:00   1.0   3.4   0.0   3.7  22.5   17:05   NNE
17  22.2  27.7   13:10  17.1    5:25   0.1   4.0   0.0   2.9  19.3   14:15    SE
18  22.3  27.8   17:20  17.4    3:40   0.1   4.1   0.0   2.3  17.7   12:50   SSE
19  25.4  30.3   13:40  19.6    1:45   0.0   7.1   0.0   3.1  19.3   14:50    NE
20  26.0  30.6   13:30  21.4    1:55   0.0   7.7   0.0   2.1  17.7   16:30    NE
21  26.4  32.6   16:45  21.1    5:55   0.0   8.1   0.0   3.1  17.7   11:20   SSE
22  28.2  33.2   12:20  23.2    5:40   0.0   9.9   0.0   3.2  17.7   16:40    SE
23  29.6  34.7   13:30  25.8    5:00   0.0  11.3   0.0   3.2  17.7   12:05    SE
24  29.8  34.6   13:00  24.2    6:30   0.0  11.5   0.0   2.9  17.7   12:35    NE
25  30.2  35.6   15:30  25.0    1:30   0.0  11.9   0.0   2.6  16.1   14:30    NE
26  32.1  37.9   15:50  26.3    4:55   0.0  13.7   0.0   2.6  14.5   11:15    NE
27  30.9  35.0   13:35  26.9   23:40   0.0  12.7   0.0   2.7  16.1    8:50    SE
28  29.0  33.6   17:20  24.2    6:00   0.0  10.7   0.0   3.2  19.3   11:00    NE
29  28.7  32.7   17:15  24.3    4:45   0.0  10.4   0.0   4.2  22.5   13:05    NE
30  29.4  35.4   15:00  23.8    5:35   0.0  11.2   0.0   3.5  19.3   13:15    NE
-------------------------------------------------------------------------------------
    24.4  37.9    26    14.2    16     4.4 188.6   2.6   3.3  35.4     1      NE

Max >=  32.0: 10
Max <=   0.0:  0
Min <=   0.0:  0
Min <= -18.0:  0
Max Rain: 2.59 ON 15/06/21
Days of Rain: 1 (> .2 mm) 1 (> 2 mm) 0 (> 20 mm)
Heat Base:  18.3  Cool Base:  18.3  Method: Integration