NOAA Reports/Αναφορές NOAA

Select a Year or Month report

Report for 2021 May
                   MONTHLY CLIMATOLOGICAL SUMMARY for APR. 2021

NAME: Vamos Weather Station   CITY: Vamos   STATE: Greece 
ELEV:   225 m  LAT:  35 06' 00" N  LONG:  24 00' 00" E

                   TEMPERATURE (C), RAIN  (mm), WIND SPEED (km/hr)

                                      HEAT  COOL        AVG
    MEAN                              DEG   DEG         WIND                 DOM
DAY TEMP  HIGH   TIME   LOW    TIME   DAYS  DAYS  RAIN  SPEED HIGH   TIME    DIR
------------------------------------------------------------------------------------
 1   9.6  13.0   13:10   5.8    0:05   8.8   0.0  10.0   7.6  38.6    2:40   NNE
 2  12.9  19.6   16:55   7.3    4:25   5.5   0.1   0.0   2.9  24.1   15:20    NE
 3  15.3  20.4   17:55  10.0    4:10   3.2   0.3   0.0   5.0  32.2   14:00   SSE
 4  21.3  28.6   17:00  14.4    0:10   0.7   3.7   0.0  14.0  78.9   16:10   SSE
 5  20.9  23.2   12:35  16.6   21:00   0.1   2.7   0.0   9.7  53.1    0:35   SSE
 6  19.4  25.1   14:35  12.3   00:00   0.9   2.1   0.0  19.5  99.8    9:20   SSW
 7  15.4  21.3   16:15  10.2    5:40   3.3   0.4   0.0   5.3  45.1   17:30   SSE
 8  15.0  21.3   13:55   9.4   00:00   3.5   0.2   0.8   8.2  53.1   14:45    NE
 9   9.7  11.0   15:30   7.9   23:45   8.6   0.0   0.4   7.2  30.6    9:05    NE
10  10.2  13.2   13:45   7.6   22:25   8.1   0.0   0.0   4.7  29.0   12:35    NE
11  11.2  15.2   17:10   7.4    1:25   7.1   0.0   0.0   3.1  22.5   14:25   SSE
12  13.8  19.1   15:35   9.4    7:25   4.6   0.1   0.0   2.6  12.9   12:55   NNE
13  15.8  21.6   14:00  11.4    0:20   3.1   0.6   0.0   1.9  11.3   10:30    SE
14  17.2  23.1   12:40  13.2   23:55   2.2   1.0   0.0   2.3  14.5   12:15   SSE
15  15.2  19.2   14:05  12.1    7:20   3.1   0.0   0.0   1.8  17.7   12:00   ENE
16  14.8  18.4   13:35  11.5    5:05   3.5   0.0   0.0   3.1  22.5   12:40     E
17  20.4  32.0   22:00  14.1    4:20   1.2   3.3   0.0  10.6  75.6    9:10    NE
18  22.1  30.3    0:15  16.7    8:25   0.2   4.0   0.0   6.0  53.1    0:10    NE
19  16.1  20.1    0:40  13.1   23:30   2.3   0.1   0.8   6.3  33.8   16:25    NE
20  14.9  19.2   15:00  12.1    5:20   3.4   0.0   0.0  10.3  48.3   10:30    NW
21  14.4  18.0   16:15  10.7    6:05   3.9   0.0   0.0   5.6  29.0    9:10   NNE
22  16.1  20.5   12:50  11.8    1:50   2.7   0.5   0.0   3.2  20.9   16:40    SE
23  17.4  23.1   15:15  13.2    6:35   2.0   1.1   0.0   2.7  14.5   11:05    SE
24  15.8  19.0   14:15  13.7    5:35   2.5   0.0   0.0   4.5  27.4    5:20    NE
25  14.1  15.9   14:45  12.5   23:45   4.2   0.0   1.6   5.5  27.4    5:35    NE
26  15.1  19.3   14:05  11.2    4:50   3.3   0.1   0.0   3.9  24.1    1:00    NE
27  17.6  22.5   13:25  12.7    6:30   1.8   1.1   0.0   2.9  17.7   14:40    SE
28  23.6  29.9   13:55  14.8    0:05   0.4   5.6   0.0  10.9  61.2   20:15   SSE
29  27.1  31.1   15:05  23.0   22:30   0.0   8.8   0.0  11.7  64.4    2:40   SSE
30  25.9  30.2   16:35  18.3    6:20   0.0   7.6   0.0   3.9  27.4    2:25   SSE
-------------------------------------------------------------------------------------
    16.6  32.0    17     5.8     1    94.2  43.4  13.6   6.2  99.8     6      NE

Max >=  32.0:  1
Max <=   0.0:  0
Min <=   0.0:  0
Min <= -18.0:  0
Max Rain: 10.01 ON 01/04/21
Days of Rain: 5 (> .2 mm) 1 (> 2 mm) 0 (> 20 mm)
Heat Base:  18.3  Cool Base:  18.3  Method: Integration