NOAA Reports/Αναφορές NOAA

Select a Year or Month report

Report for 2021 Feb
                   MONTHLY CLIMATOLOGICAL SUMMARY for FEB. 2021

NAME: Vamos Weather Station   CITY: Vamos   STATE: Greece 
ELEV:   225 m  LAT:  35 06' 00" N  LONG:  24 00' 00" E

                   TEMPERATURE (C), RAIN  (mm), WIND SPEED (km/hr)

                                      HEAT  COOL        AVG
    MEAN                              DEG   DEG         WIND                 DOM
DAY TEMP  HIGH   TIME   LOW    TIME   DAYS  DAYS  RAIN  SPEED HIGH   TIME    DIR
------------------------------------------------------------------------------------
 1  16.2  19.6   13:30  11.5   23:25   2.2   0.0   0.0  12.4  70.8    0:10   SSE
 2  13.3  17.2   14:15  11.2    3:50   5.0   0.0   0.0   3.1  12.9   13:20   SSE
 3  13.1  17.2   16:30  10.7   23:55   5.3   0.0   0.0   2.4  14.5   13:35    SE
 4  13.9  19.4   15:10  10.1    2:35   4.5   0.1   0.0   2.6  19.3   15:15    SE
 5  14.2  18.6   14:05  10.8    6:30   4.2   0.0   0.0   2.4  14.5   23:20    SE
 6  17.4  23.7   13:50  12.4    0:10   1.9   1.0   0.0   4.0  24.1   12:45    SE
 7  17.2  20.6   13:25  14.6   20:35   1.5   0.3   0.0   1.9  16.1   00:00    SE
 8  16.9  20.4   13:30  12.5   00:00   1.5   0.1   0.0  15.4  77.2   11:45   SSE
 9  14.7  18.9   14:20  11.4    7:30   3.6   0.0   0.0   5.0  25.7   11:35   SSE
10  15.1  19.4   12:55  12.3    5:55   3.3   0.1   0.0   3.7  25.7    0:10    SE
11  16.1  21.9   14:30  12.7    1:30   2.7   0.5   0.0   6.3  46.7   11:35   SSE
12  13.8  16.9   13:30  10.6   22:30   4.5   0.0   0.0   7.9  48.3    3:00   WNW
13  12.9  17.2   12:00  10.2   22:55   5.4   0.0   0.0   3.2  16.1   00:00   SSE
14  12.4  18.0   14:25   7.7   23:55   5.9   0.0   8.6   5.3  24.1    5:00   SSE
15   4.8   7.7    0:05   2.4   21:15  13.5   0.0  79.0   6.0  46.7   17:55    NE
16   2.9   5.0    0:20   1.0   21:20  15.4   0.0   6.8  10.9  48.3    5:15     N
17   4.4   7.2   14:45   2.2    5:00  13.9   0.0   6.8   5.6  41.8    0:55   NNE
18   9.1  13.3   11:55   4.6    0:05   9.2   0.0   0.0   4.7  38.6    9:50    NW
19  10.4  14.6   13:40   8.0    6:20   7.8   0.0   0.0   2.9  22.5   14:35    NE
20  11.3  14.8   12:30   7.7    7:35   7.0   0.0   0.0   4.0  22.5   21:20    SE
21   9.8  11.7   11:40   8.1   12:20   8.5   0.0   8.0   4.5  29.0    8:50    NE
22  10.5  14.0   14:00   8.0   23:25   7.8   0.0   4.6   3.2  19.3   14:10    NE
23  11.0  15.2   16:35   6.8    2:45   7.3   0.0   0.0   2.3  17.7   15:00    NE
24  13.7  18.4   14:35  10.1    6:55   4.6   0.0   0.0   2.1  20.9   20:40    NE
25  11.6  13.7   12:05  10.3    5:40   6.8   0.0   0.0   4.2  25.7   11:40    NW
26  11.9  15.3   12:35   9.2   00:00   6.4   0.0   0.0   1.6  12.9   12:25    NE
27  12.4  16.0   14:30   9.1    0:05   5.9   0.0   0.0   1.9  14.5   13:30    NE
28  13.2  16.9   12:50   9.8    2:40   5.1   0.0   0.0   2.9  22.5   15:00    NE
-------------------------------------------------------------------------------------
    12.3  23.7     6     1.0    16   170.7   2.3 113.8   4.7  77.2     8     SSE

Max >=  32.0:  0
Max <=   0.0:  0
Min <=   0.0:  0
Min <= -18.0:  0
Max Rain: 78.99 ON 15/02/21
Days of Rain: 6 (> .2 mm) 6 (> 2 mm) 1 (> 20 mm)
Heat Base:  18.3  Cool Base:  18.3  Method: Integration