NOAA Reports/Αναφορές NOAA

Select a Year or Month report

Report for 2021 Jan
                   MONTHLY CLIMATOLOGICAL SUMMARY for DEC. 2020

NAME: Vamos Weather Station   CITY: Vamos   STATE: Greece 
ELEV:   225 m  LAT:  35 06' 00" N  LONG:  24 00' 00" E

                   TEMPERATURE (C), RAIN  (mm), WIND SPEED (km/hr)

                                      HEAT  COOL        AVG
    MEAN                              DEG   DEG         WIND                 DOM
DAY TEMP  HIGH   TIME   LOW    TIME   DAYS  DAYS  RAIN  SPEED HIGH   TIME    DIR
------------------------------------------------------------------------------------
 1  12.7  13.6   14:40  12.0    5:10   5.6   0.0  39.2   2.9  25.7   12:20    NE
 2  13.2  15.1   12:45  11.9   23:25   5.2   0.0   0.2   2.4  16.1   14:25   SSE
 3  13.8  16.8   15:00  11.2    7:55   4.5   0.0   1.8   4.7  27.4   20:20   SSE
 4  13.7  15.6   15:50  11.8   10:40   4.6   0.0  10.8   7.6  35.4    7:25   SSE
 5  14.8  17.3   13:45  12.7    5:50   3.5   0.0   0.0   3.1  12.9   15:55    SE
 6  16.6  18.9   13:05  14.2    7:15   1.7   0.1   0.0  16.9  67.6   22:15   SSE
 7  15.8  17.6    0:45  12.0    9:25   2.5   0.0   2.2  14.6  59.5    0:05    NW
 8  14.3  17.9   14:40  11.7    7:15   4.0   0.0   0.0   3.9  24.1    3:45    SE
 9  14.5  18.7   13:55  11.5    4:25   3.8   0.0   0.0   2.1  24.1   14:20   SSE
10  14.1  18.6   10:25  10.2   19:55   4.2   0.0   4.8   9.0  54.7   11:15   SSE
11  12.9  16.5   10:25  10.9    7:40   5.4   0.0   3.4   5.3  45.1    0:15   SSE
12  13.3  16.3   13:20  10.7    0:40   4.9   0.0   2.6   3.4  48.3   23:30   SSE
13  13.8  18.0   11:25  11.7   18:45   4.5   0.0   9.0   5.3  37.0   11:05   SSE
14  12.7  14.8   10:10  11.1    5:05   5.6   0.0   9.0   6.0  37.0   22:55   NNW
15  12.4  13.6    2:00  11.5   19:40   5.9   0.0   6.2   7.1  35.4    1:25   NNW
16  12.4  15.0   15:10  10.9   22:35   5.9   0.0   0.6   3.7  19.3    0:55    NW
17  12.4  15.1   14:20  10.3    2:30   5.9   0.0   0.0   1.4  11.3   15:25    SW
18  13.2  15.7   13:15  12.2    0:05   5.1   0.0   0.0   1.8  12.9   14:10    NE
19  12.9  15.0   10:45  11.7    6:25   5.3   0.0   0.0   0.6  11.3   14:55    NE
20  12.8  14.8   13:10  10.9    8:00   5.5   0.0   0.0   0.5   9.7   15:50   ENE
21  12.0  13.6   11:45  10.7    7:40   6.3   0.0   1.0   1.1  11.3   18:55   WNW
22  11.8  14.4   13:45  10.1   20:40   6.4   0.0   0.0   2.1  16.1   14:10    NW
23  12.0  15.3   13:50  10.0    4:30   6.3   0.0   0.0   1.8  16.1   14:15    NE
24  13.7  18.3   14:40  10.8    0:20   4.6   0.0   0.0   2.4  22.5   15:00    SE
25  14.4  18.2   12:00  11.3    4:30   3.9   0.0   0.0   5.3  20.9   13:10   SSE
26  15.1  18.8   15:45  12.9    3:15   3.2   0.0   0.0   3.2  29.0   16:20   SSE
27  15.4  17.2   13:45  13.1    0:55   2.8   0.0   0.2  20.0  62.8   15:50   SSE
28  13.3  17.2   13:45  10.8    8:05   5.0   0.0   1.0   3.5  20.9    0:05   SSE
29  13.8  17.6   16:15  11.6    0:35   4.5   0.0   0.0   6.4  37.0   11:45   SSE
30  13.8  17.8   15:35  11.6    4:45   4.5   0.0   0.0   2.7  25.7   13:40   SSE
31  14.3  19.1   14:45  10.6    6:10   4.1   0.0   0.0   5.3  27.4   12:00   SSE
-------------------------------------------------------------------------------------
    13.6  19.1    31    10.0    23   145.5   0.1  92.0   5.0  67.6     6     SSE

Max >=  32.0:  0
Max <=   0.0:  0
Min <=   0.0:  0
Min <= -18.0:  0
Max Rain: 39.19 ON 01/12/20
Days of Rain: 15 (> .2 mm) 9 (> 2 mm) 1 (> 20 mm)
Heat Base:  18.3  Cool Base:  18.3  Method: Integration