NOAA Reports/Αναφορές NOAA

Select a Year or Month report

Report for 2020 Dec
                   MONTHLY CLIMATOLOGICAL SUMMARY for NOV. 2020

NAME: Vamos Weather Station   CITY: Vamos   STATE: Greece 
ELEV:   225 m  LAT:  35 06' 00" N  LONG:  24 00' 00" E

                   TEMPERATURE (C), RAIN  (mm), WIND SPEED (km/hr)

                                      HEAT  COOL        AVG
    MEAN                              DEG   DEG         WIND                 DOM
DAY TEMP  HIGH   TIME   LOW    TIME   DAYS  DAYS  RAIN  SPEED HIGH   TIME    DIR
------------------------------------------------------------------------------------
 1  17.4  21.4   13:40  14.2    4:15   1.4   0.6   0.0   1.8  17.7   15:15    NE
 2  17.1  20.3   13:50  15.0   21:45   1.6   0.3   0.0   1.3  17.7   11:55    NE
 3  18.3  22.0   12:30  15.4    1:45   0.9   0.8   0.0   3.5  29.0   13:10   NNW
 4  18.1  21.6   13:05  16.2    4:05   0.7   0.5   0.0   2.4  17.7   15:10   NNW
 5  16.9  19.1   12:30  15.1    6:55   1.4   0.0   0.0   4.7  29.0   17:20   NNE
 6  16.7  17.7   10:55  15.6    7:20   1.6   0.0   3.0   9.2  37.0   15:20   NNE
 7  16.1  17.1   11:50  14.9   18:20   2.2   0.0   6.6   9.2  43.5    3:20    NE
 8  15.5  17.0   11:30  14.2   19:55   2.8   0.0   4.4   3.4  24.1   10:15    NE
 9  15.1  16.0   12:20  14.1    6:35   3.2   0.0  17.8   2.4  30.6   23:15     W
10  15.4  16.8   10:15  13.9    1:25   2.9   0.0 135.4   8.2  37.0   12:30    NE
11  15.7  18.3   11:50  13.9    3:50   2.6   0.0  15.8   4.3  29.0   10:15    NE
12  15.4  17.3   12:30  14.2   22:55   2.8   0.0   0.0   1.6  11.3   15:15    NE
13  15.9  19.7   12:55  13.3    6:45   2.5   0.1   0.0   3.5  16.1   10:05   SSE
14  15.4  18.7   11:55  13.3    6:40   2.9   0.0   0.0   2.6  30.6   12:40    NE
15  14.6  17.9   15:40  12.4   22:55   3.7   0.0   0.0   2.7  19.3   12:50    NW
16  14.9  18.5   14:15  12.7    6:25   3.4   0.0   0.0   1.4  14.5   12:05   SSE
17  15.8  19.8   13:25  13.6    0:45   2.6   0.1   0.0   4.2  12.9   12:45    SE
18  14.8  17.9   14:30  12.9   22:35   3.5   0.0   7.8   2.6  16.1   10:25   NNE
19  13.0  15.0   10:15  10.7   21:35   5.3   0.0   9.8   6.3  32.2   22:15   NNW
20  11.1  12.5    2:35   9.8   10:05   7.2   0.0  30.0   7.9  40.2    4:10    NW
21  12.6  13.3   10:15  11.7    0:05   5.7   0.0   3.8   2.9  19.3    1:50   WNW
22  12.7  13.7    9:40  11.9   11:55   5.6   0.0   0.6   3.1  16.1   13:30     W
23  13.3  14.8   14:35  12.6    7:30   5.0   0.0   0.0   1.4  12.9    7:25   WNW
24  13.2  15.4   11:30  11.8   17:35   5.1   0.0   4.2   1.4  20.9   23:40    NE
25  12.6  13.3    0:25  11.4   10:35   5.7   0.0   2.8   6.0  27.4   14:45     N
26  12.9  14.8   14:00  11.4    0:05   5.4   0.0   0.0   4.0  27.4    7:20   NNW
27  13.0  15.4   10:15  11.4   23:55   5.3   0.0   0.0   1.9  11.3    0:30    NW
28  13.3  16.9   11:55  10.7    6:00   5.0   0.0   0.0   3.7  12.9    7:30    SE
29  13.3  16.1    9:50  11.4    7:05   5.0   0.0   2.4   3.7  30.6   12:10   SSE
30  12.9  15.1    6:45  11.1   10:05   5.4   0.0   5.2   5.0  24.1    7:05   SSE
-------------------------------------------------------------------------------------
    14.8  22.0     3     9.8    20   108.1   2.5 249.6   3.9  43.5     7      NE

Max >=  32.0:  0
Max <=   0.0:  0
Min <=   0.0:  0
Min <= -18.0:  0
Max Rain: 135.41 ON 10/11/20
Days of Rain: 15 (> .2 mm) 14 (> 2 mm) 2 (> 20 mm)
Heat Base:  18.3  Cool Base:  18.3  Method: Integration