NOAA Reports/Αναφορές NOAA

Select a Year or Month report

Report for 2020 Oct
                   MONTHLY CLIMATOLOGICAL SUMMARY for SEP. 2020

NAME: Vamos Weather Station   CITY: Vamos   STATE: Greece 
ELEV:   225 m  LAT:  35 06' 00" N  LONG:  24 00' 00" E

                   TEMPERATURE (C), RAIN  (mm), WIND SPEED (km/hr)

                                      HEAT  COOL        AVG
    MEAN                              DEG   DEG         WIND                 DOM
DAY TEMP  HIGH   TIME   LOW    TIME   DAYS  DAYS  RAIN  SPEED HIGH   TIME    DIR
------------------------------------------------------------------------------------
 1  29.9  35.6   13:25  24.9    0:05   0.0  11.6   0.0   2.4  16.1   15:10     E
 2  30.2  35.6   15:20  25.7   23:45   0.0  11.9   0.0   3.2  17.7   13:40    NE
 3  27.4  32.4   12:55  22.8    7:10   0.0   9.1   0.0   3.7  17.7   15:30    NE
 4  27.0  31.6   13:10  23.6    1:55   0.0   8.7   0.0   3.4  22.5   12:40    NE
 5  24.3  26.4   12:05  22.2    7:10   0.0   6.0   0.0   4.7  30.6   12:30    NE
 6  24.3  27.8   15:30  21.4    3:20   0.0   6.0   0.0   4.0  24.1   14:10    NE
 7  24.7  29.3   17:05  21.1    6:45   0.0   6.3   0.0   2.4  20.9   13:25    NE
 8  25.8  30.2   17:00  20.9    1:50   0.0   7.5   0.0   3.9  24.1   15:15    NE
 9  24.8  26.9   10:50  22.7   21:40   0.0   6.5   0.0   6.3  24.1    4:50    NW
10  24.4  28.2   13:25  21.6    7:15   0.0   6.1   0.0   4.7  22.5    2:40    NW
11  24.3  27.7   12:20  21.1    7:25   0.0   6.0   0.0   3.4  22.5   17:55    NE
12  23.9  27.7   15:35  20.9    4:45   0.0   5.7   0.0   3.4  24.1   15:25    NE
13  23.7  26.3   11:30  21.4    4:35   0.0   5.4   0.0   4.3  24.1   12:20    NE
14  23.7  27.0   17:05  21.7    6:05   0.0   5.4   0.0   4.0  27.4   14:30    NE
15  23.7  27.4   16:45  21.3    7:30   0.0   5.4   0.0   3.4  19.3   13:00    NE
16  23.4  27.7   13:35  20.7    7:00   0.0   5.1   0.0   2.4  17.7   13:55    NE
17  24.3  29.5   15:55  20.1    5:50   0.0   6.0   0.0   1.6  16.1   15:15     N
18  25.2  30.1   15:10  21.1    2:45   0.0   6.9   0.0   3.5  27.4   15:15    SE
19  22.9  26.3   14:45  19.4   00:00   0.0   4.6   0.0   2.4  37.0   23:05    NE
20  21.0  23.6   15:15  19.0   21:30   0.0   2.7   0.0   5.5  30.6    2:30    NE
21  20.3  22.0   10:20  18.2    3:35   0.0   2.0   0.0   3.2  19.3   12:15   WNW
22  21.7  25.4   14:35  18.8    1:55   0.0   3.4   0.0   3.4  22.5   13:10    NW
23  23.1  28.5   14:05  19.6    6:30   0.0   4.8   0.0   2.6  17.7   13:20    NE
24  25.0  30.0   12:15  21.2    6:05   0.0   6.7   0.0   4.2  25.7   22:55    NE
25  25.3  29.2   16:25  21.9    7:25   0.0   7.0   0.0   6.6  35.4   16:55    NW
26  26.7  32.3   11:10  22.3    6:30   0.0   8.4   0.0  12.6  83.7   13:00   SSE
27  23.2  27.9   15:35  19.8    6:25   0.0   4.9   0.0   2.4  20.9   12:50    NE
28  25.4  31.2   16:35  20.0    3:40   0.0   7.1   0.0   3.4  24.1   10:25    SE
29  25.1  28.4   15:15  20.0   22:50   0.0   6.7   0.0   5.0  30.6   23:25   NNE
30  22.3  26.1   15:50  18.5   23:50   0.0   4.0   0.0   7.1  45.1    3:50    NW
-------------------------------------------------------------------------------------
    24.6  35.6     1    18.2    21     0.0 187.9   0.0   4.1  83.7    26      NE

Max >=  32.0:  4
Max <=   0.0:  0
Min <=   0.0:  0
Min <= -18.0:  0
Max Rain: 0.00 ON 01/09/20
Days of Rain: 0 (> .2 mm) 0 (> 2 mm) 0 (> 20 mm)
Heat Base:  18.3  Cool Base:  18.3  Method: Integration