NOAA Reports/Αναφορές NOAA

Select a Year or Month report

Report for 2020 Aug
                   MONTHLY CLIMATOLOGICAL SUMMARY for JUN. 2020

NAME: Vamos Weather Station   CITY: Vamos   STATE: Greece 
ELEV:   225 m  LAT:  35 24' 00" N  LONG:  24 06' 00" W

                   TEMPERATURE (C), RAIN  (mm), WIND SPEED (km/hr)

                                      HEAT  COOL        AVG
    MEAN                              DEG   DEG         WIND                 DOM
DAY TEMP  HIGH   TIME   LOW    TIME   DAYS  DAYS  RAIN  SPEED HIGH   TIME    DIR
------------------------------------------------------------------------------------
 1  19.4  24.7   16:10  15.7    5:10   0.8   1.9   0.0   4.3  32.2   15:55    NE
 2  17.5  21.1   19:50  14.2    3:50   1.4   0.6  10.2   2.9  22.5   11:15    NE
 3  18.8  23.2   12:15  14.6    5:05   1.0   1.6   0.0   3.4  25.7   17:20    SE
 4  20.2  25.3   17:40  15.4    5:55   0.7   2.6   0.0   3.1  19.3   11:35    SE
 5  22.7  27.7   17:10  16.6    3:05   0.3   4.8   0.0  10.1  64.4   23:40   SSE
 6  24.1  28.8   14:20  17.8   23:50   0.0   5.8   0.0  18.8  95.0    7:25   SSE
 7  21.4  26.0   13:50  17.1    3:40   0.1   3.2   0.0   5.0  32.2   14:25     N
 8  23.0  29.3   15:25  18.3    1:25   0.0   4.7   0.0   2.6  16.1   14:10   SSE
 9  22.7  26.7   14:50  19.4    6:55   0.0   4.4   0.0   2.9  20.9   16:10    NE
10  25.3  30.3   14:10  19.5    0:05   0.0   7.0   0.0   8.4  48.3   18:00   WNW
11  24.4  29.9   14:40  19.7    3:40   0.0   6.2   0.0   6.3  32.2   17:35    NE
12  22.8  27.3   16:55  17.7    5:50   0.0   4.5   0.0   6.1  40.2   20:00    NE
13  22.1  27.4   14:55  17.3    5:55   0.1   3.8   0.0   3.5  24.1   13:00    NE
14  24.9  29.6   13:30  18.5    0:05   0.0   6.6   0.0   3.7  27.4   23:25    NE
15  27.7  32.4   15:50  23.4   22:50   0.0   9.4   0.0   5.5  38.6    1:00    NE
16  25.2  29.6   14:10  19.9   23:40   0.0   6.9   0.0   3.7  17.7   10:05    NE
17  24.0  28.2   16:00  19.8    1:10   0.0   5.7   0.0  10.3  53.1   16:55   NNW
18  25.1  29.6   16:50  20.2    6:10   0.0   6.7   0.0   9.3  46.7   12:05    NW
19  25.8  30.0   12:40  22.3   23:55   0.0   7.5   0.0   7.6  32.2   17:10    NE
20  26.9  33.8   13:15  21.4   23:45   0.0   8.6   0.0   2.7  25.7   18:25     E
21  25.3  31.6   15:00  19.9    2:45   0.0   7.0   0.0   9.3  67.6   18:30   WNW
22  23.1  26.6   11:05  19.1    6:30   0.0   4.8   0.0   7.4  37.0   17:50    NW
23  22.4  27.7   15:30  17.4    5:35   0.0   4.2   0.0   4.8  37.0   14:10    NE
24  23.1  28.5   14:50  18.6    4:10   0.0   4.8   0.0   2.4  16.1   11:35    NE
25  23.1  27.2   12:55  18.2    5:55   0.0   4.7   0.2   3.1  20.9   14:25    NE
26  24.5  27.9   14:00  20.4    4:10   0.0   6.2   0.0   3.5  30.6   15:30    NE
27  24.6  28.3   17:35  21.7    3:00   0.0   6.3   0.0   4.5  32.2   16:00    NW
28  25.1  29.7   18:05  20.6    4:35   0.0   6.8   0.0   4.7  24.1   14:10    NE
29  26.3  30.6   17:25  21.9    5:45   0.0   8.0   0.0   4.2  24.1   14:00    NE
30  27.7  33.1   16:05  22.0    4:40   0.0   9.4   0.0   2.9  19.3   16:25    NE
-------------------------------------------------------------------------------------
    23.6  33.8    20    14.2     2     4.5 164.6  10.4   5.6  95.0     6      NE

Max >=  32.0:  3
Max <=   0.0:  0
Min <=   0.0:  0
Min <= -18.0:  0
Max Rain: 10.21 ON 02/06/20
Days of Rain: 2 (> .2 mm) 1 (> 2 mm) 0 (> 20 mm)
Heat Base:  18.3  Cool Base:  18.3  Method: Integration