NOAA Reports/Αναφορές NOAA

Select a Year or Month report

Report for 2020 May
                   MONTHLY CLIMATOLOGICAL SUMMARY for MAY. 2020

NAME: Vamos Weather Station   CITY: Vamos   STATE: Greece 
ELEV:   225 m  LAT:  35 24' 00" N  LONG:  24 06' 00" W

                   TEMPERATURE (C), RAIN  (mm), WIND SPEED (km/hr)

                                      HEAT  COOL        AVG
    MEAN                              DEG   DEG         WIND                 DOM
DAY TEMP  HIGH   TIME   LOW    TIME   DAYS  DAYS  RAIN  SPEED HIGH   TIME    DIR
------------------------------------------------------------------------------------
 1  19.1  24.1   16:00  13.6    6:35   1.1   1.8   0.0   3.9  30.6   16:40    NE
 2  19.1  25.3   15:20  13.2    6:15   1.3   2.1   0.0   5.1  40.2   15:30    NW
 3  20.6  24.6   15:25  16.8    3:20   0.1   2.4   0.0   8.0  40.2   22:00   NNW
 4  17.0  22.8   12:35  11.5   23:05   1.9   0.6   3.8   5.1  35.4   19:25    NE
 5  16.5  21.3   17:35  11.7    0:55   2.3   0.5   0.0   4.0  24.1   12:30    NE
 6  20.2  28.1   16:30  13.8    3:15   1.1   3.0   0.0   5.6  35.4   11:20    SE
 7  17.4  23.9   11:00  12.6   23:45   1.8   0.8   4.0   4.8  24.1   12:00    NE
 8  15.9  20.5   16:30  11.4    4:20   2.7   0.3   0.0   4.3  25.7   13:00    NE
 9  18.3  23.1   12:35  12.6    4:40   1.5   1.6   0.0   2.6  20.9   12:40    NE
10  19.5  26.3   12:50  14.7    1:25   1.0   2.2   0.0   3.5  17.7   17:15    SE
11  22.1  28.7   18:05  14.9    6:00   0.7   4.5   0.0   1.6  11.3   12:20   NNE
12  28.4  35.8   15:45  22.3    4:00   0.0  10.1   0.0   2.9  22.5   14:10     E
13  25.1  30.6   15:15  18.8    6:50   0.0   6.7   0.0   2.6  16.1    6:35    SE
14  25.8  30.2   13:35  20.7    5:25   0.0   7.5   0.0   4.5  17.7   16:30    SE
15  30.7  36.9   17:10  23.9    4:15   0.0  12.4   0.0   2.7  11.3    0:50    SE
16  31.8  36.9   14:05  26.1   00:00   0.0  13.5   0.0   2.7  11.3    2:20   SSE
17  29.7  35.3   12:30  25.4    6:50   0.0  11.4   0.0   1.9  14.5   12:55    SE
18  29.2  33.8   14:50  23.7   23:50   0.0  10.9   0.0   2.1  11.3    5:35    SE
19  25.9  31.0   12:20  21.7    6:15   0.0   7.6   0.0   1.4  11.3   12:55    SE
20  25.0  32.9   10:25  19.3   23:40   0.0   6.7   0.0   4.7  37.0   10:10   SSE
21  21.5  27.0   16:45  17.1    6:40   0.1   3.4   0.0   4.5  35.4   16:50   ENE
22  17.7  19.8   16:55  14.8   22:30   0.8   0.2   3.4   3.5  24.1    2:25    NE
23  18.6  24.2   16:30  13.9    4:40   1.3   1.6   0.0   2.6  22.5   15:25    NE
24  19.7  24.7   17:20  15.5    1:50   0.7   2.1   0.0   3.5  24.1   13:45   SSE
25  20.6  25.2   12:00  16.3    2:35   0.4   2.7   0.0   3.1  27.4   13:05    NE
26  18.8  22.6   13:25  15.1    6:20   0.8   1.2   0.0   2.1  20.9   16:25    NE
27  16.6  20.9   11:15  13.8    6:35   2.0   0.2   0.0   5.3  33.8   12:50    NE
28  16.6  20.8   17:35  13.6    4:05   2.0   0.3   0.8   3.9  33.8   12:45    NE
29  18.9  23.1   15:50  14.2    4:35   1.0   1.6   0.0   6.1  33.8    9:15    NW
30  18.7  23.1   11:55  13.9    4:00   1.0   1.4   0.0   3.1  22.5   12:35    NE
31  18.5  24.2   13:45  15.9    7:15   1.1   1.3   0.2   2.1  20.9   17:10    NE
-------------------------------------------------------------------------------------
    21.4  36.9    15    11.4     8    26.6 122.7  12.2   3.7  40.2     2      NE

Max >=  32.0:  6
Max <=   0.0:  0
Min <=   0.0:  0
Min <= -18.0:  0
Max Rain: 3.99 ON 07/05/20
Days of Rain: 5 (> .2 mm) 3 (> 2 mm) 0 (> 20 mm)
Heat Base:  18.3  Cool Base:  18.3  Method: Integration