NOAA Reports/Αναφορές NOAA

Select a Year or Month report

Report for 2020 Apr
                   MONTHLY CLIMATOLOGICAL SUMMARY for APR. 2020

NAME: Vamos Weather Station   CITY: Vamos   STATE: Greece 
ELEV:   225 m  LAT:  35 24' 00" N  LONG:  24 06' 00" W

                   TEMPERATURE (C), RAIN  (mm), WIND SPEED (km/hr)

                                      HEAT  COOL        AVG
    MEAN                              DEG   DEG         WIND                 DOM
DAY TEMP  HIGH   TIME   LOW    TIME   DAYS  DAYS  RAIN  SPEED HIGH   TIME    DIR
------------------------------------------------------------------------------------
 1  14.0  18.5   17:00  10.3    5:35   4.3   0.0   0.0   3.1  20.9   14:25    NE
 2  13.6  18.4   11:55  10.9   00:00   4.7   0.0   0.0   5.0  33.8   13:05    NE
 3  13.3  19.5   23:25   9.6    8:35   5.1   0.0   2.2   6.0  46.7   21:15   SSE
 4  18.8  21.4   12:20  14.1   00:00   0.4   0.9   0.0  19.8  86.9   12:40   SSW
 5  14.4  18.4   14:25  11.9   23:25   3.9   0.0   2.0   7.6  46.7   14:10    NW
 6  10.3  11.9    0:05   9.7    8:45   8.0   0.0  29.2   4.3  25.7   19:15   WNW
 7   9.4  10.1   23:15   8.7   14:15   8.9   0.0  19.0   4.7  32.2   10:10   NNW
 8   9.9  10.9    2:05   9.2    8:40   8.4   0.0   5.0   5.0  29.0    7:55    NW
 9  11.9  14.4   16:55   9.4    7:35   6.4   0.0   0.0   7.9  38.6    9:50   WNW
10  14.6  18.6   17:50  10.7    4:15   3.7   0.0   0.0   6.9  27.4    9:50   WNW
11  17.1  21.2   17:50  13.2    5:55   2.0   0.7   0.0   2.6  17.7   14:40    NE
12  17.3  21.6   11:10  13.6   23:50   1.8   0.8   0.0   3.1  16.1   12:00    NE
13  17.1  22.8   15:00  12.4    5:30   2.1   0.9   0.0   3.1  14.5   15:05   SSE
14  18.7  23.3   14:25  14.9    4:10   0.9   1.3   0.0   6.1  32.2   15:35   SSE
15  19.6  27.0   14:15  12.0   23:20   1.0   2.2   2.2  15.4  82.1    4:15   SSE
16  12.3  15.1   15:55   9.7   23:55   6.0   0.0   1.6   5.0  32.2    7:05     N
17  14.6  19.1   16:35   9.6    6:35   3.8   0.0   0.0   2.3  16.1   15:20    NE
18  15.7  21.5   13:50  11.0    5:30   3.2   0.6   0.0   3.4  14.5   15:55    SE
19  16.6  22.8   13:00  12.1    6:00   2.6   0.9   0.2   2.4  12.9   18:05    SE
20  16.7  21.9   12:50  12.6    6:50   2.2   0.6   0.0   2.1  14.5   18:00    SE
21  16.2  20.7   13:50  13.1    5:45   2.4   0.3   0.0   1.4  16.1   15:30   NNE
22  13.0  15.4    0:50  11.7   22:20   5.3   0.0   2.8   3.4  22.5    3:25    NE
23  11.8  14.6   10:55   9.6   22:25   6.5   0.0   3.6   1.8  17.7   10:15    NE
24  13.0  17.3   17:10  10.0    0:10   5.3   0.0   0.0   4.0  27.4   14:15     N
25  15.6  20.6   15:50  11.2    5:55   3.2   0.4   0.0   4.3  25.7    9:15    NE
26  16.2  21.3   14:45  11.4    6:00   2.7   0.6   0.0   2.9  19.3   16:20    NE
27  16.1  21.0   16:25  11.6    6:10   2.8   0.6   0.0   1.9  19.3   13:35   SSE
28  17.5  22.3   13:30  12.7    2:25   2.0   1.2   0.0   1.8  16.1   13:50    NE
29  19.3  24.9   18:10  13.6    2:45   1.1   2.1   0.0   3.4  19.3   16:50    SE
30  19.4  24.8   14:05  14.7   23:20   0.7   1.8   0.4   5.6  43.5   14:10    NE
-------------------------------------------------------------------------------------
    15.1  27.0    15     8.7     7   111.4  16.2  68.2   4.9  86.9     4      NE

Max >=  32.0:  0
Max <=   0.0:  0
Min <=   0.0:  0
Min <= -18.0:  0
Max Rain: 29.21 ON 06/04/20
Days of Rain: 11 (> .2 mm) 8 (> 2 mm) 1 (> 20 mm)
Heat Base:  18.3  Cool Base:  18.3  Method: Integration