NOAA Reports/Αναφορές NOAA

Select a Year or Month report

Report for 2020 Mar
                   MONTHLY CLIMATOLOGICAL SUMMARY for MAR. 2020

NAME: Vamos Weather Station   CITY: Vamos   STATE: Greece 
ELEV:   225 m  LAT:  35 24' 00" N  LONG:  24 06' 00" W

                   TEMPERATURE (C), RAIN  (mm), WIND SPEED (km/hr)

                                      HEAT  COOL        AVG
    MEAN                              DEG   DEG         WIND                 DOM
DAY TEMP  HIGH   TIME   LOW    TIME   DAYS  DAYS  RAIN  SPEED HIGH   TIME    DIR
------------------------------------------------------------------------------------
 1  10.9  15.1   14:10   7.5    4:55   7.4   0.0   0.0   3.1  14.5   17:15    SE
 2  15.8  21.9   14:40   9.2    3:25   3.4   0.8   0.0   3.5  16.1   15:00    SE
 3  16.8  19.7   11:20  14.6   23:40   1.6   0.1   0.0  22.2  77.2   21:45   SSW
 4  14.4  17.4   12:10  10.9   00:00   3.9   0.0   0.8  12.1  90.1    4:35   SSW
 5  12.7  16.7   12:05  10.2   23:55   5.6   0.0   0.0   3.5  20.9   14:05   SSE
 6  12.9  17.3   13:05   9.3    4:50   5.4   0.0   0.0   3.5  22.5   14:50     E
 7  16.6  20.9   14:30  10.6    1:10   2.5   0.7   0.0  17.9  72.4   18:00   SSW
 8  17.9  20.0   12:50  14.9   23:45   0.7   0.3   0.0  31.5  77.2    2:00   SSE
 9  11.8  17.0    1:20   7.7   11:00   6.4   0.0  21.4  10.5  61.2    7:15   WNW
10  12.3  15.8   15:30   9.1    6:55   6.0   0.0   0.0   5.0  38.6    2:30   SSE
11  12.1  15.7   12:00   9.7   00:00   6.2   0.0   0.0   1.8  11.3   11:15    SE
12  12.7  16.1   14:00   9.7    0:05   5.6   0.0   0.0   3.1  20.9   21:00    NW
13  15.6  19.7   15:35  11.7    0:05   2.8   0.1   0.0   8.0  40.2   10:15   WNW
14  18.1  22.9   12:50  14.1    6:25   1.4   1.1   0.0   1.6  12.9    1:00    SE
15  17.7  24.4   13:25  12.6   22:45   2.0   1.4   0.0   3.1  24.1   12:35    NE
16  10.4  13.6    0:30   8.8   14:20   7.9   0.0  31.8   6.0  30.6   14:55    NE
17   9.7  12.4   14:45   7.6    5:55   8.6   0.0   0.0   6.3  38.6    2:20    NE
18  11.1  14.9   15:20   7.7    3:45   7.2   0.0   0.0   3.7  20.9   13:15    NW
19   9.8  12.6   12:25   7.8   23:00   8.5   0.0   0.0   5.3  29.0    5:35    NE
20  11.4  15.6   15:45   7.3    4:00   6.9   0.0   0.0   5.1  38.6   10:45    NW
21  13.3  18.1   15:05  10.4    0:25   4.9   0.0   0.0   3.4  20.9   12:15   WNW
22  13.4  17.4   16:40  10.8    1:45   4.9   0.0   0.0   4.3  33.8   13:30   SSE
23  14.3  18.7   14:10  11.1    4:05   4.0   0.0   0.0   1.4  16.1    2:30     N
24  14.0  18.6   12:30  10.9    2:55   4.3   0.0   0.0   1.3  17.7   16:30     N
25  12.9  14.2   17:30  11.5    0:40   5.4   0.0   2.4   3.9  29.0   16:20     E
26  12.8  16.8   13:55  10.6    3:30   5.5   0.0  23.0   2.6  22.5   13:20   SSE
27  13.3  15.9   13:55  11.0    5:15   5.0   0.0   1.0  10.8  49.9   21:20   WNW
28  13.8  19.3   16:30   9.4    5:30   4.5   0.0   0.0   5.0  30.6    0:45    SE
29  13.4  17.2   12:10  10.1    3:25   4.6   0.0   0.0   3.9  40.2    9:30   WNW
30  12.6  15.2   13:00  11.0   23:45   5.7   0.0   1.6   3.2  29.0   14:20   SSE
31  12.6  15.2   17:45  10.7    7:40   5.7   0.0   9.0   3.7  25.7   14:25    NE
-------------------------------------------------------------------------------------
    13.5  24.4    15     7.3    20   154.6   4.7  91.0   6.5  90.1     4      NE

Max >=  32.0:  0
Max <=   0.0:  0
Min <=   0.0:  0
Min <= -18.0:  0
Max Rain: 31.80 ON 16/03/20
Days of Rain: 8 (> .2 mm) 5 (> 2 mm) 3 (> 20 mm)
Heat Base:  18.3  Cool Base:  18.3  Method: Integration