NOAA Reports/Αναφορές NOAA

Select a Year or Month report

Report for 2020 Feb
                   MONTHLY CLIMATOLOGICAL SUMMARY for FEB. 2020

NAME: Vamos Weather Station   CITY: Vamos   STATE: Greece 
ELEV:   225 m  LAT:  35 24' 00" N  LONG:  24 06' 00" W

                   TEMPERATURE (C), RAIN  (mm), WIND SPEED (km/hr)

                                      HEAT  COOL        AVG
    MEAN                              DEG   DEG         WIND                 DOM
DAY TEMP  HIGH   TIME   LOW    TIME   DAYS  DAYS  RAIN  SPEED HIGH   TIME    DIR
------------------------------------------------------------------------------------
 1  12.7  17.6   14:35   9.1    1:05   5.7   0.0   0.0   3.9  24.1   13:50    SE
 2  13.3  17.8   13:40  10.0    3:50   5.0   0.0   0.0   4.0  25.7   16:35   SSE
 3  13.6  18.5   14:00  10.4    7:10   4.7   0.0   0.0   3.2  24.1   14:15   SSE
 4  13.8  18.0   14:10  10.7    2:50   4.5   0.0   0.0   3.7  19.3    6:15   SSE
 5  12.6  19.7   10:05   6.3   22:55   5.8   0.1   0.8  11.9  91.7   11:45   WNW
 6   7.4  10.7   12:50   5.4   22:55  10.9   0.0  15.2   6.3  43.5    5:55   WNW
 7   5.4   7.1   16:55   3.8    5:50  12.9   0.0  17.8   4.0  24.1    0:20    NW
 8   7.6  11.9   12:50   5.6   23:40  10.7   0.0   2.8   5.1  29.0   14:45   WNW
 9   8.1  11.4   14:40   5.4    5:10  10.3   0.0   0.0   1.9  19.3   12:40    NE
10  11.1  15.8   13:45   6.7    3:40   7.2   0.0   0.0   8.4  59.5   17:10   WNW
11  14.9  18.8   13:55  10.2    2:15   3.4   0.0   0.0   7.4  56.3    5:25   WNW
12  16.5  22.7   14:45  12.4    4:10   2.8   1.0   0.0   6.0  51.5    9:25     E
13  12.9  14.6   11:00  10.9   21:10   5.4   0.0   0.0   3.1  20.9   13:40    SE
14  12.8  17.1   15:10  10.8    7:35   5.5   0.0   0.0   3.7  53.1   14:00   SSE
15  11.4  13.1   12:40  10.0    8:15   6.9   0.0  13.2   6.3  38.6   21:30     N
16  10.9  11.9    0:05  10.1   21:00   7.4   0.0   0.0   5.1  30.6    1:20     N
17  10.9  13.2   13:15   9.2   00:00   7.4   0.0   0.0   4.2  25.7    9:40     N
18  10.6  14.2   14:50   7.4    7:05   7.7   0.0   0.0   2.6  14.5   10:50    SE
19  12.1  16.2   12:50   8.8    1:50   6.2   0.0   0.0   3.5  16.1   11:25   SSE
20  12.7  17.7   12:35   7.4   23:05   5.6   0.0   1.4   9.0  54.7   23:25    NW
21   9.2  10.4   17:25   7.1    2:50   9.1   0.0  14.8   7.1  53.1    0:40   NNW
22   8.8  10.7   11:10   7.3   21:40   9.5   0.0   7.8   3.9  35.4   21:10    NW
23   8.7  11.0   15:55   5.9    1:30   9.6   0.0   4.4   7.4  43.5    7:30    NE
24  11.6  16.6   12:30   6.7    3:50   6.7   0.0   0.0   2.7  14.5   13:20   SSE
25  13.9  18.3   15:50  10.1    1:45   4.3   0.0   0.0   2.3  14.5   14:15   SSE
26  14.2  18.5   13:25  10.9    5:15   4.1   0.0   0.0   5.3  29.0   21:30   SSE
27  14.9  19.6   16:05  11.9   23:50   3.5   0.1   0.0   9.2  45.1   22:15   SSE
28  12.9  15.8   11:45   9.3    5:20   5.3   0.0   0.0   8.7  40.2    1:30    NW
29  11.2  14.0    2:50   7.3   23:35   7.1   0.0   0.0   7.7  57.9    4:05   WNW
-------------------------------------------------------------------------------------
    11.6  22.7    12     3.8     7   195.2   1.2  78.2   5.4  91.7     5      NW

Max >=  32.0:  0
Max <=   0.0:  0
Min <=   0.0:  0
Min <= -18.0:  0
Max Rain: 17.81 ON 07/02/20
Days of Rain: 9 (> .2 mm) 7 (> 2 mm) 0 (> 20 mm)
Heat Base:  18.3  Cool Base:  18.3  Method: Integration