NOAA Reports/Αναφορές NOAA

Select a Year or Month report

Report for 2020 Jan
                   MONTHLY CLIMATOLOGICAL SUMMARY for JAN. 2020

NAME: Vamos Weather Station   CITY: Vamos   STATE: Greece 
ELEV:   225 m  LAT:  35 24' 00" N  LONG:  24 06' 00" W

                   TEMPERATURE (C), RAIN  (mm), WIND SPEED (km/hr)

                                      HEAT  COOL        AVG
    MEAN                              DEG   DEG         WIND                 DOM
DAY TEMP  HIGH   TIME   LOW    TIME   DAYS  DAYS  RAIN  SPEED HIGH   TIME    DIR
------------------------------------------------------------------------------------
 1   9.3  12.6   15:05   6.5   00:00   9.0   0.0  18.0   4.8  40.2   21:35     W
 2   6.4   9.4    2:55   2.8   12:40  11.9   0.0  36.8  10.9  53.1   20:15    NE
 3   8.3  10.4   11:20   6.6   18:10  10.0   0.0   4.0   7.9  40.2    5:25   NNW
 4  10.1  14.3   15:05   6.9    0:45   8.2   0.0   0.0   5.1  22.5   10:40   WNW
 5  11.1  16.4   13:05   6.9   23:50   7.3   0.0  21.2   6.8  41.8   12:15   WNW
 6   6.1   7.5    9:30   4.3    4:40  12.2   0.0  59.4  11.6  54.7   12:45   NNW
 7   6.7   7.4    7:55   5.7    2:25  11.7   0.0  11.6  13.4  51.5    2:50   NNW
 8   7.4   8.3   13:40   6.2   14:50  10.9   0.0   4.8   8.2  38.6   17:10   NNW
 9   7.8   8.8   11:15   6.4    3:15  10.5   0.0   1.4   7.6  37.0    8:00   NNW
10   9.6  13.3   14:15   6.4    6:00   8.7   0.0   0.0   3.1  16.1    4:00     W
11  10.7  14.1   15:45   7.9    7:40   7.6   0.0   0.0   2.4   9.7   12:15   SSE
12  11.6  14.9   12:15   9.2    5:45   6.8   0.0   1.0   4.0  11.3    5:10   SSE
13  10.8  13.6   12:25   9.1    4:50   7.5   0.0   1.0   1.8   9.7    0:15   SSE
14  11.3  14.1   11:55   9.7    2:30   7.0   0.0   0.0   2.4  14.5   11:05   SSE
15  11.7  12.9   13:35  10.3    2:20   6.7   0.0   0.8   6.1  41.8   21:05    NE
16  10.9  11.7    3:25   9.7   14:55   7.4   0.0   1.0   5.5  29.0    7:15    NE
17   8.7  10.3    0:10   7.4   22:00   9.6   0.0  14.4   6.6  35.4   15:05    NW
18   8.7  10.1   12:00   7.1    0:55   9.6   0.0   5.0   6.3  32.2   11:35   NNW
19   9.5  11.9   13:55   8.1    7:30   8.8   0.0   0.0   3.7  24.1   13:15    NW
20   9.0  10.5   13:25   7.6    9:10   9.3   0.0   1.2   6.3  32.2   13:00    NE
21   8.1   9.0   13:30   6.7    1:45  10.2   0.0   1.6   5.0  35.4    6:35    NE
22   9.6  13.3   14:00   7.7   22:10   8.7   0.0   0.0   4.2  22.5   14:00   WNW
23  11.4  16.6   13:55   7.8    1:15   6.9   0.0   0.0   3.1  22.5   14:30    NE
24   8.2  10.4   14:05   5.7   23:05  10.2   0.0   0.0   3.4  24.1    3:05    NE
25   9.7  14.9   16:15   5.4    0:45   8.6   0.0   0.0   2.3  12.9   14:35   SSE
26  11.9  15.6   13:05   8.6    2:55   6.3   0.0   0.0   1.6  14.5   19:55    SE
27  12.4  17.2   14:00   9.7   20:25   5.8   0.0   2.8   3.7  29.0   14:15   SSE
28  13.1  15.6   14:10  10.2    1:45   5.2   0.0   0.0  13.4  53.1   20:00    NW
29  13.8  17.2   15:10   9.9    4:55   4.5   0.0   0.0   8.2  54.7   13:50   WNW
30  14.2  17.4   13:10  11.7    7:50   4.2   0.0   0.0   9.2  43.5   13:00   WNW
31  12.4  16.3   13:40   9.3   23:45   5.9   0.0   0.0   2.4  17.7   14:00    NE
-------------------------------------------------------------------------------------
    10.0  17.4    30     2.8     2   256.9   0.0 186.0   5.8  54.7     6      NW

Max >=  32.0:  0
Max <=   0.0:  0
Min <=   0.0:  0
Min <= -18.0:  0
Max Rain: 59.41 ON 06/01/20
Days of Rain: 17 (> .2 mm) 10 (> 2 mm) 3 (> 20 mm)
Heat Base:  18.3  Cool Base:  18.3  Method: Integration