NOAA Reports/Αναφορές NOAA

Select a Year or Month report

Report for 2019 Dec
                   MONTHLY CLIMATOLOGICAL SUMMARY for DEC. 2019

NAME: Vamos Weather Station   CITY: Vamos   STATE: Greece 
ELEV:   225 m  LAT:  35 24' 00" N  LONG:  24 06' 00" W

                   TEMPERATURE (C), RAIN  (mm), WIND SPEED (km/hr)

                                      HEAT  COOL        AVG
    MEAN                              DEG   DEG         WIND                 DOM
DAY TEMP  HIGH   TIME   LOW    TIME   DAYS  DAYS  RAIN  SPEED HIGH   TIME    DIR
------------------------------------------------------------------------------------
 1  15.2  17.3    0:35  12.4   23:55   3.1   0.0   0.2   5.6  33.8   10:05    NE
 2  12.9  15.3   13:45  10.5   00:00   5.3   0.0   0.0   1.4  12.9   13:45    NE
 3  14.3  18.9   14:20  10.6    0:05   4.0   0.0   0.0   3.7  14.5   11:40   SSE
 4  15.4  21.8   14:45  12.0   23:50   3.3   0.4  10.2   4.0  32.2   16:55    NE
 5  12.1  13.4   12:30  11.1    5:45   6.3   0.0   1.6   0.8  14.5   14:05   WNW
 6  12.3  15.7   14:50  10.3    7:35   6.0   0.0   0.0   1.6  16.1   13:10     W
 7  14.7  19.2   13:15  10.6    2:05   3.7   0.0   0.0   2.9  27.4   23:10    SE
 8  15.1  18.8   11:35  13.3   23:55   3.3   0.0   3.0   5.1  33.8    2:15   WNW
 9  14.2  17.3   13:25  12.2    5:30   4.1   0.0   0.4   2.1  14.5   10:25   SSE
10  14.3  18.2   13:55  11.6    3:45   4.0   0.0   3.2   7.9  38.6   12:30   SSE
11  13.1  17.7   11:35  10.7   22:05   5.2   0.0   4.6   4.5  38.6   21:45   SSE
12  12.4  17.6   13:40   9.4    6:45   5.9   0.0   3.0   3.1  24.1    2:50   SSE
13  12.7  15.2   11:50  10.8    0:20   5.6   0.0   1.6   3.5  22.5    7:20   SSE
14  12.1  14.8   14:55  10.3   18:35   6.2   0.0   7.8   6.3  51.5   15:15   WNW
15  14.3  17.6   13:50  11.3    0:10   4.0   0.0   0.6   3.1  16.1    1:40   WNW
16  15.6  19.5   12:25  13.2    2:20   2.9   0.1   0.0   2.7   9.7    2:30    SE
17  15.6  19.2   14:05  12.7    6:55   2.8   0.1   0.0   3.9  14.5    5:25   SSE
18  15.2  19.2   14:00  12.8    5:10   3.1   0.1   0.0   4.5  14.5    1:40   SSE
19  14.6  17.9   12:10  12.3    7:20   3.7   0.0   0.0   1.0  12.9   13:50   SSE
20  15.1  18.3   13:05  12.9    3:55   3.3   0.0   0.0   2.4  17.7   22:30    SE
21  15.5  19.1   13:25  13.3    5:00   2.8   0.1   0.0   7.9  29.0    5:25   SSE
22  15.3  19.1   15:35  12.4    3:50   3.0   0.0   0.4   4.7  45.1   23:05   SSE
23  14.6  18.7   12:35  10.7   20:35   3.8   0.0   6.2  16.3  88.5    6:00   WNW
24  12.4  15.4   15:15  10.0   23:55   5.9   0.0   4.6   9.5  54.7    0:05   WNW
25  11.9  15.3   14:00   9.0    2:15   6.3   0.0   0.6   9.2  54.7   11:05   WNW
26  11.6  14.7   12:50   9.4    2:20   6.7   0.0   0.8   6.6  32.2   11:10    NW
27  11.0  13.1   11:10   9.3   00:00   7.3   0.0   0.0   2.7  24.1    3:00   NNE
28   8.7  11.7   11:40   6.6   23:05   9.6   0.0  12.4   3.1  20.9    2:30    NE
29   6.7   8.6   14:15   5.7    7:45  11.6   0.0  41.6   5.3  40.2   18:20    NE
30   7.8   8.9    8:35   6.1   10:20  10.5   0.0  12.4   8.2  45.1    0:20   NNW
31   8.6   9.8   14:25   7.9   23:50   9.7   0.0  14.0   6.3  32.2    0:55     N
-------------------------------------------------------------------------------------
    13.1  21.8     4     5.7    29   162.8   0.8 129.2   4.8  88.5    23     SSE

Max >=  32.0:  0
Max <=   0.0:  0
Min <=   0.0:  0
Min <= -18.0:  0
Max Rain: 41.61 ON 29/12/19
Days of Rain: 20 (> .2 mm) 12 (> 2 mm) 1 (> 20 mm)
Heat Base:  18.3  Cool Base:  18.3  Method: Integration