NOAA Reports/Αναφορές NOAA

Select a Year or Month report

Report for 2019 Nov
                   MONTHLY CLIMATOLOGICAL SUMMARY for NOV. 2019

NAME: Vamos Weather Station   CITY: Vamos   STATE: Greece 
ELEV:   225 m  LAT:  35 24' 00" N  LONG:  24 06' 00" W

                   TEMPERATURE (C), RAIN  (mm), WIND SPEED (km/hr)

                                      HEAT  COOL        AVG
    MEAN                              DEG   DEG         WIND                 DOM
DAY TEMP  HIGH   TIME   LOW    TIME   DAYS  DAYS  RAIN  SPEED HIGH   TIME    DIR
------------------------------------------------------------------------------------
 1  17.6  20.2   12:35  15.8    8:30   0.8   0.1  25.0   1.9  16.1    7:55    SE
 2  16.8  18.5   12:40  15.7    3:50   1.4   0.0   0.2   3.2  20.9   13:45   SSE
 3  18.1  23.0   15:05  15.1    5:35   1.1   0.9   0.0   3.7  16.1   11:45   SSE
 4  20.2  24.8   12:10  17.1    3:00   0.2   2.2   0.0   4.2  30.6   14:40   SSE
 5  21.2  25.2   14:25  18.2   21:35   0.0   2.9   0.6   3.4  37.0    4:00   NNE
 6  20.2  24.4   15:35  17.1    5:15   0.2   2.0   0.2   1.3  16.1   00:00   NNE
 7  22.6  25.5   13:15  19.7    0:05   0.0   4.2   0.0  20.6  48.3   13:30   SSW
 8  19.6  22.8   14:05  15.4    9:55   0.3   1.6  17.8  10.0  61.2    6:45   SSE
 9  18.6  23.3   12:40  16.2    7:00   0.8   1.1   0.0   3.4  17.7   14:05   SSE
10  19.1  24.9   12:35  15.2    3:10   0.6   1.4   1.2   2.6  20.9   19:45   SSE
11  19.3  22.9   15:35  16.1    3:25   0.6   1.6   1.2   3.1  27.4   23:50     E
12  23.1  24.9   12:50  20.6    0:30   0.0   4.7   0.0  21.4  62.8   11:20   SSW
13  16.5  22.6    2:20  13.8   17:40   2.3   0.6  48.4   5.6  53.1   16:25    SE
14  16.8  20.9   12:35  13.7    5:20   1.9   0.4   0.0   2.3  16.1   15:20   SSE
15  17.7  21.7   12:10  14.4    2:40   1.3   0.7   0.2   2.3  11.3    0:05   SSE
16  17.2  20.4   13:30  14.9   23:10   1.5   0.4   0.0   2.6  14.5   14:45   SSE
17  16.9  20.3   15:15  14.7    7:15   1.7   0.3   0.4   2.3  14.5   21:35   SSE
18  18.4  23.0   14:30  15.4    0:45   0.9   1.0   0.0   1.9  14.5    7:25   SSE
19  18.6  22.4   12:55  15.6    4:15   0.7   0.9   0.2   6.6  33.8   11:05   SSE
20  18.7  22.9   14:50  16.0    6:00   0.7   1.1   0.0   2.6  30.6    0:40    SE
21  18.1  21.9   12:20  14.7   23:50   1.0   0.8   3.4   2.1  27.4   22:40    SE
22  16.6  20.6   13:05  14.2    1:30   2.0   0.3   0.0   3.9  30.6   14:05   SSE
23  16.2  19.7   13:00  13.7    6:50   2.2   0.1   0.0   2.9  14.5    1:00   SSE
24  17.7  20.6   12:05  14.0    6:15   1.2   0.5   0.0   9.2  43.5   17:15   SSE
25  16.4  20.2    2:30  13.2   21:35   2.2   0.4  18.2   4.3  66.0    3:40     E
26  14.0  18.6   10:05  11.9   20:50   4.3   0.0   7.6   4.3  24.1   14:10   SSE
27  14.7  18.7   13:35  11.6    2:25   3.6   0.0   0.2   1.9  14.5   10:35   SSE
28  17.1  22.0   13:45  13.6    1:00   1.8   0.5   0.0   3.2  17.7    7:45   SSE
29  17.4  21.8   12:40  13.8   00:00   1.5   0.7   0.0   3.4  27.4   15:30     E
30  17.0  21.1   13:30  13.8    7:20   1.8   0.5   0.0   4.5  24.1   13:50   SSE
-------------------------------------------------------------------------------------
    18.1  25.5     7    11.6    27    38.7  31.7 124.8   4.8  66.0    25     SSE

Max >=  32.0:  0
Max <=   0.0:  0
Min <=   0.0:  0
Min <= -18.0:  0
Max Rain: 48.41 ON 13/11/19
Days of Rain: 15 (> .2 mm) 6 (> 2 mm) 2 (> 20 mm)
Heat Base:  18.3  Cool Base:  18.3  Method: Integration