NOAA Reports/Αναφορές NOAA

Select a Year or Month report

Report for 2019 Oct
                   MONTHLY CLIMATOLOGICAL SUMMARY for OCT. 2019

NAME: Vamos Weather Station   CITY: Vamos   STATE: Greece 
ELEV:   225 m  LAT:  35 24' 00" N  LONG:  24 06' 00" W

                   TEMPERATURE (C), RAIN  (mm), WIND SPEED (km/hr)

                                      HEAT  COOL        AVG
    MEAN                              DEG   DEG         WIND                 DOM
DAY TEMP  HIGH   TIME   LOW    TIME   DAYS  DAYS  RAIN  SPEED HIGH   TIME    DIR
------------------------------------------------------------------------------------
 1  24.0  29.2   14:50  20.2    6:20   0.0   5.7   0.0   2.1  14.5   14:15    NE
 2  22.9  27.8   13:25  19.6    7:05   0.0   4.6   0.2   1.9  16.1   15:05    SE
 3  23.8  30.2   17:00  19.4    7:45   0.0   5.6   0.0   3.4  24.1   20:30    SE
 4  25.7  30.6   14:30  21.4    0:05   0.0   7.4   0.0  22.7  86.9   13:30   SSW
 5  22.3  25.9   14:55  19.0    7:40   0.0   4.0   0.0   7.2  45.1   12:50   WNW
 6  22.4  26.8   14:35  18.4    7:40   0.0   4.1   0.0   6.1  38.6    0:15   WNW
 7  21.8  26.6   12:45  19.4    6:30   0.0   3.5   0.0   3.2  19.3   13:40   SSE
 8  20.6  24.7   11:10  17.5   13:50   0.0   2.3  24.2   1.8  38.6   13:30   SSE
 9  19.3  20.9   12:35  17.6   23:55   0.0   1.0   1.0   2.4  22.5    2:30    NE
10  20.1  24.1   16:10  17.3    5:10   0.2   2.0   0.0   2.4  16.1   10:35   SSE
11  22.4  28.8   13:35  19.4    0:10   0.0   4.1   0.0   1.4  11.3   15:05   SSE
12  20.8  24.1   12:00  18.4    6:45   0.0   2.5   0.0   2.3  20.9   12:50    NE
13  21.0  24.7   15:10  18.0   00:00   0.0   2.7   0.0   2.1  16.1   13:50    NE
14  20.1  23.7   13:10  17.2    2:40   0.2   1.9   0.0   2.4  14.5   13:20   SSE
15  19.7  24.1   14:15  15.8    6:35   0.5   1.9   0.0   1.8  14.5   15:20   SSE
16  20.3  24.6   14:00  17.6    6:50   0.1   2.1   0.0   2.4  16.1   12:40    NE
17  21.2  25.7   13:35  18.1    1:25   0.0   2.9   0.0   2.3  14.5   14:15    SE
18  19.9  22.2   16:50  18.4   20:15   0.0   1.6   3.4   2.9  29.0   10:10    SE
19  20.7  24.7   13:40  18.2    6:15   0.0   2.4   0.0   3.1  16.1   14:25   SSE
20  20.1  23.2   15:05  17.6    6:25   0.0   1.8   0.0   1.9  16.1   13:20    NE
21  20.1  24.3   14:20  16.6    6:55   0.2   2.0   0.2   1.4  12.9   12:30   SSE
22  19.7  22.5   13:25  18.1    1:20   0.0   1.4   0.0   3.7  24.1   13:50    NE
23  18.8  21.4   14:55  17.2    5:40   0.3   0.7   0.0   3.2  24.1   12:15    NE
24  19.2  23.1   16:10  16.8    1:30   0.4   1.3   0.0   2.9  25.7   14:55    NE
25  19.3  24.3   15:10  16.3    5:55   0.6   1.6   0.0   1.6  12.9   12:50   SSE
26  18.7  22.7   14:55  15.8    8:05   0.8   1.1   0.0   1.8  19.3   13:35    NE
27  18.6  22.6   14:00  15.9    4:25   0.7   1.0   0.0   3.4  25.7   15:55    NW
28  18.9  22.9   12:45  16.2   22:45   0.7   1.3   0.0   1.9  14.5   11:20    NE
29  19.1  23.6   12:45  16.2    3:40   0.6   1.4   0.0   2.9  14.5   16:10   SSE
30  20.2  24.8   13:30  16.3    0:25   0.3   2.2   0.0   2.7  14.5   15:30    SE
31  19.7  24.3   13:10  16.7   18:50   0.3   1.8  12.6   4.0  33.8   18:05    SE
-------------------------------------------------------------------------------------
    20.7  30.6     4    15.8    15     5.8  79.9  41.6   3.4  86.9     4     SSE

Max >=  32.0:  0
Max <=   0.0:  0
Min <=   0.0:  0
Min <= -18.0:  0
Max Rain: 24.21 ON 08/10/19
Days of Rain: 6 (> .2 mm) 3 (> 2 mm) 1 (> 20 mm)
Heat Base:  18.3  Cool Base:  18.3  Method: Integration