NOAA Reports/Αναφορές NOAA

Select a Year or Month report

Report for 2019 Sep
                   MONTHLY CLIMATOLOGICAL SUMMARY for SEP. 2019

NAME: Vamos Weather Station   CITY: Vamos   STATE: Greece 
ELEV:   225 m  LAT:  35 24' 00" N  LONG:  24 06' 00" W

                   TEMPERATURE (C), RAIN  (mm), WIND SPEED (km/hr)

                                      HEAT  COOL        AVG
    MEAN                              DEG   DEG         WIND                 DOM
DAY TEMP  HIGH   TIME   LOW    TIME   DAYS  DAYS  RAIN  SPEED HIGH   TIME    DIR
------------------------------------------------------------------------------------
 1  23.9  28.1   17:30  20.9    0:55   0.0   5.6   0.0   4.5  24.1   13:30    NE
 2  25.0  28.7   18:10  21.4    4:05   0.0   6.7   0.0   4.3  27.4   14:55    NE
 3  25.9  30.4   18:10  21.4    6:55   0.0   7.7   0.0   3.5  25.7   16:15    NE
 4  25.1  28.3   16:55  21.8    3:55   0.0   6.8   0.0   4.3  29.0   15:50    NE
 5  24.3  27.8   14:00  21.9   23:55   0.0   6.0   0.0   3.9  22.5   15:15   WNW
 6  23.8  27.2   14:40  20.9   23:35   0.0   5.5   0.0   3.9  25.7   13:10   NNE
 7  23.6  27.9   14:25  19.9    7:35   0.0   5.3   0.0   3.2  27.4   16:30    NE
 8  24.6  28.5   16:20  21.4    7:20   0.0   6.3   0.0   3.2  22.5   16:55   NNE
 9  24.4  27.4   12:40  21.6   23:45   0.0   6.1   0.0   3.4  24.1   13:00    NE
10  24.3  28.6   14:25  21.4    5:05   0.0   6.0   0.0   2.7  20.9   13:30    NE
11  23.7  26.4   15:25  20.7    4:25   0.0   5.4   0.0   3.1  17.7   11:40    NE
12  23.8  26.9   13:15  20.9    7:30   0.0   5.5   0.0   3.5  25.7   14:55    NE
13  22.7  24.6   12:45  21.1   11:45   0.0   4.4   0.0   8.4  38.6   11:40    NE
14  22.4  24.6   14:15  20.8    7:25   0.0   4.1   0.0   7.6  32.2   14:30    NE
15  22.4  25.3   17:10  19.7    7:20   0.0   4.2   0.0   6.1  29.0   13:00   WNW
16  22.4  25.9   13:30  19.3    7:20   0.0   4.1   0.0   4.3  20.9   15:55    NE
17  24.0  29.3   16:10  20.2   00:00   0.0   5.7   0.0   2.3  17.7   13:10    SE
18  24.1  28.7   15:20  19.4    6:55   0.0   5.8   0.0   2.4  17.7   12:05    NE
19  23.3  27.5   14:35  19.9    5:10   0.0   5.0   0.0   3.5  22.5   14:40   SSE
20  23.4  28.8   14:40  19.5    5:35   0.0   5.2   0.0   4.2  27.4   16:45    NE
21  20.3  22.3   16:05  17.7   22:45   0.0   2.0   0.0   6.0  29.0    1:15    NE
22  19.1  22.3   15:25  16.7   22:05   0.4   1.2   0.0   5.0  22.5   11:00   WNW
23  21.6  26.9   15:35  17.0    4:55   0.1   3.3   0.0   2.4  17.7   13:25    SE
24  24.2  29.7   14:50  19.2    2:05   0.0   5.9   0.0   3.7  20.9   16:30    SE
25  23.1  26.2   14:10  20.0   00:00   0.0   4.8   0.0   4.0  27.4    6:05    NE
26  22.9  27.3   13:05  18.9    2:35   0.0   4.6   0.0   3.1  22.5   16:30    SE
27  23.8  29.0   14:05  20.5    2:40   0.0   5.5   0.0   2.9  16.1   13:45   SSE
28  22.7  27.2   13:55  19.4    7:00   0.0   4.4   0.0   3.1  19.3   13:00    SE
29  22.6  27.0   12:40  19.1    3:00   0.0   4.3   0.0   2.4  19.3   15:50    NE
30  23.7  29.4   16:55  18.2    4:40   0.0   5.4   0.0   0.8  16.1   13:10   NNE
-------------------------------------------------------------------------------------
    23.4  30.4     3    16.7    22     0.5 152.6   0.0   3.9  38.6    13      NE

Max >=  32.0:  0
Max <=   0.0:  0
Min <=   0.0:  0
Min <= -18.0:  0
Max Rain: 0.00 ON 01/09/19
Days of Rain: 0 (> .2 mm) 0 (> 2 mm) 0 (> 20 mm)
Heat Base:  18.3  Cool Base:  18.3  Method: Integration