NOAA Reports/Αναφορές NOAA

Select a Year or Month report

Report for 2019 Jul
                   MONTHLY CLIMATOLOGICAL SUMMARY for JUL. 2019

NAME: Vamos Weather Station   CITY: Vamos   STATE: Greece 
ELEV:   225 m  LAT:  35 24' 00" N  LONG:  24 06' 00" W

                   TEMPERATURE (C), RAIN  (mm), WIND SPEED (km/hr)

                                      HEAT  COOL        AVG
    MEAN                              DEG   DEG         WIND                 DOM
DAY TEMP  HIGH   TIME   LOW    TIME   DAYS  DAYS  RAIN  SPEED HIGH   TIME    DIR
------------------------------------------------------------------------------------
 1  22.9  25.6   15:35  20.4    6:10   0.0   4.6   0.0   4.3  22.5   13:30    NE
 2  24.6  29.3   15:20  20.1    3:30   0.0   6.3   0.0   2.6  17.7   11:40    NE
 3  26.0  30.7   16:10  20.9    0:15   0.0   7.7   0.0   2.7  17.7   15:15    NE
 4  27.4  31.9   19:45  22.3    0:05   0.0   9.1   0.0   3.7  24.1   13:15    NE
 5  27.9  33.9   18:20  22.4    1:15   0.0   9.7   0.0   2.3  20.9   12:00    NE
 6  28.1  32.2   13:30  24.3    7:30   0.0   9.8   0.0   2.4  19.3   14:40    NE
 7  27.2  31.7   15:45  22.2    6:25   0.0   8.9   0.0   3.9  20.9   11:55    NE
 8  29.9  35.7   13:15  24.2    4:45   0.0  11.6   0.0   4.5  25.7   13:40    NE
 9  30.3  35.3   13:30  25.6   22:50   0.0  12.0   0.0   2.9  16.1   12:25    NE
10  31.1  35.5   18:40  25.7    4:20   0.0  12.7   0.0   3.7  19.3    9:55    NE
11  28.6  35.2   10:00  21.8   00:00   0.0  10.3   0.0   6.1  46.7   13:00    NE
12  24.0  28.5   18:25  20.4    4:40   0.0   5.7   0.0   2.6  20.9   13:30    NE
13  24.6  29.5   15:20  19.6    6:05   0.0   6.2   0.0   3.9  24.1   17:45    NE
14  27.2  32.3   16:25  21.8    6:25   0.0   8.9   0.0   8.0  45.1   17:05   WNW
15  24.7  27.3   15:15  22.3   22:25   0.0   6.4   0.0   5.1  27.4    3:05    NE
16  23.9  26.3   16:00  21.9    2:25   0.0   5.6   0.0   3.7  29.0   11:45   ENE
17  21.2  23.9   12:25  18.0    5:55   0.0   2.9  42.6   3.2  25.7    4:25    NE
18  23.9  27.5   19:45  20.8    5:40   0.0   5.6   0.0   4.0  22.5   14:05    NE
19  24.9  29.0   12:20  20.1    5:50   0.0   6.7   0.0   3.4  22.5   16:20    NE
20  24.8  28.9   17:30  21.1    6:45   0.0   6.5   0.0   4.5  24.1   12:35    NE
21  24.9  29.2   16:20  21.3    5:10   0.0   6.6   0.0   4.5  24.1   12:15    NE
22  25.9  29.7   15:00  22.6    5:45   0.0   7.6   0.0   4.7  22.5   16:10   NNW
23  26.2  30.0   16:50  23.0    6:05   0.0   7.9   0.0   4.7  24.1   12:45    NW
24  26.9  30.1   12:50  23.7    6:10   0.0   8.6   0.0   3.5  24.1   13:40    NE
25  24.6  27.5   16:35  21.4    6:50   0.0   6.3   0.0   4.8  30.6   13:40    NE
26  25.4  29.4   17:25  21.8    6:25   0.0   7.1   0.0   4.3  27.4   12:30    NE
27  26.9  30.7   15:25  22.6    5:15   0.0   8.7   0.0   4.0  27.4   12:40   NNE
28  27.8  32.4   17:40  22.0    4:05   0.0   9.5   0.0   3.2  16.1   11:50    NE
29  28.2  33.3   15:55  24.2    6:05   0.0   9.9   0.0   5.3  41.8   17:25    NE
30  26.8  31.3   15:20  21.9    5:55   0.0   8.5   0.0   3.2  19.3   13:35    NE
31  26.9  31.4   14:45  23.2    5:30   0.0   8.7   0.0   3.1  20.9   12:25    NE
-------------------------------------------------------------------------------------
    26.3  35.7     8    18.0    17     0.0 246.4  42.6   4.0  46.7    11      NE

Max >=  32.0:  9
Max <=   0.0:  0
Min <=   0.0:  0
Min <= -18.0:  0
Max Rain: 42.60 ON 17/07/19
Days of Rain: 1 (> .2 mm) 1 (> 2 mm) 1 (> 20 mm)
Heat Base:  18.3  Cool Base:  18.3  Method: Integration