NOAA Reports/Αναφορές NOAA

Select a Year or Month report

Report for 2019 Jun
                   MONTHLY CLIMATOLOGICAL SUMMARY for JUN. 2019

NAME: Vamos Weather Station   CITY: Vamos   STATE: Greece 
ELEV:   225 m  LAT:  35 24' 00" N  LONG:  24 06' 00" W

                   TEMPERATURE (C), RAIN  (mm), WIND SPEED (km/hr)

                                      HEAT  COOL        AVG
    MEAN                              DEG   DEG         WIND                 DOM
DAY TEMP  HIGH   TIME   LOW    TIME   DAYS  DAYS  RAIN  SPEED HIGH   TIME    DIR
------------------------------------------------------------------------------------
 1  22.9  27.5   12:15  18.1   23:15   0.0   4.6   0.0   3.4  24.1   14:00    NE
 2  20.3  24.8   14:50  16.8    5:20   0.3   2.2   0.0   3.5  19.3   15:35    NE
 3  20.0  24.2   14:30  15.7    4:50   0.5   2.2   0.6   3.9  25.7   13:55    NE
 4  20.1  25.4   16:45  14.9    6:05   0.8   2.5   0.0   2.9  22.5   13:35    NE
 5  20.5  26.1   14:55  15.6    6:15   0.6   2.8   0.0   2.9  20.9   15:50    SE
 6  21.8  27.2   16:30  16.3    4:10   0.3   3.8   0.0   2.9  22.5   10:45    NE
 7  24.3  29.4   16:35  18.5    0:55   0.0   6.0   0.0   2.6  19.3   17:35    NE
 8  25.8  30.2   17:10  21.4    4:05   0.0   7.5   0.0   3.4  24.1   12:20    NE
 9  26.1  29.7   13:20  21.9    0:05   0.0   7.8   0.0   4.8  27.4   12:45    NE
10  23.1  26.0   16:45  20.6   23:00   0.0   4.8   0.0   5.1  25.7   12:40    NE
11  24.1  28.3   17:20  20.0    2:20   0.0   5.8   0.0   2.9  20.9   14:55    NE
12  24.4  29.2   16:05  20.4    4:45   0.0   6.2   0.0   2.6  17.7   11:10    NE
13  25.8  30.1   16:15  21.2    5:50   0.0   7.5   0.0   2.7  20.9   10:50    NE
14  27.4  33.0   16:25  22.3    4:25   0.0   9.1   0.0   2.1  14.5   12:30    NE
15  26.7  30.0   16:05  23.1    3:45   0.0   8.3   0.0   3.4  24.1   12:10    NE
16  25.2  29.0   18:05  22.3    5:50   0.0   6.9   0.0   4.7  24.1   15:25   NNW
17  26.0  30.8   12:45  21.6    6:05   0.0   7.7   0.0   2.3  27.4   14:35    NE
18  26.3  30.7   17:40  22.7    1:55   0.0   8.0   0.0   3.1  24.1   11:40    NE
19  26.1  30.5   15:55  22.1    6:20   0.0   7.8   0.0   2.3  16.1   14:40    NE
20  26.0  30.2   17:40  22.1    2:55   0.0   7.7   0.0   1.6  19.3   13:45    NE
21  26.4  31.9   15:00  21.7    5:40   0.0   8.1   0.0   2.6  14.5   12:25    NE
22  26.9  30.9   15:10  22.2    6:10   0.0   8.6   0.0   3.2  22.5   15:30    NE
23  28.1  32.7   14:10  24.0    6:05   0.0   9.7   0.0   3.2  19.3   10:15    NE
24  31.1  38.2   15:35  25.3    3:25   0.0  12.8   0.0   4.3  59.5   16:30   WNW
25  26.6  30.1   14:40  22.9    5:10   0.0   8.3   0.0   5.0  29.0    0:10    NE
26  25.3  28.9   17:05  23.6    5:40   0.0   7.0   0.0   4.7  24.1   13:10    NE
27  26.3  29.9   18:00  23.3    6:20   0.0   8.1   0.0   4.7  25.7   15:25   WNW
28  27.3  31.6   15:50  22.7    2:40   0.0   9.0   0.0   4.2  25.7   15:00    NE
29  26.2  29.1   15:30  23.0   23:55   0.0   7.9   0.0   4.0  22.5   10:20    NE
30  23.7  25.9   10:50  21.3    5:30   0.0   5.3   0.0   5.5  32.2   15:50    NE
-------------------------------------------------------------------------------------
    25.0  38.2    24    14.9     4     2.4 204.3   0.6   3.5  59.5    24      NE

Max >=  32.0:  3
Max <=   0.0:  0
Min <=   0.0:  0
Min <= -18.0:  0
Max Rain: 0.61 ON 03/06/19
Days of Rain: 1 (> .2 mm) 0 (> 2 mm) 0 (> 20 mm)
Heat Base:  18.3  Cool Base:  18.3  Method: Integration