NOAA Reports/Αναφορές NOAA

Select a Year or Month report

Report for 2019 May
                   MONTHLY CLIMATOLOGICAL SUMMARY for MAY. 2019

NAME: Vamos Weather Station   CITY: Vamos   STATE: Greece 
ELEV:   225 m  LAT:  35 24' 00" N  LONG:  24 06' 00" W

                   TEMPERATURE (C), RAIN  (mm), WIND SPEED (km/hr)

                                      HEAT  COOL        AVG
    MEAN                              DEG   DEG         WIND                 DOM
DAY TEMP  HIGH   TIME   LOW    TIME   DAYS  DAYS  RAIN  SPEED HIGH   TIME    DIR
------------------------------------------------------------------------------------
 1  16.6  22.5   13:25  12.9    7:00   2.3   0.6   0.0   2.1  17.7   17:30    NE
 2  16.2  20.9   13:50  11.6    6:40   2.7   0.6   0.0   5.8  30.6   17:25   WNW
 3  17.0  23.2   16:05  11.9    6:45   2.4   1.1   0.0   2.3  24.1   14:45    NE
 4  17.1  20.5   19:10  13.6    4:35   1.6   0.4   0.4   5.1  49.9   19:00   SSE
 5  20.4  23.3   17:05  15.2   00:00   0.3   2.4  12.4  19.2  90.1    6:45   SSE
 6  17.4  22.9   14:20  13.3    6:50   1.9   0.9   0.0   7.7  62.8   14:40   WNW
 7  15.7  19.0   16:35  13.2   23:25   2.6   0.0   0.0  12.4  56.3   19:05   WNW
 8  14.9  19.5   15:40  10.6    4:40   3.4   0.0   0.0   3.7  40.2    0:20    NE
 9  15.3  20.2   12:30  11.1    6:25   3.1   0.1   0.0   2.3  17.7   11:40    NE
10  17.4  23.4   14:35  13.2    2:25   2.2   1.3   0.0   2.1  17.7   15:55   SSE
11  16.7  20.4   14:40  12.8    7:00   1.9   0.4   0.2   4.2  22.5   12:30    NE
12  18.1  24.1   15:45  12.8    5:25   1.9   1.6   0.0   2.7  16.1   14:30   SSE
13  18.1  23.0   13:55  13.4    6:50   1.4   1.2   0.0   3.7  30.6   23:00    NE
14  20.1  25.3   12:10  15.6    6:10   0.4   2.2   0.2   6.6  61.2    3:55    NE
15  16.6  20.0   15:55  14.2   22:55   1.8   0.1   0.0   2.4  27.4   16:10   ENE
16  17.6  22.9   16:00  12.8    5:15   2.0   1.2   0.0   2.9  19.3   13:15    NE
17  15.8  19.3   18:25  13.4   23:15   2.5   0.1   7.8   3.2  29.0   13:35    NE
18  19.4  25.8   17:25  13.3    0:15   1.3   2.4   0.0   2.7  14.5   11:50    SE
19  22.5  28.9   16:10  16.1    6:25   0.4   4.6   0.0   5.0  48.3   18:55    NE
20  22.3  27.2   12:10  17.6    5:10   0.0   4.1   0.0   4.3  46.7    1:45   SSE
21  23.7  29.3   12:05  18.7    0:05   0.0   5.4   0.0   6.1  41.8   15:35   SSE
22  21.7  27.0    2:00  18.1   22:15   0.0   3.4   0.0   3.2  38.6    1:45   SSE
23  21.9  27.3   13:55  17.7    7:30   0.0   3.7   0.0   3.7  20.9    5:50    NE
24  20.7  23.6   18:45  17.6   23:55   0.0   2.5   0.0  13.5  61.2   11:55   WNW
25  20.6  25.2   13:50  15.6    6:05   0.4   2.8   0.0   3.7  22.5   15:20    NE
26  21.0  26.3   12:25  16.1    4:55   0.4   3.1   0.0   3.4  19.3   16:05   SSE
27  20.8  26.9   12:55  16.9    5:00   0.1   2.6   0.0   3.4  20.9   15:00    SE
28  22.1  27.8    3:35  17.3   00:00   0.1   4.0   0.0   6.1  48.3    3:25    NE
29  20.2  26.4   12:45  16.0    6:40   0.4   2.3   0.0   2.7  16.1   12:55    NE
30  23.2  28.8   14:50  17.6    0:30   0.0   4.9   0.0   1.6  12.9   14:50    NE
31  25.0  28.3   15:10  21.3    2:50   0.0   6.7   0.0   3.4  24.1   19:50    SE
-------------------------------------------------------------------------------------
    19.2  29.3    21    10.6     8    37.8  66.6  21.0   4.9  90.1     5      NE

Max >=  32.0:  0
Max <=   0.0:  0
Min <=   0.0:  0
Min <= -18.0:  0
Max Rain: 12.40 ON 05/05/19
Days of Rain: 5 (> .2 mm) 2 (> 2 mm) 0 (> 20 mm)
Heat Base:  18.3  Cool Base:  18.3  Method: Integration