NOAA Reports/Αναφορές NOAA

Select a Year or Month report

Report for 2019 Apr
                   MONTHLY CLIMATOLOGICAL SUMMARY for APR. 2019

NAME: Vamos Weather Station   CITY: Vamos   STATE: Greece 
ELEV:   225 m  LAT:  35 24' 00" N  LONG:  24 06' 00" W

                   TEMPERATURE (C), RAIN  (mm), WIND SPEED (km/hr)

                                      HEAT  COOL        AVG
    MEAN                              DEG   DEG         WIND                 DOM
DAY TEMP  HIGH   TIME   LOW    TIME   DAYS  DAYS  RAIN  SPEED HIGH   TIME    DIR
------------------------------------------------------------------------------------
 1  12.6  15.9   13:55   9.7    4:25   5.8   0.0   0.0   6.6  33.8   13:45   WNW
 2  12.9  16.2   13:35  10.3    6:20   5.4   0.0   0.0   4.0  24.1    2:30   WNW
 3  12.7  15.6   13:00  10.4    4:50   5.6   0.0   0.0   2.4  19.3   12:50    NE
 4  12.9  16.8   13:30   9.9    6:35   5.3   0.0   0.0   1.8  16.1   12:20    NE
 5  12.6  15.3   12:35  10.4    0:35   5.8   0.0   2.6   9.0  61.2   19:50   SSE
 6  13.5  17.3   13:40  11.8    1:20   4.8   0.0  21.8   4.2  41.8    3:30    NE
 7  14.1  17.1   12:35  11.7    5:10   4.3   0.0   0.8   1.3  11.3   14:50    SE
 8  13.1  19.1   12:40  10.8   21:25   5.2   0.0  12.6   4.5  41.8   11:55    NE
 9  14.3  18.3   16:45  11.1    3:50   4.0   0.0   0.0  10.5  49.9   15:55   WNW
10  15.4  19.9   14:15  10.1    6:30   3.2   0.2   0.0   7.9  51.5   16:05   WNW
11  15.9  22.1   16:45  11.2    5:20   3.0   0.6   0.0   2.9  20.9   14:45     E
12  19.3  23.4   13:15  15.6    0:05   0.3   1.3   0.0  18.5  56.3   19:05   SSE
13  16.3  19.8   15:30  12.3   23:55   2.1   0.1   0.0   8.0  46.7    4:30   NNE
14  15.1  19.9   15:40  11.1    5:10   3.3   0.1   0.0   5.8  35.4   14:05   WNW
15  13.5  18.0   11:25  10.1   00:00   4.8   0.0   7.0   3.9  17.7    5:35    NE
16  11.4  14.4   11:20   9.4    6:20   6.9   0.0   1.6   4.2  35.4   12:40   WNW
17  13.9  19.0   14:05   9.8    5:45   4.4   0.0   0.0   2.1  16.1   12:25    NE
18  13.7  17.6   16:50  10.8    6:00   4.6   0.0   0.0   3.4  27.4   13:45    NE
19  12.3  14.9   15:30  10.2   00:00   6.0   0.0   0.6   5.0  35.4    9:05    NE
20  12.8  16.9   12:40   9.8    3:20   5.5   0.0   0.0   3.9  30.6   14:40    NE
21  12.0  15.1   15:50   8.9    6:50   6.3   0.0   0.0   3.5  22.5   17:25    NE
22  12.9  17.0   13:35   8.9    1:50   5.4   0.0   0.0   3.2  17.7   11:50     E
23  15.2  20.2   16:30  10.7    4:55   3.3   0.2   0.0   2.1  24.1   14:40    NE
24  18.8  24.1   14:00  14.2    0:55   0.8   1.3   0.0   4.3  49.9    5:20    NE
25  20.6  25.6   12:15  15.9    5:00   0.3   2.5   0.0   4.0  40.2    1:05     E
26  19.3  23.3   12:45  15.2    5:10   0.8   1.8   0.0   3.4  30.6    6:30   SSE
27  19.6  24.5   15:30  15.1    6:45   0.7   2.0   0.0   3.1  16.1   13:50   SSE
28  20.3  26.5   14:15  15.9    5:35   0.6   2.6   0.0   2.3  12.9   11:30    NE
29  19.0  23.9   14:10  14.6   23:55   0.9   1.6   0.0   2.4  19.3   15:30    NE
30  16.8  21.7   18:05  12.3    3:00   2.2   0.7   0.0   1.9  14.5   12:25    NE
-------------------------------------------------------------------------------------
    15.1  26.5    28     8.9    21   111.8  15.2  47.0   4.7  61.2     5      NE

Max >=  32.0:  0
Max <=   0.0:  0
Min <=   0.0:  0
Min <= -18.0:  0
Max Rain: 21.79 ON 06/04/19
Days of Rain: 7 (> .2 mm) 4 (> 2 mm) 1 (> 20 mm)
Heat Base:  18.3  Cool Base:  18.3  Method: Integration