NOAA Reports/Αναφορές NOAA

Select a Year or Month report

Report for 2019 Mar
                   MONTHLY CLIMATOLOGICAL SUMMARY for MAR. 2019

NAME: Vamos Weather Station   CITY: Vamos   STATE: Greece 
ELEV:   225 m  LAT:  35 24' 00" N  LONG:  24 06' 00" W

                   TEMPERATURE (C), RAIN  (mm), WIND SPEED (km/hr)

                                      HEAT  COOL        AVG
    MEAN                              DEG   DEG         WIND                 DOM
DAY TEMP  HIGH   TIME   LOW    TIME   DAYS  DAYS  RAIN  SPEED HIGH   TIME    DIR
------------------------------------------------------------------------------------
 1  11.8  16.1   13:25   7.3    6:55   6.5   0.0   0.0   6.3  40.2   14:15   SSE
 2  12.7  17.1   12:50   8.8    4:15   5.6   0.0   0.4   4.7  20.9   12:45   SSE
 3  11.5  14.8   11:40   8.9    4:20   6.8   0.0   2.4   4.0  30.6   11:10    NW
 4  11.2  13.9   16:35   9.0   23:45   7.2   0.0   0.0   2.3  16.1   11:30    SE
 5  12.9  18.7   15:40   8.4    6:35   5.4   0.0   0.0   3.7  32.2   14:30     E
 6  13.8  20.2   13:20  10.1    0:25   4.6   0.1   0.0   2.1  17.7   14:25   SSE
 7  14.7  19.8   15:15  10.7    4:50   3.8   0.2   0.0   2.6  14.5    5:20    SE
 8  15.5  20.8   13:15  12.1    0:25   3.1   0.3   0.0   2.3  11.3   13:25    SE
 9  16.6  22.2   12:45  11.6    5:50   2.5   0.8   0.0   6.4  37.0   17:50   WNW
10  18.6  22.6   13:45  13.3    1:15   1.0   1.3   0.0   9.0  40.2   15:50   WNW
11  17.8  23.4   12:35  13.7    4:35   1.5   1.1   0.0   4.5  43.5   13:20   SSE
12  13.9  18.2    5:10   8.6   00:00   4.4   0.0   7.2   6.1  33.8    5:35    NE
13   8.8  10.5    8:20   6.9    4:00   9.5   0.0   7.2   7.1  46.7   13:30    NW
14  11.6  15.5   16:05   8.1    2:55   6.7   0.0   1.4   4.3  30.6   15:15    SE
15  10.2  13.4   10:10   8.2    3:45   8.1   0.0   9.6   7.4  45.1    5:25   WNW
16  12.7  17.6   15:10   8.2    0:20   5.6   0.0   0.0   6.6  30.6   10:55   WNW
17  14.8  19.4   11:15  11.2    0:50   3.6   0.1   0.0   3.1  16.1    4:50    NE
18  13.7  17.8   14:45  10.3    5:05   4.6   0.0   0.0   2.7  17.7   12:40   ENE
19  14.2  19.2   14:10  10.4    6:15   4.2   0.1   0.0   2.6  12.9   12:50   SSE
20  13.8  17.6   11:15  10.8    6:25   4.5   0.0   0.0   3.1  20.9   14:05   SSE
21  13.4  14.8   12:50  12.3    4:55   4.9   0.0   0.0   3.5  24.1   15:25    NE
22  12.6  15.9   13:25  10.7   21:35   5.7   0.0   0.0   3.1  25.7   14:10    NE
23  12.9  16.4   14:20  10.3    3:55   5.4   0.0   0.0   2.6  20.9   15:45    NE
24  12.7  15.2   12:30   9.9   23:55   5.6   0.0   0.0   6.8  35.4   13:35   NNE
25  12.9  16.9   16:05   9.4    5:05   5.4   0.0   0.0   5.0  22.5   13:40   WNW
26  15.5  20.3   12:35  11.2    6:20   3.2   0.4   0.0   6.4  41.8   13:00   WNW
27  14.6  18.5   13:30  11.4    5:45   3.8   0.0   0.0   2.4  16.1   11:10    NE
28  12.6  13.7    0:35  11.2    8:20   5.7   0.0  10.6   3.7  29.0   13:50   SSE
29   9.5  12.1    0:05   7.8   16:15   8.8   0.0  80.6  11.9  54.7    6:15    NE
30   7.8   9.7   11:20   6.3   15:25  10.5   0.0  11.6   8.2  35.4    8:30   NNW
31  10.2  13.2   15:50   8.5    0:05   7.8   0.0   0.0   7.6  40.2   15:35   NNW
-------------------------------------------------------------------------------------
    13.1  23.4    11     6.3    30   166.1   4.4 131.0   4.9  54.7    29      NE

Max >=  32.0:  0
Max <=   0.0:  0
Min <=   0.0:  0
Min <= -18.0:  0
Max Rain: 80.59 ON 29/03/19
Days of Rain: 9 (> .2 mm) 7 (> 2 mm) 1 (> 20 mm)
Heat Base:  18.3  Cool Base:  18.3  Method: Integration