NOAA Reports/Αναφορές NOAA

Select a Year or Month report

Report for 2019 Feb
                   MONTHLY CLIMATOLOGICAL SUMMARY for FEB. 2019

NAME: Vamos Weather Station   CITY: Vamos   STATE: Greece 
ELEV:   225 m  LAT:  35 24' 00" N  LONG:  24 06' 00" W

                   TEMPERATURE (C), RAIN  (mm), WIND SPEED (km/hr)

                                      HEAT  COOL        AVG
    MEAN                              DEG   DEG         WIND                 DOM
DAY TEMP  HIGH   TIME   LOW    TIME   DAYS  DAYS  RAIN  SPEED HIGH   TIME    DIR
------------------------------------------------------------------------------------
 1  11.9  16.0   15:30   8.8    0:15   6.4   0.0   0.0   4.2  17.7   21:40   SSE
 2  14.6  18.8   13:30   9.9    0:20   3.7   0.0   0.0   9.5  40.2   23:55   SSE
 3  16.8  20.2   14:15  14.7   21:30   1.8   0.3   0.0  18.0  43.5    1:35   SSE
 4  14.6  16.8   16:20  13.3    5:05   3.7   0.0   0.0  15.3  54.7   12:40   SSE
 5  14.3  19.1   12:40   9.4   21:30   4.0   0.0  11.6   9.2  51.5   22:50   SSE
 6  10.1  12.7   11:40   7.3   17:40   8.2   0.0   9.0   9.8  69.2    6:25   SSE
 7   9.2  12.7   11:50   7.6   16:45   9.1   0.0  46.4   5.0  33.8   22:50   SSE
 8   9.1  12.0   14:40   7.0   22:15   9.2   0.0   1.6   3.5  19.3    0:05   WNW
 9   9.1  12.1   13:30   7.1    0:55   9.2   0.0   0.0   1.6  11.3    6:20    NE
10  10.5  14.4   13:40   7.9    5:30   7.8   0.0   0.0   3.5  25.7   17:10   NNW
11  12.2  17.0   15:45   8.2    2:35   6.1   0.0   0.0   5.3  29.0   15:45   SSE
12  11.6  15.3   10:35   9.0    5:00   6.7   0.0   4.0   6.0  45.1   12:55   SSW
13   8.3   9.6    0:05   6.5   16:45  10.0   0.0 158.4   6.3  45.1   22:55   WNW
14   8.3   9.3    8:40   7.1   16:20  10.0   0.0  45.8  10.3  46.7   14:00    NE
15   7.1   9.4   11:20   5.0   22:05  11.3   0.0  15.2   7.7  41.8    9:15   NNE
16   8.0   9.4   12:05   5.4    5:20  10.3   0.0  25.6   8.5  41.8   19:20   NNE
17   7.9   9.2    0:45   7.3    7:25  10.4   0.0  43.8   5.5  25.7    2:10   WNW
18   9.4  12.6   15:10   7.9   23:45   8.9   0.0   0.0   3.4  12.9    0:25   WNW
19  10.7  14.4   14:05   7.6    1:45   7.6   0.0   0.0   2.6  12.9    0:25    SE
20  11.6  15.6   13:45   8.3    2:10   6.8   0.0   0.0   3.2  25.7   13:40   SSE
21  11.7  15.6   13:35   9.0    1:35   6.6   0.0   0.0   3.7  19.3   13:15   SSE
22  11.7  15.5   15:25   9.1    0:55   6.6   0.0   0.0   2.1  12.9   12:10   SSE
23  11.1  15.3   12:45   8.6    3:25   7.3   0.0   1.6   3.7  19.3    1:30   SSE
24   8.7   9.9    0:20   7.4    6:05   9.6   0.0  56.4   8.5  49.9   18:40    NE
25   8.7   9.8   22:35   7.8   22:05   9.6   0.0 213.8  19.0  69.2   15:20    NE
26   8.3   9.5    0:20   6.2   23:45  10.0   0.0  12.2   8.0  49.9    2:30    NW
27   9.4  11.1    6:10   6.3   23:55   8.9   0.0   3.6   7.4  38.6    3:45    NE
28   9.1  12.6   15:45   5.6    4:40   9.2   0.0   1.2   6.0  38.6   21:15    NW
-------------------------------------------------------------------------------------
    10.5  20.2     3     5.0    15   218.9   0.3 650.1   7.0  69.2     6     SSE

Max >=  32.0:  0
Max <=   0.0:  0
Min <=   0.0:  0
Min <= -18.0:  0
Max Rain: 213.79 ON 25/02/19
Days of Rain: 16 (> .2 mm) 13 (> 2 mm) 7 (> 20 mm)
Heat Base:  18.3  Cool Base:  18.3  Method: Integration