NOAA Reports/Αναφορές NOAA

Select a Year or Month report

Report for 2019 Jan
                   MONTHLY CLIMATOLOGICAL SUMMARY for JAN. 2019

NAME: Vamos Weather Station   CITY: Vamos   STATE: Greece 
ELEV:   225 m  LAT:  35 24' 00" N  LONG:  24 06' 00" W

                   TEMPERATURE (C), RAIN  (mm), WIND SPEED (km/hr)

                                      HEAT  COOL        AVG
    MEAN                              DEG   DEG         WIND                 DOM
DAY TEMP  HIGH   TIME   LOW    TIME   DAYS  DAYS  RAIN  SPEED HIGH   TIME    DIR
------------------------------------------------------------------------------------
 1   9.7  12.8   12:40   7.8   20:55   8.6   0.0   2.0   2.9  25.7   17:10    NE
 2   8.6  11.4   15:05   4.1    4:00   9.8   0.0  52.8   5.1  37.0    5:10   NNW
 3  11.0  16.7   13:55   7.1    4:05   7.3   0.0   2.8  10.5  75.6   14:45   WNW
 4   7.7  11.6   13:15   5.3    5:35  10.6   0.0   1.6   3.5  40.2    4:10   WNW
 5   5.0   6.7    9:50   2.3   19:55  13.3   0.0   3.6   6.1  37.0   18:50    NW
 6   6.9  11.6   15:35   2.6    2:05  11.4   0.0   2.8   6.3  33.8   10:55    NW
 7   6.0   9.2   12:55   2.3   21:40  12.3   0.0  17.4   4.0  25.7   17:25    NE
 8   3.2   6.0   16:35   0.4    8:40  15.1   0.0   4.4   6.3  40.2    8:30   WNW
 9   8.4  13.8   14:30   3.1    0:40   9.8   0.0   9.4   8.2  51.5   22:20   SSE
10  10.4  12.4   23:15   8.7    3:40   7.9   0.0  12.2   6.4  32.2   23:30   SSE
11  13.5  15.6   11:40  11.1    0:15   4.8   0.0   1.8  20.9  59.5   15:20   SSW
12  12.7  16.0   15:20   8.3   22:15   5.6   0.0   3.0  14.2  59.5    3:10   SSE
13   9.4  11.3   14:25   7.3    5:40   8.9   0.0  30.6   5.5  45.1   22:05   WNW
14   9.9  13.4   13:05   7.2    5:55   8.4   0.0   3.0   7.4  41.8   15:20   WNW
15   6.9  11.2    5:35   3.3   23:30  11.4   0.0  47.6   8.9  75.6    6:25    NW
16   5.8   8.7   14:50   2.3    3:45  12.4   0.0   2.2   9.3  46.7    3:20   NNW
17   9.7  15.1   14:30   5.2    1:40   8.6   0.0   0.0   3.7  24.1   16:15   SSE
18  10.7  15.2   14:55   7.7    3:10   7.6   0.0   0.0   7.4  24.1   15:30   SSE
19  11.2  15.3   15:00   8.9   21:55   7.1   0.0   0.0   9.0  38.6   11:50   SSE
20  11.2  13.7   11:25   8.8   23:45   7.1   0.0   5.6   9.7  49.9   14:15   SSE
21  11.2  15.2   13:25   8.0    2:55   7.1   0.0   0.2   3.4  24.1   12:00    SE
22  12.7  17.0   13:50   9.2    6:40   5.6   0.0   0.0  10.1  48.3   15:55   SSE
23  14.3  16.1   16:05  11.7    1:25   4.0   0.0   8.4  17.1  67.6   22:20   SSE
24  11.3  15.7    0:30   8.4    8:05   6.9   0.0   7.4   7.9  62.8    0:05   SSE
25  11.9  14.4    4:20   7.9   00:00   6.3   0.0  19.8  19.2  86.9    6:55   SSW
26  10.3  14.3   13:15   7.4    4:30   8.0   0.0   0.6   4.0  22.5    9:20     E
27  11.0  14.2   13:00   8.9   23:40   7.3   0.0   0.4   7.4  38.6    9:05    NW
28  11.9  15.4   14:45   9.1    1:15   6.4   0.0   0.0   4.0  20.9    7:20   SSE
29  13.3  15.9   11:50  10.2   21:20   4.9   0.0   7.8  22.0  85.3   20:30   SSE
30  10.7  13.5   13:10   8.2    7:15   7.6   0.0   4.6   6.1  54.7    0:05    SE
31  11.1  14.6   15:50   8.4    4:15   7.3   0.0   5.8   8.4  66.0   14:35   WNW
-------------------------------------------------------------------------------------
     9.9  17.0    22     0.4     8   259.7   0.0 257.8   8.5  86.9    25     SSE

Max >=  32.0:  0
Max <=   0.0:  0
Min <=   0.0:  0
Min <= -18.0:  0
Max Rain: 52.81 ON 02/01/19
Days of Rain: 26 (> .2 mm) 21 (> 2 mm) 3 (> 20 mm)
Heat Base:  18.3  Cool Base:  18.3  Method: Integration