NOAA Reports/Αναφορές NOAA

Select a Year or Month report

Report for 2018 Dec
                   MONTHLY CLIMATOLOGICAL SUMMARY for DEC. 2018

NAME: Vamos Weather Station   CITY: Vamos   STATE: Greece 
ELEV:   225 m  LAT:  35 24' 00" N  LONG:  24 06' 00" W

                   TEMPERATURE (C), RAIN  (mm), WIND SPEED (km/hr)

                                      HEAT  COOL        AVG
    MEAN                              DEG   DEG         WIND                 DOM
DAY TEMP  HIGH   TIME   LOW    TIME   DAYS  DAYS  RAIN  SPEED HIGH   TIME    DIR
------------------------------------------------------------------------------------
 1  10.8  14.4   14:15   8.6    0:05   7.4   0.0   0.2   1.9  14.5    1:25   WNW
 2  11.6  13.6   12:05   9.4    4:20   6.7   0.0   0.0   3.4  12.9    9:55   SSE
 3  11.8  12.6   15:30  10.6   22:10   6.5   0.0   3.6   3.2  14.5   22:35   NNW
 4  12.6  15.3   12:30  10.6    4:00   5.8   0.0   0.0   2.3  14.5   10:25    NW
 5  12.2  13.8    9:40  10.8    7:10   6.1   0.0  17.8   5.5  30.6   19:00   NNW
 6  11.0  12.4    0:30  10.0   17:40   7.3   0.0   9.6   8.9  35.4   10:30   NNE
 7   9.4  11.7   13:20   7.2   23:35   8.9   0.0   0.0   5.3  30.6    0:50   NNW
 8  11.8  18.1   15:20   7.1    0:30   6.4   0.0   0.0   2.6  14.5   15:40   SSE
 9  14.2  17.6   13:40  11.9    4:45   4.1   0.0   1.8   9.2  56.3   23:45   WNW
10  14.7  20.4   13:45  11.6    6:00   3.8   0.1   0.8  13.2  72.4   12:30   WNW
11  11.4  14.2   15:05   9.3    5:45   6.9   0.0   5.6   8.2  56.3   16:25   WNW
12  10.3  13.1   13:10   7.7    4:20   8.0   0.0   6.6   4.8  27.4    0:05   WNW
13  11.9  16.4   13:20   8.4    0:45   6.4   0.0   4.2   6.0  66.0    9:55   SSE
14  15.1  19.4   14:40  11.5    1:25   3.3   0.1   0.0   5.3  41.8   23:50   SSE
15  16.7  18.2   12:05  14.9    1:40   1.6   0.0   2.6  22.9  72.4    9:05   SSW
16  13.3  17.8    0:40  10.6    6:45   5.0   0.0  11.0   6.8  61.2    1:00    NW
17  13.4  15.9   13:50  11.5    4:30   4.8   0.0   0.0  10.0  49.9   14:10    NW
18  11.8  14.4   15:50   9.3   21:15   6.5   0.0  23.0   6.3  51.5   11:40   WNW
19   9.6  10.9   12:10   8.3    7:40   8.7   0.0  35.4   4.7  29.0   22:05   NNW
20  10.3  13.7   15:05   8.8   20:05   8.0   0.0   0.0   3.5  19.3   14:25    NW
21  10.9  14.8   14:30   8.2    3:55   7.3   0.0   0.0   2.4  11.3   12:30   SSE
22  13.7  18.5   13:00  10.6    0:10   4.6   0.0   0.0   4.8  35.4   19:55    NW
23  13.9  16.8   11:55  10.8   22:10   4.4   0.0   0.0   6.4  38.6    5:15    NW
24  13.6  18.1   15:25  10.0    6:05   4.7   0.0   0.0   3.9  19.3   23:45   SSE
25  13.2  19.9   12:25   7.9   00:00   5.3   0.1  30.2   5.5  35.4   13:00   SSE
26   7.6   8.6   12:10   4.7   20:55  10.7   0.0  12.8   7.7  32.2    9:05    NE
27   7.4   8.8   15:00   5.6    0:05  10.8   0.0   0.2   5.3  24.1    0:50    NW
28   8.7  10.8   16:20   7.3   20:45   9.6   0.0   0.0   3.2  16.1    4:55    NW
29  10.6  14.6   13:15   7.4    2:15   7.7   0.0   0.0   2.4  14.5   14:20   SSE
30  10.9  14.7   12:15   9.1    0:35   7.4   0.0   0.4   3.2  16.1   17:30   SSE
31  10.1  13.6   10:30   8.6   21:35   8.2   0.0  11.8   4.8  30.6   11:45   SSE
-------------------------------------------------------------------------------------
    11.8  20.4    10     4.7    26   203.0   0.3 177.6   5.9  72.4    10      NW

Max >=  32.0:  0
Max <=   0.0:  0
Min <=   0.0:  0
Min <= -18.0:  0
Max Rain: 35.41 ON 19/12/18
Days of Rain: 18 (> .2 mm) 13 (> 2 mm) 3 (> 20 mm)
Heat Base:  18.3  Cool Base:  18.3  Method: Integration