NOAA Reports/Αναφορές NOAA

Select a Year or Month report

Report for 2018 Nov
                   MONTHLY CLIMATOLOGICAL SUMMARY for NOV. 2018

NAME: Vamos Weather Station   CITY: Vamos   STATE: Greece 
ELEV:   225 m  LAT:  35 24' 00" N  LONG:  24 06' 00" W

                   TEMPERATURE (C), RAIN  (mm), WIND SPEED (km/hr)

                                      HEAT  COOL        AVG
    MEAN                              DEG   DEG         WIND                 DOM
DAY TEMP  HIGH   TIME   LOW    TIME   DAYS  DAYS  RAIN  SPEED HIGH   TIME    DIR
------------------------------------------------------------------------------------
 1  20.3  24.6   14:35  17.3   22:55   0.1   2.0   0.0   2.6  12.9   21:35   SSE
 2  19.3  23.7   13:35  16.4   00:00   0.3   1.4   0.2   1.8  11.3   11:30   SSE
 3  17.7  20.5   11:45  15.9    5:35   0.9   0.4   0.0   1.9  16.1   13:35    NE
 4  16.9  19.1    9:25  15.5    3:20   1.4   0.0   0.0   1.0  12.9   13:45    NE
 5  16.8  20.3   13:05  14.5    6:35   1.7   0.3   0.0   1.3  14.5   13:25    NE
 6  16.6  19.6   12:25  14.2    6:55   1.8   0.1   0.0   1.8  17.7   12:35    NE
 7  16.8  19.7   10:45  14.7    3:50   1.7   0.2   0.0   1.8  17.7   13:20    NE
 8  16.9  20.8   13:05  14.2   23:55   1.8   0.4  10.2   1.8  14.5   12:35   SSE
 9  14.2  17.0   11:45  11.5    4:45   4.1   0.0  46.8   1.9  16.1    4:35   WSW
10  14.7  16.2   15:50  13.7    7:30   3.6   0.0  38.6   3.1  16.1    0:55   SSE
11  15.8  17.9   11:50  14.1    3:25   2.5   0.0  21.0   1.8  12.9    6:45   ENE
12  15.9  17.1   12:20  14.6   21:20   2.3   0.0   1.0   1.1  11.3   11:05    NE
13  15.1  16.6   10:45  13.9    7:35   3.2   0.0   0.6   5.8  33.8   16:10   NNE
14  14.4  16.2   13:15  13.2    7:10   3.9   0.0   0.0   3.7  25.7    1:25    NE
15  14.2  16.3   12:30  13.0   20:05   4.1   0.0   0.0   3.5  27.4   22:00    NE
16  12.1  14.7   11:15  10.1   20:15   6.2   0.0   7.6   3.1  17.7   19:30   SSE
17  13.6  17.5   11:25  10.3    1:25   4.7   0.0  34.8   3.2  24.1    9:05    SE
18  17.0  18.9    9:20  14.4    0:05   1.3   0.0  23.4  13.5  53.1   19:20   SSE
19  17.5  21.9   13:20  15.2   23:35   1.5   0.5   0.0   4.7  59.5    0:45   SSE
20  18.6  21.5   12:55  14.6    7:00   1.1   1.4   0.2  10.1  61.2   23:30   SSE
21  20.2  23.7   14:55  15.7   23:20   0.4   2.2   0.0   7.1  82.1    6:10     E
22  16.8  19.6   12:15  14.4   20:05   1.6   0.2   0.0   7.2  37.0    8:10    NW
23  13.8  15.9   12:55  12.2   23:50   4.5   0.0   5.6   5.3  32.2    8:25   NNW
24  12.8  15.8   13:10  11.1   21:30   5.4   0.0   0.0   2.9  16.1   12:25    NE
25  14.1  18.1   15:50  10.9    4:50   4.2   0.0   0.0   4.2  19.3   12:45   SSE
26  16.5  20.4   14:30  13.0    4:05   2.0   0.2   3.2   8.0  49.9   19:15   SSW
27  17.4  21.5   16:05  14.6   23:40   1.2   0.4   1.2   4.7  32.2    5:30   SSE
28  14.8  16.8   10:00  12.9    6:55   3.5   0.0   1.2   4.3  19.3   16:35   SSE
29  12.7  15.1    3:30  10.3   00:00   5.6   0.0  59.0   7.9  46.7   17:05   NNE
30   9.6  10.9   14:45   8.4   22:55   8.7   0.0  10.4   7.4  40.2    0:05   NNW
-------------------------------------------------------------------------------------
    15.8  24.6     1     8.4    30    85.5   9.6 265.0   4.3  82.1    21     SSE

Max >=  32.0:  0
Max <=   0.0:  0
Min <=   0.0:  0
Min <= -18.0:  0
Max Rain: 59.00 ON 29/11/18
Days of Rain: 17 (> .2 mm) 11 (> 2 mm) 6 (> 20 mm)
Heat Base:  18.3  Cool Base:  18.3  Method: Integration