NOAA Reports/Αναφορές NOAA

Select a Year or Month report

Report for 2018 Oct
                   MONTHLY CLIMATOLOGICAL SUMMARY for OCT. 2018

NAME: Vamos Weather Station   CITY: Vamos   STATE: Greece 
ELEV:   225 m  LAT:  35 24' 00" N  LONG:  24 06' 00" W

                   TEMPERATURE (C), RAIN  (mm), WIND SPEED (km/hr)

                                      HEAT  COOL        AVG
    MEAN                              DEG   DEG         WIND                 DOM
DAY TEMP  HIGH   TIME   LOW    TIME   DAYS  DAYS  RAIN  SPEED HIGH   TIME    DIR
------------------------------------------------------------------------------------
 1  20.7  24.9   11:55  18.2    5:35   0.0   2.4   0.0   4.5  38.6   17:55    SE
 2  20.8  25.4   13:50  17.9    3:30   0.0   2.5   0.0   4.2  16.1   12:20   SSE
 3  21.2  25.6   12:30  17.7    2:20   0.1   2.9   0.2   1.8  14.5    8:05   SSE
 4  21.8  25.8   13:00  19.2    5:35   0.0   3.5   0.0   1.8  12.9   14:00    SE
 5  20.2  23.3   16:55  17.3   23:50   0.1   2.0   0.0   2.3  19.3   14:30    NE
 6  18.3  21.9   13:50  16.2   23:45   0.8   0.8   0.0   2.3  19.3   14:05    NE
 7  19.0  23.7   16:45  16.0    1:05   0.6   1.3   0.0   1.9  12.9   11:25   SSE
 8  19.6  23.4   13:20  16.9   23:50   0.2   1.4   0.0   1.6  14.5   13:10    NE
 9  18.2  21.3   12:40  15.5    6:35   0.7   0.7   0.0   2.9  20.9   20:10    NE
10  18.2  21.1   12:25  16.6    4:25   0.6   0.5   0.0   3.9  24.1   13:15    NE
11  18.2  20.6   13:55  16.5   20:05   0.6   0.6   0.0   4.5  27.4   23:50    NW
12  18.1  20.6   14:00  16.7    3:05   0.6   0.3   0.0   5.5  27.4   10:25    NE
13  18.1  19.7   12:15  16.4    2:40   0.5   0.3   4.8   5.0  24.1    8:10    NE
14  18.1  20.7   11:40  16.8    7:40   0.5   0.3   0.2   2.6  19.3    0:50    NE
15  17.9  21.1   12:00  16.1    7:00   0.8   0.4   3.0   1.6  17.7   15:45    NE
16  18.0  21.1   12:35  15.8    6:45   0.9   0.6   0.2   1.3  12.9   16:40    NE
17  17.9  21.4   13:30  15.2    7:20   1.1   0.6   0.0   1.3  12.9   11:40    NE
18  18.6  23.0   14:25  15.6    6:40   0.7   1.0   0.0   2.9  14.5   13:05   SSE
19  19.1  21.0   11:10  16.9    5:05   0.2   0.9   0.0   2.1  14.5   13:10   SSE
20  19.5  23.7   14:25  16.9    7:20   0.2   1.4   0.0   1.9  17.7   13:55    SE
21  18.0  20.6   12:10  15.9   23:20   0.8   0.5   0.0   2.6  16.1   11:35   SSE
22  17.3  20.5   12:10  15.5    7:20   1.3   0.3  15.4   3.2  27.4   21:40   SSE
23  18.3  22.1   16:05  15.8    0:05   0.8   0.8   0.6   4.0  33.8   15:25   SSE
24  16.1  18.8    8:45  14.2   20:05   2.2   0.0  20.2   2.4  16.1   14:45    SE
25  15.3  17.8    9:20  11.9   22:45   3.0   0.0   0.8   4.7  40.2   10:20    NE
26  15.4  20.3   14:55  11.3    2:00   3.2   0.3   0.0   3.4  16.1    5:40   SSE
27  18.3  23.2   15:25  14.4    5:00   1.2   1.3   0.0   4.2  16.1   12:55   SSE
28  18.7  23.0   16:10  15.1    6:10   0.8   1.2   0.0   3.4  29.0   12:35    SE
29  18.8  23.4   13:50  16.0    7:35   0.7   1.2   0.0   2.3  12.9    0:30    SE
30  19.2  23.9   12:35  16.7    5:10   0.5   1.4   0.0   1.3  12.9   20:00    SE
31  20.1  26.3   15:20  17.0    2:10   0.2   2.0   0.0   2.6  17.7   13:10   SSE
-------------------------------------------------------------------------------------
    18.6  26.3    31    11.3    26    23.9  33.5  45.4   2.9  40.2    25      NE

Max >=  32.0:  0
Max <=   0.0:  0
Min <=   0.0:  0
Min <= -18.0:  0
Max Rain: 20.19 ON 24/10/18
Days of Rain: 9 (> .2 mm) 4 (> 2 mm) 1 (> 20 mm)
Heat Base:  18.3  Cool Base:  18.3  Method: Integration