NOAA Reports/Αναφορές NOAA

Select a Year or Month report

Report for 2018 Sep
                   MONTHLY CLIMATOLOGICAL SUMMARY for SEP. 2018

NAME: Vamos Weather Station   CITY: Vamos   STATE: Greece 
ELEV:   225 m  LAT:  35 24' 00" N  LONG:  24 06' 00" W

                   TEMPERATURE (C), RAIN  (mm), WIND SPEED (km/hr)

                                      HEAT  COOL        AVG
    MEAN                              DEG   DEG         WIND                 DOM
DAY TEMP  HIGH   TIME   LOW    TIME   DAYS  DAYS  RAIN  SPEED HIGH   TIME    DIR
------------------------------------------------------------------------------------
 1   ---   ---     ---   ---     ---   0.0   0.0   0.0   0.0   0.0     ---   ---
 2   ---   ---     ---   ---     ---   0.0   0.0   0.0   0.0   0.0     ---   ---
 3   ---   ---     ---   ---     ---   0.0   0.0   0.0   0.0   0.0     ---   ---
 4   ---   ---     ---   ---     ---   0.0   0.0   0.0   0.0   0.0     ---   ---
 5   ---   ---     ---   ---     ---   0.0   0.0   0.0   0.0   0.0     ---   ---
 6  26.3  31.8    9:45  22.3   23:40   0.0   4.8   8.6   2.6  24.1   20:05    NE
 7  25.8  29.8   16:50  22.2    7:30   0.0   7.5   0.0   4.3  27.4    2:10    NE
 8  26.4  30.9   14:30  22.8    1:25   0.0   8.1   0.0   6.3  32.2   15:15   NNW
 9  24.2  27.1   14:35  21.8    7:10   0.0   5.9   0.2   3.9  27.4   15:15   NNE
10  24.4  28.6   16:20  21.2    6:30   0.0   6.1   0.0   3.2  20.9   12:20   NNE
11  23.9  28.8   16:20  20.9    6:00   0.0   5.7   0.0   2.3  17.7   13:10    NE
12  22.3  25.4   15:30  15.8   22:15   0.1   4.1  19.6   4.3  41.8   21:40    NE
13  19.2  24.3   16:10  14.9    5:30   0.8   1.6  58.2   4.8 305.8    7:15   NNE
14  22.2  26.4   13:50  19.4    6:55   0.0   3.9   0.0   2.7  17.7   15:20   SSE
15  23.0  27.6   13:55  19.3    7:15   0.0   4.7   0.0   1.9  16.1   15:20   NNE
16  23.9  27.6   15:20  20.1    0:30   0.0   5.7   0.0   3.1  22.5   14:40   NNE
17  23.4  26.5   14:40  21.1    7:10   0.0   5.1   0.0   3.7  20.9   12:25    NE
18  22.2  25.6   15:20  19.4   23:50   0.0   3.9   0.0   4.3  24.1   14:25    NE
19  21.3  24.8   14:20  18.7    3:10   0.0   3.0   0.0   4.0  19.3   11:40   WNW
20  21.8  25.2   14:25  18.7    3:45   0.0   3.5   0.0   3.4  20.9   15:10    NE
21  21.6  25.0   14:35  18.4    7:00   0.0   3.3   0.0   2.6  19.3   13:25    NE
22  22.2  26.2   14:30  18.9    5:40   0.0   3.9   0.0   1.4  17.7   12:55    NE
23  22.9  27.1   13:40  19.6   00:00   0.0   4.7   0.0   1.8  16.1   16:15    NE
24  23.3  29.4   16:05  18.5    5:35   0.0   5.0   0.0   1.8  14.5   13:10   SSE
25  22.2  25.8   10:40  18.4   23:50   0.0   3.9   1.0   6.0  29.0   13:45    NE
26  18.3  20.1   13:25  17.3   23:45   0.2   0.2   0.0   7.4  32.2   21:20    NE
27  16.3  17.3    0:05  15.2   14:35   2.0   0.0  84.2   6.6  29.0    0:05    NE
28  20.2  25.8   14:25  16.2    0:05   0.6   2.5  37.4   7.7  51.5   13:40   SSE
29  21.5  25.4   15:20  19.1   10:45   0.0   3.2   6.6  10.8  49.9    6:25   SSE
30  21.3  24.4   17:10  18.6   23:25   0.0   3.0   0.0   3.9  20.9   13:55   SSE
-------------------------------------------------------------------------------------
    22.4  31.8     6    14.9    13     3.7 103.4 215.8   3.5 305.8    13      NE

Max >=  32.0:  0
Max <=   0.0:  0
Min <=   0.0:  0
Min <= -18.0:  0
Max Rain: 84.20 ON 27/09/18
Days of Rain: 8 (> .2 mm) 6 (> 2 mm) 3 (> 20 mm)
Heat Base:  18.3  Cool Base:  18.3  Method: Integration