NOAA Reports/Αναφορές NOAA

Select a Year or Month report

Report for 2018 Aug
                   MONTHLY CLIMATOLOGICAL SUMMARY for JUL. 2018

NAME: Vamos Weather Station   CITY: Vamos   STATE: Greece 
ELEV:   225 m  LAT:  35 24' 00" N  LONG:  24 06' 00" W

                   TEMPERATURE (C), RAIN  (mm), WIND SPEED (km/hr)

                                      HEAT  COOL        AVG
    MEAN                              DEG   DEG         WIND                 DOM
DAY TEMP  HIGH   TIME   LOW    TIME   DAYS  DAYS  RAIN  SPEED HIGH   TIME    DIR
------------------------------------------------------------------------------------
 1  24.9  29.8   15:35  19.4    4:50   0.0   6.6   0.0   2.3  19.3   14:25    NE
 2  26.2  31.3   14:45  20.7    4:45   0.0   7.9   0.0   2.7  17.7   13:20    NE
 3  28.1  32.9   15:00  23.0    3:15   0.0   9.8   0.0   3.1  20.9   17:30     N
 4  28.8  34.1   15:05  24.3    5:30   0.0  10.5   0.0   2.9  17.7   14:10    NE
 5  29.3  34.4   14:55  25.0    0:05   0.0  11.0   0.0   2.3  17.7   13:05   NNW
 6  29.4  36.2   14:20  24.0    4:10   0.0  11.1   0.0   2.3  32.2   15:20    SE
 7  26.8  31.2   17:00  21.7    6:00   0.0   8.5   0.2   2.3  16.1   14:05   NNW
 8  26.6  30.2   17:20  22.5    6:05   0.0   8.3   0.0   3.2  20.9   11:45    NE
 9  25.0  29.4   13:35  21.6    5:00   0.0   6.7   0.0   2.3  19.3   11:50    NE
10  24.7  28.9   16:00  20.6    5:20   0.0   6.4   0.0   3.9  27.4   16:35   NNW
11  24.9  29.6   14:50  20.1    4:50   0.0   6.7   0.0   2.7  20.9   15:55    NE
12  26.2  30.7   16:20  21.2    5:15   0.0   7.9   0.0   4.0  22.5   11:50    NE
13  27.6  31.5   15:10  23.2    0:55   0.0   9.3   0.0   3.9  24.1   16:20    NW
14  27.8  30.9   15:45  24.7    6:35   0.0   9.5   0.0   4.8  30.6   13:10   NNW
15  27.1  30.7   19:30  23.6    4:35   0.0   8.8   0.0   4.5  27.4   13:50   NNW
16  28.5  34.4   17:25  22.7    6:00   0.0  10.2   0.0   1.6  17.7   14:15    NE
17  31.4  38.7   12:55  23.6    4:55   0.0  13.1   0.2   2.1  29.0   16:55     E
18  28.8  33.6   16:35  23.5   00:00   0.0  10.5   0.6   5.3  46.7    8:10     E
19  28.9  33.3   11:55  22.4    4:35   0.0  10.6   0.2   0.2  12.9   11:15     N
20  31.7  33.5   19:15  30.8    6:40   0.0  13.4   0.0   0.0   0.0     ---   ---
21  31.9  33.8   19:20  31.0    6:15   0.0  13.6   0.0   0.0   0.0     ---   ---
22  32.1  33.8   18:45  31.2    5:50   0.0  13.8   0.0   0.0   0.0     ---   ---
23  32.7  34.3   18:45  31.8    1:15   0.0  14.4   0.0   0.0   0.0     ---   ---
24  32.9  34.1   18:55  32.2    5:50   0.0  14.6   0.0   0.0   0.0     ---   ---
25  32.6  33.9   17:55  31.8    7:10   0.0  14.3   0.0   0.0   0.0     ---   ---
26  31.4  32.6   20:00  29.4   10:55   0.0  11.6   0.0   0.0   0.0     ---   ---
27
28  31.7  32.8   19:10  30.9   23:50   0.0   7.5   0.0   0.0   0.0     ---   ---
29  31.3  32.4   17:50  30.6    6:00   0.0  13.0   0.0   0.0   0.0     ---   ---
30  31.1  31.9   17:55  30.6    5:15   0.0  12.7   0.0   0.0   0.0     ---   ---
31  30.9  31.9   19:30  30.2    6:15   0.0  12.6   0.0   0.0   0.0     ---   ---
-------------------------------------------------------------------------------------
    29.0  38.7    17    19.4     1     0.0 314.7   1.2   1.9  46.7    18     NNW

Max >=  32.0: 17
Max <=   0.0:  0
Min <=   0.0:  0
Min <= -18.0:  0
Max Rain: 0.61 ON 18/07/18
Days of Rain: 4 (> .2 mm) 0 (> 2 mm) 0 (> 20 mm)
Heat Base:  18.3  Cool Base:  18.3  Method: Integration