NOAA Reports/Αναφορές NOAA

Select a Year or Month report

Report for 2018 Jun
                   MONTHLY CLIMATOLOGICAL SUMMARY for JUN. 2018

NAME: Vamos Weather Station   CITY: Vamos   STATE: Greece 
ELEV:   225 m  LAT:  35 24' 00" N  LONG:  24 06' 00" W

                   TEMPERATURE (C), RAIN  (mm), WIND SPEED (km/hr)

                                      HEAT  COOL        AVG
    MEAN                              DEG   DEG         WIND                 DOM
DAY TEMP  HIGH   TIME   LOW    TIME   DAYS  DAYS  RAIN  SPEED HIGH   TIME    DIR
------------------------------------------------------------------------------------
 1  23.3  28.0   16:15  18.0    5:35   0.0   5.0   0.0   4.8  24.1   17:10   WNW
 2  24.2  27.4   11:35  20.1    3:40   0.0   5.9   0.0   5.0  24.1   13:10    NW
 3  24.8  29.2   16:55  19.6    1:45   0.0   6.5   0.0   2.6  22.5   13:25    NE
 4  25.6  30.8   18:40  20.7    5:40   0.0   7.3   0.0   1.4  16.1   14:05   NNW
 5  27.8  32.9   18:00  22.2    5:00   0.0   9.5   0.0   2.4  16.1   13:45    SE
 6  29.3  35.4   13:25  23.4   23:00   0.0  11.0   0.0   3.2  20.9   16:50     N
 7  27.2  33.5   13:35  22.7    4:10   0.0   8.9   0.0   2.7  17.7   17:45    SE
 8  27.2  33.3   15:10  22.1    4:35   0.0   8.9   0.0   2.9  25.7   16:35    SE
 9  26.6  31.4   14:40  21.6   23:55   0.0   8.3   0.0   3.7  25.7   17:20    NE
10  24.0  27.6   14:50  19.6    5:35   0.0   5.7   0.4   9.7  56.3    8:20    NW
11  24.3  28.6   16:25  20.7    4:30   0.0   6.0   0.0   5.0  30.6   16:50   NNW
12  25.8  30.4   15:35  20.9    0:55   0.0   7.5   0.0   4.7  25.7   10:50   WNW
13  27.2  32.4   15:25  21.9    5:20   0.0   8.9   0.0   2.4  17.7   12:20   ENE
14  27.9  34.4   13:15  23.9    7:05   0.0   9.7   0.0   4.2  29.0   16:25   ENE
15  25.0  29.5   11:45  21.0    6:30   0.0   6.7   0.0   2.9  20.9   14:55   ENE
16  22.8  25.8   11:25  19.7    6:00   0.0   4.5   0.2   2.7  22.5   18:45    NE
17  22.9  27.6   12:40  19.0    6:30   0.0   4.6   0.0   5.3  37.0   19:45    NW
18  21.7  25.7   18:55  18.3   13:20   0.0   3.4   0.0   2.7  33.8   13:05    NE
19  21.8  26.4   13:35  18.8    6:35   0.0   3.5   1.0   1.6  19.3   13:55     N
20  22.8  26.5   11:45  19.9    5:00   0.0   4.5   0.0   2.7  20.9   12:30    SE
21  24.7  29.4   17:10  19.7    4:35   0.0   6.4   0.0   3.2  24.1   15:25   NNE
22  25.8  30.4   13:55  21.6    6:30   0.0   7.5   0.0   5.1  30.6   15:45   NNW
23  24.8  28.9   13:00  20.3    5:25   0.0   6.5   0.0   4.7  32.2   11:15   NNW
24  23.4  28.1   12:30  20.0    6:35   0.0   5.1   0.0   2.9  22.5   15:40    NE
25  22.4  25.8   14:20  20.2    6:00   0.0   4.1   0.0   2.1  20.9   11:55    NE
26  23.8  28.6   13:10  19.8    6:00   0.0   5.5   0.0   8.4  57.9   10:10   SSE
27  23.2  27.3   15:15  19.1    5:45   0.0   4.9   0.0   4.0  29.0   14:15    NE
28  23.4  27.3   15:55  19.7    4:35   0.0   5.1   0.0   8.0  49.9   16:45   WNW
29  24.4  27.8   14:55  20.9    5:00   0.0   6.1   0.0  14.2  49.9   23:10   WNW
30  24.8  28.6   14:50  21.1   23:50   0.0   6.5   0.0   8.5  46.7   11:20   WNW
-------------------------------------------------------------------------------------
    24.8  35.4     6    18.0     1     0.0 194.1   1.6   4.5  57.9    26     NNW

Max >=  32.0:  6
Max <=   0.0:  0
Min <=   0.0:  0
Min <= -18.0:  0
Max Rain: 0.99 ON 19/06/18
Days of Rain: 3 (> .2 mm) 0 (> 2 mm) 0 (> 20 mm)
Heat Base:  18.3  Cool Base:  18.3  Method: Integration