NOAA Reports/Αναφορές NOAA

Select a Year or Month report

Report for 2018 Apr
                   MONTHLY CLIMATOLOGICAL SUMMARY for APR. 2018

NAME: Vamos Weather Station   CITY: Vamos   STATE: Greece 
ELEV:   225 m  LAT:  35 24' 00" N  LONG:  24 06' 00" W

                   TEMPERATURE (C), RAIN  (mm), WIND SPEED (km/hr)

                                      HEAT  COOL        AVG
    MEAN                              DEG   DEG         WIND                 DOM
DAY TEMP  HIGH   TIME   LOW    TIME   DAYS  DAYS  RAIN  SPEED HIGH   TIME    DIR
------------------------------------------------------------------------------------
 1  20.1  26.7   13:30  13.6   00:00   1.1   2.8   0.0   7.1  40.2    8:40   SSE
 2  14.5  17.9   17:30  12.0   00:00   3.8   0.0   0.0   6.1  48.3    5:15   WNW
 3  15.2  18.5    9:55  11.7    1:15   3.1   0.0   0.0   4.3  19.3   15:35    SE
 4  15.9  20.4   15:45  11.9    6:40   2.8   0.4   0.0   3.2  17.7   12:35    SE
 5  17.6  23.4   13:55  12.3    2:10   2.2   1.4   0.0   1.8  11.3    4:55    SE
 6  16.4  20.7   16:40  12.5    7:55   2.3   0.4   0.0   3.5  20.9   11:20    NE
 7  14.0  17.9   14:45  11.7   10:30   4.3   0.0   6.6   5.5  61.2    9:15   WNW
 8  15.3  18.5   15:15  11.9    2:45   3.0   0.0   0.0   6.9  32.2   13:40   WNW
 9  15.8  20.3   15:35  12.6    6:10   2.7   0.2   0.0   3.1  22.5    0:10   WNW
10  16.3  22.1   14:05  12.0    7:00   2.7   0.7   0.2   1.9  14.5   15:50    SE
11  15.7  19.1   14:40  13.4    8:15   2.7   0.0   0.2   1.4  25.7   19:15    SE
12  17.9  25.1   13:15  13.5    7:20   1.8   1.4   0.0   1.6  20.9   11:20    NE
13  18.8  25.9   12:40  13.8    5:00   1.4   1.9   0.2   1.3  11.3   12:50    NE
14  18.1  25.4   14:35  12.3    6:50   1.7   1.6   0.0   2.7  17.7   16:40   SSE
15  19.7  24.8   15:15  15.7    0:45   0.4   1.8   0.0   3.7  17.7   13:25    SE
16  18.9  27.3   14:35  16.3    1:45   0.8   1.4   0.2   5.0  38.6   12:45    NE
17  17.2  21.9   14:20  13.8    5:20   1.7   0.6   0.0   3.1  16.1   12:55    NE
18  16.5  22.2   17:20  12.7    6:00   2.4   0.6   0.2   1.9  17.7   14:35    SE
19  16.8  21.8   12:35  13.8    5:05   2.3   0.7   0.2   3.1  24.1   14:20   NNW
20  19.2  24.2   14:05  14.6    0:05   1.2   2.0   0.0   2.1  19.3   17:50     N
21  15.4  18.1   17:20  13.1   23:05   2.9   0.0   0.0   5.5  37.0   15:20   NNW
22  16.3  20.7   15:15  12.4    4:55   2.5   0.4   0.0   2.6  22.5   12:25   NNW
23  17.0  22.5   13:00  12.1    4:40   2.1   0.8   0.0   3.1  20.9   18:15    NE
24  17.7  22.9   17:10  12.4    5:55   2.0   1.4   0.0   1.8  16.1   12:30   NNW
25  23.2  29.0   14:35  17.3    2:40   0.0   5.0   0.0   2.3  17.7   13:10   NNW
26  21.6  25.9   14:00  17.7    6:40   0.0   3.4   0.0   2.3  16.1   16:05    SE
27  22.3  28.1   16:00  16.9    3:45   0.1   4.1   0.0   2.9  14.5   16:10    SE
28  22.3  28.1   14:55  18.4   23:45   0.0   4.0   0.0   3.4  17.7   20:30    SE
29  19.6  23.6   16:45  16.6    6:40   0.2   1.5   0.0   1.9  19.3   13:15    SE
30  19.4  24.1   13:50  16.6    7:00   0.4   1.6   0.0   2.7  17.7   17:30    NE
-------------------------------------------------------------------------------------
    17.8  29.0    25    11.7     3    54.7  40.2   7.8   3.3  61.2     7      SE

Max >=  32.0:  0
Max <=   0.0:  0
Min <=   0.0:  0
Min <= -18.0:  0
Max Rain: 6.60 ON 07/04/18
Days of Rain: 7 (> .2 mm) 1 (> 2 mm) 0 (> 20 mm)
Heat Base:  18.3  Cool Base:  18.3  Method: Integration