NOAA Reports/Αναφορές NOAA

Select a Year or Month report

Report for 2018 Mar
                   MONTHLY CLIMATOLOGICAL SUMMARY for MAR. 2018

NAME: Vamos Weather Station   CITY: Vamos   STATE: Greece 
ELEV:   225 m  LAT:  35 24' 00" N  LONG:  24 06' 00" W

                   TEMPERATURE (C), RAIN  (mm), WIND SPEED (km/hr)

                                      HEAT  COOL        AVG
    MEAN                              DEG   DEG         WIND                 DOM
DAY TEMP  HIGH   TIME   LOW    TIME   DAYS  DAYS  RAIN  SPEED HIGH   TIME    DIR
------------------------------------------------------------------------------------
 1  11.9  15.8   15:50   8.6    3:55   6.4   0.0   0.0   2.3  17.7    5:15    NE
 2  15.4  20.2   12:45   9.7    0:30   3.1   0.2  29.0  19.6  80.5   22:25   SSE
 3  18.1  23.9   12:50  14.7   23:50   1.2   1.0   0.0   5.0  46.7    0:05    SE
 4  20.4  24.8   15:35  14.9    2:30   0.5   2.6   0.0   5.6  35.4   23:35    SE
 5  18.9  23.2   11:50  12.7   00:00   1.1   1.7   1.8  16.6  72.4    6:15   SSE
 6  16.3  21.3   13:40  12.1    4:05   2.4   0.5   0.2   5.8  37.0   15:35    SE
 7  18.3  23.3   12:25  14.3   21:55   1.0   1.0   2.6   8.5  67.6    1:15    NE
 8  15.7  19.8   11:05  12.1    5:45   2.8   0.2   0.4  11.4  70.8   18:25   WNW
 9  13.1  16.4   16:10  10.1    6:00   5.2   0.0   0.0   2.4  22.5    2:20     N
10  13.5  17.3   13:40  10.2    5:30   4.8   0.0   0.0   2.9  17.7   12:00   ESE
11  14.2  19.1   13:00   9.9    4:50   4.2   0.0   0.0   2.1  16.1   15:35   ESE
12  17.1  22.8   21:45  11.4    6:45   2.3   1.0   0.2   2.4  24.1   21:35    SE
13  16.2  20.3    0:30  11.2   00:00   2.3   0.2   0.0   6.8  35.4   15:10   WNW
14  14.2  18.3   13:50  10.6    1:40   4.1   0.0   0.0   7.1  37.0   13:30   WNW
15  14.3  18.3   15:25  10.8    1:20   4.0   0.0   0.0   7.1  41.8   13:40   WNW
16  15.6  21.4   14:25  10.8    3:00   3.1   0.4   0.0   2.3  12.9   13:45    SE
17  20.9  25.8   13:30  14.7    4:40   0.7   3.3   4.6  17.5  95.0   23:25   SSE
18  18.4  22.0   10:25  12.8   23:35   0.9   1.0  18.6  20.8  98.2    1:20   SSE
19  16.1  22.2   13:40  11.6    4:55   2.8   0.6   0.0   4.0  25.7   23:30    SE
20  14.5  18.6   10:55  10.9   23:45   3.8   0.0   0.0   3.9  24.1   13:40    NE
21  17.1  23.6   13:50   9.9    5:15   2.7   1.4   0.0   6.6  48.3   20:00   SSE
22  19.9  25.3   12:30  13.9   00:00   0.8   2.4   1.8  24.0 114.3    6:50   SSE
23  13.8  18.5   13:25   8.6   00:00   4.5   0.0   2.6   5.3  27.4   17:25   ENE
24  11.3  16.1   13:15   8.0    3:15   7.0   0.0   3.4   4.5  30.6   14:25   ENE
25  13.8  17.2   17:00   9.2    3:35   4.3   0.0   0.6  14.0  70.8   15:30   SSE
26  17.0  19.2   18:40  13.3   00:00   1.4   0.0   7.2  25.3  91.7   11:05   SSW
27  14.4  19.1   14:45  12.1    4:00   3.9   0.0   0.0   2.6  24.1   15:05    SE
28  12.8  15.8   13:10   9.8   00:00   5.5   0.0   7.0   3.4  30.6   21:30   WNW
29  12.1  15.8   15:50   8.1    5:30   6.2   0.0   5.4   5.6  30.6    4:40   WNW
30  14.3  19.1   16:55  10.2    1:20   4.1   0.0   0.0   3.2  22.5   14:00    SE
31  16.2  21.8   13:00  12.3    6:35   2.7   0.5   0.0   2.7  17.7   13:05    SE
-------------------------------------------------------------------------------------
    15.7  25.8    17     8.0    24    99.4  18.1  85.4   8.1 114.3    22      SE

Max >=  32.0:  0
Max <=   0.0:  0
Min <=   0.0:  0
Min <= -18.0:  0
Max Rain: 29.01 ON 02/03/18
Days of Rain: 15 (> .2 mm) 9 (> 2 mm) 1 (> 20 mm)
Heat Base:  18.3  Cool Base:  18.3  Method: Integration