NOAA Reports/Αναφορές NOAA

Select a Year or Month report

Report for 2018 Feb
                   MONTHLY CLIMATOLOGICAL SUMMARY for FEB. 2018

NAME: Vamos Weather Station   CITY: Vamos   STATE: Greece 
ELEV:   225 m  LAT:  35 24' 00" N  LONG:  24 06' 00" W

                   TEMPERATURE (C), RAIN  (mm), WIND SPEED (km/hr)

                                      HEAT  COOL        AVG
    MEAN                              DEG   DEG         WIND                 DOM
DAY TEMP  HIGH   TIME   LOW    TIME   DAYS  DAYS  RAIN  SPEED HIGH   TIME    DIR
------------------------------------------------------------------------------------
 1  11.6  14.4   14:10   8.2    7:00   6.7   0.0   0.0   3.5  16.1   11:05   SSE
 2  13.1  16.2   14:20  10.9    2:35   5.2   0.0   0.0   1.9  24.1   15:40    SE
 3  13.6  17.7   15:30  10.9    7:50   4.8   0.0   0.0   4.5  56.3   15:50   SSE
 4  15.4  18.3   15:05  11.9    2:20   2.9   0.0   0.0   5.3  27.4   11:05    SE
 5  12.8  16.3   12:10  10.3    7:10   5.5   0.0   0.0   1.9  22.5   16:10   NNE
 6  12.1  15.1   13:20   9.4    7:50   6.2   0.0   0.0   3.1  17.7   15:10    SE
 7  16.2  20.2   15:15   9.9    3:45   2.2   0.2  26.8  20.4  78.9   11:25    SE
 8  14.1  17.4    1:10  10.5   22:50   4.3   0.0   0.2   6.6  62.8    0:05   NNW
 9  12.0  14.3   13:20  10.1    1:50   6.3   0.0   0.2   2.4  17.7    2:05   ESE
10  13.8  16.6   15:25  10.5    5:25   4.4   0.0   0.8  12.2  75.6   13:45   SSW
11  13.2  16.8   12:35   9.3   23:40   5.2   0.0   0.0   7.9  59.5   13:40   WNW
12  10.6  14.8   12:15   7.9    4:10   7.7   0.0   0.2   3.2  22.5   15:35    SE
13  12.1  16.7   12:55   8.3    0:05   6.3   0.0   0.0   3.7  20.9   15:40   SSE
14  12.3  16.3   13:05   9.3    6:15   6.0   0.0   1.0   5.5  37.0    8:30   WNW
15   9.5  12.3   15:55   6.7   23:05   8.8   0.0  10.2   6.4  43.5    5:50    SE
16   8.8  10.6   15:05   7.1    4:35   9.5   0.0  35.6   4.8  38.6   19:40     N
17  10.7  13.4   15:00   8.5   23:50   7.6   0.0   0.0   3.9  25.7    1:05   WNW
18  11.0  14.6   12:40   8.2    6:45   7.3   0.0   0.0   1.4  12.9   13:40     N
19  11.8  15.2   14:05   9.6    3:40   6.5   0.0   0.2   1.3   9.7    4:55    SE
20  10.9  12.4    8:30   9.4   21:45   7.4   0.0  12.8   2.3  20.9   13:50   SSE
21  11.7  15.4   15:25   9.3    2:10   6.7   0.0   5.6   2.1  17.7   10:35    SE
22  13.1  17.4   13:40  10.2    4:25   5.2   0.0   0.0   2.7  17.7    6:25    SE
23  13.0  16.8   12:05   9.6    6:00   5.3   0.0   0.0   3.2  19.3   13:40   ENE
24  13.4  15.8   11:25   9.5   23:40   4.9   0.0   3.6  10.3  64.4    2:40   WNW
25  12.1  15.6   11:45   9.3   00:00   6.2   0.0   1.0   4.0  37.0    4:50   WNW
26  11.7  15.4   12:20   8.1    5:35   6.7   0.0   2.0   7.2  46.7   12:05   WNW
27  13.8  17.6   13:05  10.1    2:20   4.5   0.0   1.0   7.2  67.6   22:55   SSE
28  15.2  18.9   15:30  10.9   22:15   3.1   0.0   3.8  11.7  66.0    2:55    NW
-------------------------------------------------------------------------------------
    12.5  20.2     7     6.7    15   163.2   0.2 105.0   5.4  78.9     7      SE

Max >=  32.0:  0
Max <=   0.0:  0
Min <=   0.0:  0
Min <= -18.0:  0
Max Rain: 35.61 ON 16/02/18
Days of Rain: 16 (> .2 mm) 8 (> 2 mm) 2 (> 20 mm)
Heat Base:  18.3  Cool Base:  18.3  Method: Integration