NOAA Reports/Αναφορές NOAA

Select a Year or Month report

Report for 2018 Jan
                   MONTHLY CLIMATOLOGICAL SUMMARY for JAN. 2018

NAME: Vamos Weather Station   CITY: Vamos   STATE: Greece 
ELEV:   225 m  LAT:  35 24' 00" N  LONG:  24 06' 00" W

                   TEMPERATURE (C), RAIN  (mm), WIND SPEED (km/hr)

                                      HEAT  COOL        AVG
    MEAN                              DEG   DEG         WIND                 DOM
DAY TEMP  HIGH   TIME   LOW    TIME   DAYS  DAYS  RAIN  SPEED HIGH   TIME    DIR
------------------------------------------------------------------------------------
 1  11.9  16.6   13:15   8.1    3:45   6.4   0.0   0.0   2.7  17.7   15:35    SE
 2  13.3  17.8   11:45   9.9   23:25   5.0   0.0   0.4   5.1  29.0   14:15    SE
 3  10.2  12.8    0:25   7.8    6:45   8.1   0.0   6.0   4.3  29.0   15:00   WNW
 4  10.4  15.2   11:25   8.4   19:50   7.8   0.0  11.4  11.3  64.4   16:15   WNW
 5  11.3  14.3   14:25   8.3    7:05   7.0   0.0   0.0   5.6  35.4    0:40   WNW
 6  13.2  17.0   14:15  11.0    6:45   5.1   0.0   0.0   3.5  12.9   11:45    SE
 7  13.4  16.7   12:35  11.2    2:15   4.8   0.0   0.0   1.1   9.7    5:45    SE
 8  13.6  17.5   12:15  11.4    8:15   4.8   0.0   0.0   2.6  11.3    6:30    SE
 9  12.9  16.3   11:55  10.9   22:00   5.3   0.0   0.0   2.6  14.5   12:55    SE
10  13.4  16.1   15:20  11.6    4:00   4.8   0.0   0.2   7.1  53.1   15:20   SSE
11  13.6  17.0   12:20  11.0   23:15   4.8   0.0   0.4   4.5  33.8    0:05     W
12  13.2  17.2   12:05   9.7    5:15   5.1   0.0   0.4   7.7  43.5   19:55   SSE
13  12.1  15.4    3:35  10.0    5:20   6.2   0.0   2.2   8.4  75.6    2:15   SSE
14   9.7  10.6   13:25   8.6    7:10   8.6   0.0  14.6   5.0  45.1    7:00   NNW
15   9.9  13.4   14:55   7.6    3:20   8.4   0.0   0.0   3.1  17.7   21:50    SE
16  12.6  17.0   15:10   9.2    0:05   5.8   0.0   0.0   4.8  24.1   12:40    SE
17  14.1  17.8   15:40  11.2    0:25   4.3   0.0   0.2   5.5  29.0    4:20   WNW
18  11.4  16.0    4:25   7.7   23:10   6.8   0.0   7.0  20.6  83.7   10:15   WNW
19  10.6  14.9   14:10   6.5    6:55   7.8   0.0   0.0   6.9  41.8   10:05   WNW
20  12.4  16.2   13:45   9.6    6:30   5.9   0.0   0.0   5.0  33.8   15:05    SE
21  12.6  15.8   13:15   9.7    4:25   5.7   0.0   0.4   8.9  57.9   11:00   SSE
22  10.9  13.6   10:00   8.0   12:10   7.4   0.0   1.2  10.0  66.0   12:05    NW
23   9.7  11.2   14:45   8.8   23:55   8.6   0.0   0.0   3.9  22.5   20:50   NNE
24   7.3   9.5    0:35   4.1   21:55  11.0   0.0   2.0  10.1  41.8   18:20   NNW
25   6.8   8.1   11:15   5.6    0:05  11.5   0.0   0.0   8.4  33.8    2:00    NW
26   7.6   9.2   13:05   6.0    0:30  10.8   0.0   0.0   8.0  32.2    5:15    NW
27   8.1  10.9   12:00   5.8    3:00  10.2   0.0   0.0   3.5  24.1   11:45     W
28   9.2  13.1   13:00   5.9    1:05   9.1   0.0   0.0   3.4  17.7   13:30   WSW
29  10.7  15.4   14:05   7.6    4:10   7.6   0.0   0.0   1.9  12.9   12:00     N
30  11.7  16.6   15:55   8.7    5:55   6.6   0.0   0.0   2.1  14.5   13:40   ENE
31  11.2  14.9   12:55   8.6    7:10   7.1   0.0   0.0   1.8  12.9   11:05    SE
-------------------------------------------------------------------------------------
    11.3  17.8     2     4.1    24   218.3   0.0  46.5   5.8  83.7    18      SE

Max >=  32.0:  0
Max <=   0.0:  0
Min <=   0.0:  0
Min <= -18.0:  0
Max Rain: 14.60 ON 14/01/18
Days of Rain: 13 (> .2 mm) 6 (> 2 mm) 0 (> 20 mm)
Heat Base:  18.3  Cool Base:  18.3  Method: Integration