NOAA Reports/Αναφορές NOAA

Select a Year or Month report

Report for 2017 Dec
                   MONTHLY CLIMATOLOGICAL SUMMARY for DEC. 2017

NAME: Vamos Weather Station   CITY: Vamos   STATE: Greece 
ELEV:   225 m  LAT:  35 24' 00" N  LONG:  24 06' 00" W

                   TEMPERATURE (C), RAIN  (mm), WIND SPEED (km/hr)

                                      HEAT  COOL        AVG
    MEAN                              DEG   DEG         WIND                 DOM
DAY TEMP  HIGH   TIME   LOW    TIME   DAYS  DAYS  RAIN  SPEED HIGH   TIME    DIR
------------------------------------------------------------------------------------
 1  16.9  19.4   10:20  14.6    6:00   1.4   0.0   0.0  21.7  85.3   23:25   SSE
 2  18.6  20.2   13:25  17.4    0:15   0.1   0.4   0.0  43.0 101.4    2:25   SSE
 3  18.8  22.4   13:10  15.0   00:00   0.6   1.1   0.0   9.3  57.9    2:45   SSW
 4  15.7  19.8   11:35  13.6   00:00   2.6   0.1   0.0   3.2  38.6   21:40    NW
 5  12.1  15.2   14:45   7.8   00:00   6.2   0.0   7.6   4.7  29.0    1:25   WNW
 6   8.1   9.8   15:30   6.7    9:35  10.2   0.0   5.6   5.8  35.4    6:00   NNW
 7  10.8  15.7   15:30   7.1    3:30   7.5   0.0   0.0   3.4  11.3    1:05    SE
 8  11.5  16.5   12:25   9.1    7:10   3.6   0.0   0.0   3.4  11.3    7:10    SE
 9  14.1  17.5   14:50  11.9   22:35   1.9   0.0   0.0   2.9  12.9   15:10    SE
10  13.4  17.4   14:10  10.4    1:50   4.8   0.0   0.0   5.1  19.3   17:10   SSE
11  13.0  16.2   14:25  10.4    5:55   5.3   0.0   0.0   3.4  12.9    4:25    SE
12  14.3  18.4   14:25  11.9    4:40   4.0   0.0   0.0   1.6  11.3   23:30    SE
13  14.4  18.2   11:50  12.1    7:20   3.9   0.0   0.0   3.7  24.1   13:10   WNW
14  14.7  19.2   15:25  10.4    8:00   3.7   0.1   0.0   6.3  56.3   11:50   WNW
15  14.6  18.4   13:50  11.6    6:05   3.7   0.0   0.0   3.7  17.7    5:30    SE
16  16.0  19.8   15:00  12.1    4:55   2.4   0.1   0.0  10.5  70.8   22:55   SSE
17  16.4  20.6   13:50  13.1   22:55   2.1   0.2   0.0   7.1  64.4    1:30   SSE
18  12.8  16.2   10:25  10.6   21:55   5.5   0.0   0.0   2.9  30.6   22:45   ENE
19  11.0  13.1   12:05   9.5    5:55   7.3   0.0   0.0   3.2  27.4    1:10   WNW
20   9.4  10.9    3:50   8.6   18:00   8.9   0.0  10.2   2.1  14.5    5:15    SE
21  10.7  11.8   14:00   8.9    1:30   7.6   0.0   0.2   2.4  14.5   22:50   SSE
22  11.4  13.9   15:35   9.4   00:00   6.9   0.0  62.6   3.1  29.0   12:20     N
23   7.4   9.4    0:05   5.9   18:25  10.8   0.0 105.8   4.8  33.8    6:05   NNE
24   7.5  10.5   14:25   4.7    6:40  10.8   0.0   3.0   8.4  45.1    0:45    NW
25  11.8  15.4   15:45   9.3    0:05   6.5   0.0   0.0   2.3  16.1    1:20    SE
26  12.9  16.8   11:55   9.8    6:15   5.3   0.0   0.0   3.2  19.3    4:35    SE
27  12.8  16.0   11:30  11.2    5:05   5.5   0.0   0.0   3.4  16.1    5:40    SE
28  12.5  16.1   13:45  10.4    4:55   5.8   0.0   2.8   3.9  33.8   00:00    SE
29  11.7  15.6   14:35   9.2   00:00   6.6   0.0   4.6   4.7  43.5    4:05    SE
30  10.8  13.5   12:15   8.4    3:05   7.5   0.0   2.8  10.3  41.8   12:00   WNW
31   9.9  12.6   11:45   8.3   21:50   8.4   0.0   1.4   4.8  29.0    1:40   WNW
-------------------------------------------------------------------------------------
    12.8  22.4     3     4.7    24   167.5   1.9 206.6   6.4 101.4     2      SE

Max >=  32.0:  0
Max <=   0.0:  0
Min <=   0.0:  0
Min <= -18.0:  0
Max Rain: 105.79 ON 23/12/17
Days of Rain: 11 (> .2 mm) 9 (> 2 mm) 2 (> 20 mm)
Heat Base:  18.3  Cool Base:  18.3  Method: Integration