NOAA Reports/Αναφορές NOAA

Select a Year or Month report

Report for 2017 Oct
                   MONTHLY CLIMATOLOGICAL SUMMARY for OCT. 2017

NAME: Vamos Weather Station   CITY: Vamos   STATE: Greece 
ELEV:   225 m  LAT:  35 24' 00" N  LONG:  24 06' 00" W

                   TEMPERATURE (C), RAIN  (mm), WIND SPEED (km/hr)

                                      HEAT  COOL        AVG
    MEAN                              DEG   DEG         WIND                 DOM
DAY TEMP  HIGH   TIME   LOW    TIME   DAYS  DAYS  RAIN  SPEED HIGH   TIME    DIR
------------------------------------------------------------------------------------
 1  17.3  20.2   12:50  15.8    6:05   1.1   0.2   3.0   2.3  17.7    1:30    SW
 2  17.8  20.8   15:50  15.7    6:00   0.9   0.5   1.4   2.7  20.9   13:25   WNW
 3  17.6  20.6   15:35  15.3    4:35   1.2   0.5   0.0   3.1  25.7   13:45   WNW
 4  18.4  21.8   13:10  15.8   23:10   0.9   1.0   0.0   2.4  24.1   12:20   WNW
 5  19.8  24.4   15:55  16.2    0:30   0.4   1.9   0.0   1.1  14.5   16:15     W
 6  20.9  24.9   12:55  17.7    1:55   0.0   2.6   0.0   2.1  24.1   10:15    SE
 7  21.5  25.9   13:45  18.6    7:15   0.0   3.2   0.0   2.1  22.5   17:15     N
 8  18.3  20.8   16:00  15.7   20:50   0.7   0.6   0.0   8.5  46.7   11:05   WNW
 9  17.7  21.5   12:50  14.8    1:25   1.3   0.7   0.0   2.3  20.9   14:10    NE
10  17.8  21.1   12:00  15.3    1:00   1.1   0.7   0.0   3.7  19.3   14:00    SE
11  18.1  21.8   13:35  15.3    5:55   1.1   0.9   0.0   2.4  16.1   15:00    SE
12  18.6  21.7   15:25  16.3    4:25   0.7   1.0   0.0   2.7  22.5   15:35     W
13  18.8  21.8   12:05  16.6   22:30   0.5   1.0   0.0   2.9  20.9   16:00   WNW
14  19.2  22.4   14:50  16.9    0:35   0.4   1.3   0.0   2.7  20.9   11:45     W
15  17.6  20.1   14:00  15.2   23:55   1.1   0.4   0.0   3.2  27.4   13:25   WNW
16  18.9  22.8   16:55  15.1    1:35   0.8   1.4   0.0   2.4  19.3   14:45   WNW
17  18.6  21.5   15:05  15.9   22:35   0.5   0.8   0.0   2.6  19.3   13:05   WNW
18  18.6  23.3   15:55  15.2    3:25   1.0   1.3   0.0   2.4  11.3    7:30    SE
19  19.2  23.6   15:10  15.7    7:05   0.7   1.5   0.0   1.6  12.9   13:10    SE
20  19.6  24.5   16:20  16.4    7:40   0.5   1.8   0.0   2.9  14.5   11:55    SE
21  19.8  23.6   14:45  16.9    1:00   0.2   1.7   0.0   2.4  11.3    7:25    SE
22  19.7  23.9   13:55  16.7    4:35   0.3   1.7   0.0   1.9  14.5   14:30    SE
23  19.6  25.4   16:50  15.4    1:55   0.7   2.0   1.6   2.4  19.3   15:40    SE
24  16.9  20.9   13:35  13.9   22:35   1.8   0.4   3.4   4.5  29.0   10:00   WNW
25  16.6  20.7   16:20  13.4    4:15   2.0   0.4   0.0   2.4  16.1   17:05    SE
26  15.0  16.3    7:40  13.6   16:45   3.3   0.0  58.0   3.7  27.4    9:05    NE
27  15.9  19.3   14:35  14.1   22:00   2.5   0.0   0.0   1.4  17.7    0:15     W
28  18.0  23.4   16:10  13.1    5:05   1.6   1.3   0.0   3.7  27.4   13:00    SE
29  15.5  18.3   15:45  13.5    7:00   2.8   0.0  29.0   5.1  48.3   22:40   WNW
30  17.6  21.2   11:15  13.2    0:35   1.2   0.5   0.0   4.0  45.1    1:40    SE
31  14.6  17.2    4:00  13.1   18:05   3.7   0.0   3.8   2.3  17.7    9:40    SE
-------------------------------------------------------------------------------------
    18.2  25.9     7    13.1    28    35.0  31.3 100.2   2.9  48.3    29      SE

Max >=  32.0:  0
Max <=   0.0:  0
Min <=   0.0:  0
Min <= -18.0:  0
Max Rain: 57.99 ON 26/10/17
Days of Rain: 7 (> .2 mm) 5 (> 2 mm) 2 (> 20 mm)
Heat Base:  18.3  Cool Base:  18.3  Method: Integration