NOAA Reports/Αναφορές NOAA

Select a Year or Month report

Report for 2017 Aug
                   MONTHLY CLIMATOLOGICAL SUMMARY for AUG. 2017

NAME: Vamos Weather Station   CITY: Vamos   STATE: Greece 
ELEV:   225 m  LAT:  35 24' 00" N  LONG:  24 06' 00" W

                   TEMPERATURE (C), RAIN  (mm), WIND SPEED (km/hr)

                                      HEAT  COOL        AVG
    MEAN                              DEG   DEG         WIND                 DOM
DAY TEMP  HIGH   TIME   LOW    TIME   DAYS  DAYS  RAIN  SPEED HIGH   TIME    DIR
------------------------------------------------------------------------------------
 1  24.1  27.3   16:15  21.4   00:00   0.0   5.8   0.0   4.0  22.5    7:35   WNW
 2  25.2  29.2   17:15  21.3    0:40   0.0   6.9   0.0   5.5  25.7    8:45   WNW
 3  26.4  29.6   15:20  23.7    6:40   0.0   8.2   0.0   6.3  32.2   12:45   WNW
 4  28.0  31.2   15:30  25.1    6:05   0.0   9.7   0.0   5.5  27.4   13:25   WNW
 5  28.9  32.6   16:05  25.4    6:05   0.0  10.6   0.0   4.2  25.7   14:05   WNW
 6  29.7  34.2   17:45  25.3    2:30   0.0  11.4   0.0   3.7  25.7   14:10   WNW
 7  29.8  33.7   17:45  25.6    1:35   0.0  11.5   0.0   4.2  22.5   15:20    NE
 8  28.8  33.3   14:00  24.8    2:10   0.0  10.5   0.0   3.4  22.5   16:00     N
 9  27.0  30.3   11:35  24.8   22:10   0.0   8.7   0.0   3.4  24.1   13:45   NNE
10  27.7  32.3   15:50  24.7    2:45   0.0   9.3   0.0   6.0  40.2    9:40   WNW
11  28.5  33.1   16:55  24.5    1:40   0.0  10.2   0.0   5.1  29.0    9:30   WNW
12  29.8  35.1   17:25  25.5    6:35   0.0  11.5   0.0   4.8  25.7   11:45   NNW
13  28.1  31.4   14:45  23.8   00:00   0.0   9.8   0.0  11.4  48.3   18:40    NW
14  25.7  30.3   15:35  21.9    7:05   0.0   7.4   0.0   3.1  19.3    9:40    NE
15  25.3  28.1   17:35  22.5    5:00   0.0   7.0   0.0   5.0  27.4   12:05   NNW
16  25.9  28.8   16:50  23.3    2:25   0.0   7.7   0.0   6.1  35.4   13:10   WNW
17  25.6  27.2   15:35  24.2    7:00   0.0   7.3   0.0   6.4  32.2   10:15   WNW
18  26.4  29.3   17:20  24.1    7:10   0.0   8.2   0.0   4.8  25.7   14:10   WNW
19  26.6  31.0   14:30  23.1    7:15   0.0   8.3   0.0   2.9  20.9   12:10   NNE
20  26.1  30.6   15:35  22.8   23:45   0.0   7.8   0.0   1.9  16.1   12:50    NE
21  28.0  33.3   12:15  22.7    0:30   0.0   9.7   0.0   4.5  30.6   10:45   WNW
22  24.6  28.9   12:30  21.9    7:25   0.0   6.3   0.2   2.7  16.1   12:35    SE
23  23.4  26.3   13:50  21.2    6:20   0.0   5.2   0.0   2.6  20.9   14:05    NE
24  23.8  27.5   17:50  20.6    5:05   0.0   5.5   0.0   3.1  22.5   14:20   WNW
25  23.4  26.8   16:00  20.4    7:00   0.0   5.1   0.0   4.0  22.5   12:35   WNW
26  22.9  26.2   11:10  19.8   23:35   0.0   4.6   0.0   3.9  24.1   13:40   WNW
27  23.3  27.5   18:30  19.3    0:20   0.0   5.0   0.0   4.3  32.2   11:45   WNW
28  24.4  28.2   14:45  20.8    1:55   0.0   6.1   0.0   5.0  30.6   13:35   WNW
29  25.9  29.9   13:45  21.8    2:00   0.0   7.6   0.0   3.2  22.5   14:35   WNW
30  22.7  25.1   11:05  20.0   23:05   0.0   4.4   0.0   3.7  22.5   10:40   NNW
31  21.9  25.7   16:55  19.4    7:15   0.0   3.6   0.0   4.3  27.4   10:25   WNW
-------------------------------------------------------------------------------------
    26.1  35.1    12    19.3    27     0.0 240.9   0.2   4.5  48.3    13     WNW

Max >=  32.0:  8
Max <=   0.0:  0
Min <=   0.0:  0
Min <= -18.0:  0
Max Rain: 0.20 ON 22/08/17
Days of Rain: 1 (> .2 mm) 0 (> 2 mm) 0 (> 20 mm)
Heat Base:  18.3  Cool Base:  18.3  Method: Integration