NOAA Reports/Αναφορές NOAA

Select a Year or Month report

Report for 2017 Jul
                   MONTHLY CLIMATOLOGICAL SUMMARY for JUL. 2017

NAME: Vamos Weather Station   CITY: Vamos   STATE: Greece 
ELEV:   225 m  LAT:  35 24' 00" N  LONG:  24 06' 00" W

                   TEMPERATURE (C), RAIN  (mm), WIND SPEED (km/hr)

                                      HEAT  COOL        AVG
    MEAN                              DEG   DEG         WIND                 DOM
DAY TEMP  HIGH   TIME   LOW    TIME   DAYS  DAYS  RAIN  SPEED HIGH   TIME    DIR
------------------------------------------------------------------------------------
 1  34.3  38.1   17:15  30.6    1:15   0.0  16.0   0.0   2.3  17.7   14:35     N
 2  35.1  41.0   13:50  30.2    5:15   0.0  16.8   0.0   2.4  22.5   22:50    NE
 3  30.7  35.3    0:50  23.9   23:20   0.0  12.4   0.0  10.6  45.1   12:45   WNW
 4  24.5  27.2   11:50  20.8    4:10   0.0   6.2   0.0   4.3  24.1   17:10   NNW
 5  23.5  26.1   12:55  21.0    1:30   0.0   5.2   0.0   6.4  30.6   10:25   WNW
 6  24.4  28.4   18:25  20.8    6:20   0.0   6.1   0.0   6.6  37.0   14:40   WNW
 7  25.6  29.1   18:30  21.9    5:15   0.0   7.3   0.0   4.5  25.7   12:20   WNW
 8  26.6  30.0   18:15  23.3    6:10   0.0   8.2   0.0   3.9  25.7   12:05   NNW
 9  27.7  32.2   15:30  22.3    3:45   0.0   9.4   0.0   2.6  20.9   17:55    NE
10  27.8  32.7   17:35  22.7    3:40   0.0   9.5   0.0   4.0  25.7   13:15    NE
11  28.3  33.0   17:50  23.6    3:35   0.0  10.0   0.0   4.0  24.1   12:40   NNW
12  30.7  35.2   15:25  26.3    6:35   0.0  12.4   0.0   2.3  17.7   13:50   NNW
13  30.9  35.4   17:40  25.6   00:00   0.0  12.6   0.0   2.6  14.5   14:55   ENE
14  29.2  33.7   17:45  24.3    2:40   0.0  10.9   0.0   3.2  24.1   15:05    NE
15  27.0  32.1   16:40  23.1    6:30   0.0   8.7   0.0   3.1  20.9   17:55   ENE
16  25.8  29.3   14:05  22.5    5:15   0.0   7.5   0.0   2.7  19.3   13:15    NE
17  23.0  24.7   12:40  21.2    5:30   0.0   4.7   3.2   1.9  24.1   10:50    NE
18  21.0  23.8   17:20  19.2   13:20   0.0   2.7  35.4   3.2  25.7   17:15   NNW
19  22.4  26.1   18:10  19.7    3:15   0.0   4.2   0.0   5.1  24.1   12:00   WNW
20  24.6  28.3   17:55  21.4    4:35   0.0   6.2   0.0   6.3  29.0   12:20   WNW
21  25.3  29.0   18:05  21.3    4:40   0.0   7.0   0.0   5.3  25.7   13:10   WNW
22  26.1  29.7   17:20  22.9    5:40   0.0   7.8   0.0   5.0  25.7   11:15   WNW
23  27.9  32.3   18:20  23.6    6:55   0.0   9.6   0.0   3.7  25.7   12:20   NNW
24  30.2  35.6   15:00  25.3    1:25   0.0  11.9   0.0   1.9  17.7   13:55     E
25  31.2  37.9   16:05  25.6    0:50   0.0  12.8   0.0   3.5  16.1   11:35    SE
26  29.4  34.1   15:25  24.4   00:00   0.0  11.2   0.0   2.9  22.5   16:40    NE
27  26.2  30.8   14:30  21.8    5:20   0.0   7.9   0.0   8.2  56.3   17:35   WNW
28  25.8  29.6   14:25  23.1    6:50   0.0   7.5   0.0   8.0  46.7   12:20   NNW
29  26.2  30.3   11:40  22.2    6:45   0.0   7.9   0.0   2.9  24.1   12:20   ESE
30  26.2  30.1   19:05  21.7    5:00   0.0   7.9   0.0   3.4  25.7   13:05    NE
31  25.9  28.6   15:40  22.8   23:45   0.0   7.6   0.0   4.8  27.4   13:25   WNW
-------------------------------------------------------------------------------------
    27.2  41.0     2    19.2    18     0.0 276.2  38.6   4.3  56.3    27     WNW

Max >=  32.0: 14
Max <=   0.0:  0
Min <=   0.0:  0
Min <= -18.0:  0
Max Rain: 35.41 ON 18/07/17
Days of Rain: 2 (> .2 mm) 2 (> 2 mm) 1 (> 20 mm)
Heat Base:  18.3  Cool Base:  18.3  Method: Integration