NOAA Reports/Αναφορές NOAA

Select a Year or Month report

Report for 2017 Jun
                   MONTHLY CLIMATOLOGICAL SUMMARY for JUN. 2017

NAME: Vamos Weather Station   CITY: Vamos   STATE: Greece 
ELEV:   225 m  LAT:  35 24' 00" N  LONG:  24 06' 00" W

                   TEMPERATURE (C), RAIN  (mm), WIND SPEED (km/hr)

                                      HEAT  COOL        AVG
    MEAN                              DEG   DEG         WIND                 DOM
DAY TEMP  HIGH   TIME   LOW    TIME   DAYS  DAYS  RAIN  SPEED HIGH   TIME    DIR
------------------------------------------------------------------------------------
 1  23.9  29.2   14:35  18.2    1:40   0.0   5.6   0.0   2.4  12.9   11:45    SE
 2  25.1  30.4   11:25  19.9    0:05   0.0   6.8   0.0   2.6  12.9   13:40    SE
 3  24.2  29.4   14:25  20.2    4:25   0.0   5.8   0.0   2.3  16.1   17:05   ENE
 4  23.9  28.1   13:15  19.3   00:00   0.0   5.6   0.0   3.1  22.5   10:30     N
 5  22.2  27.0   16:05  17.5    5:00   0.1   3.9   0.0   2.3  32.2   14:55    SE
 6  22.4  26.4   13:55  18.4    4:35   0.0   4.1   0.0   2.9  17.7   16:40    SE
 7  21.4  26.5   12:30  18.8    6:35   0.0   3.2   1.2   2.9  32.2   22:10    SE
 8  21.7  26.6   18:15  18.8    8:00   0.0   3.4   2.4   2.9  19.3    3:50     N
 9  23.1  27.6   17:00  18.7    0:50   0.0   4.8   0.0   2.1  16.1   11:30   NNW
10  22.8  27.3   15:15  17.8    5:20   0.0   4.5   0.0   3.1  19.3   13:45   SSE
11  22.0  27.1   14:20  17.9    5:30   0.0   3.7   0.0   2.4  19.3   15:00    NE
12  20.6  23.7   18:05  18.6    6:15   0.0   2.3   0.6   2.1  25.7   11:10   NNW
13  22.2  26.6   19:30  18.3    4:15   0.0   3.9   0.0   4.0  29.0   14:30   WNW
14  25.3  30.3   17:25  19.7    5:25   0.0   7.0   0.0   2.6  17.7   12:15   NNW
15  27.6  31.9   13:30  22.7   23:35   0.0   9.3   0.0   1.9  12.9   11:40   NNW
16  25.1  29.2   13:40  20.8    6:30   0.0   6.8   0.0   1.9  12.9   12:40   NNW
17  24.8  29.5   18:00  20.7    4:35   0.0   6.5   0.0   2.3  14.5   12:35    SE
18  22.3  26.4   11:50  18.8   00:00   0.0   4.0   0.4   3.2  20.9   22:10    NE
19  20.2  23.1   16:50  17.5    4:45   0.1   2.0   2.2   3.4  27.4   14:05    NE
20  21.3  24.8   19:25  18.1    3:20   0.0   3.0   0.0   4.0  24.1   13:00   NNW
21  23.9  28.2   17:00  19.2    5:20   0.0   5.6   0.0   3.9  22.5   15:40   NNW
22  24.8  29.3   16:55  20.0    4:45   0.0   6.5   0.0   2.9  17.7   13:00   NNW
23  27.1  31.9   18:10  21.4    4:00   0.0   8.8   0.0   2.3  16.1   13:20    SE
24  28.8  33.9   13:35  23.8    2:30   0.0  10.5   0.0   2.7  14.5   15:10    SE
25  28.7  32.9   17:30  24.4    5:50   0.0  10.4   0.0   2.1  14.5   11:30    SE
26  28.7  33.6   12:20  22.7    4:10   0.0  10.4   0.0   2.6  16.1   13:15    SE
27  28.2  32.3   13:30  24.6    4:10   0.0   9.9   0.0   2.6  16.1   15:25     E
28  29.4  34.8   13:40  23.3    2:35   0.0  11.1   0.0   2.6  22.5   18:35   NNW
29  30.4  34.7   13:50  26.0    1:45   0.0  12.1   0.0   2.7  17.7   17:25     E
30  34.0  40.4   16:50  28.3    0:10   0.0  15.7   0.0   1.9  14.5   14:30     E
-------------------------------------------------------------------------------------
    24.9  40.4    30    17.5     5     0.1 197.5   6.8   2.7  32.2     5     NNW

Max >=  32.0:  7
Max <=   0.0:  0
Min <=   0.0:  0
Min <= -18.0:  0
Max Rain: 2.39 ON 08/06/17
Days of Rain: 5 (> .2 mm) 2 (> 2 mm) 0 (> 20 mm)
Heat Base:  18.3  Cool Base:  18.3  Method: Integration