NOAA Reports/Αναφορές NOAA

Select a Year or Month report

Report for 2017 May
                   MONTHLY CLIMATOLOGICAL SUMMARY for MAY. 2017

NAME: Vamos Weather Station   CITY: Vamos   STATE: Greece 
ELEV:   225 m  LAT:  35 24' 00" N  LONG:  24 06' 00" W

                   TEMPERATURE (C), RAIN  (mm), WIND SPEED (km/hr)

                                      HEAT  COOL        AVG
    MEAN                              DEG   DEG         WIND                 DOM
DAY TEMP  HIGH   TIME   LOW    TIME   DAYS  DAYS  RAIN  SPEED HIGH   TIME    DIR
------------------------------------------------------------------------------------
 1  18.1  22.3   16:20  15.5    6:05   1.3   1.0   0.0   3.9  22.5    9:30    NE
 2  19.3  23.7   16:55  15.5    6:40   0.7   1.7   0.0   2.3  20.9   13:05   NNE
 3  19.7  24.2   15:20  15.8    6:25   0.6   2.0   0.0   1.9  14.5   16:40   NNW
 4  20.9  25.4   16:45  16.4    6:10   0.3   2.9   0.0   1.8  16.1   13:00     E
 5  21.8  26.7   13:40  15.6    6:00   0.4   3.9   0.0   6.4  45.1   21:10   WNW
 6  24.9  28.5   13:45  21.3    7:40   0.0   6.6   0.0  10.0  51.5   15:15   WNW
 7  24.6  31.2   17:25  18.0    6:40   0.0   6.3   0.0   7.2  46.7   18:20   WNW
 8  21.2  26.3   17:00  17.3   00:00   0.0   2.9   0.0   4.8  29.0   20:35    SE
 9  19.6  24.8   14:10  15.9    6:45   0.7   2.0   0.0   5.3  32.2   16:20   NNW
10  18.7  22.4   13:10  14.6    1:45   1.0   1.4   0.0   6.1  32.2    5:00   NNW
11  19.9  25.4   15:10  14.9    4:50   0.8   2.5   0.0   2.9  16.1   13:00    SE
12  24.1  32.8   17:55  17.3    5:15   0.1   5.8   0.0   3.5  16.1   13:00    SE
13  30.4  36.1   12:00  23.9    0:05   0.0  12.2   0.0   5.1  32.2   11:55    SE
14  28.4  34.2    0:35  20.9   23:55   0.0  10.1   0.0   4.2  17.7   10:30   NNW
15  23.3  27.7   13:25  19.3    1:35   0.0   5.0   0.0   4.3  20.9   14:25    SE
16  19.3  23.3   11:05  15.0   00:00   0.5   1.5   0.4   3.2  22.5   14:00   NNE
17  15.8  19.1   11:10  14.2    1:20   2.5   0.0   4.4   1.6  17.7   12:45     W
18  15.1  17.6   16:20  13.5    4:25   3.2   0.0  16.6   3.7  30.6   20:00   WNW
19  16.9  20.2   17:00  14.6   23:45   1.7   0.3   0.0   6.6  32.2   13:20   NNW
20  19.1  24.9   17:50  13.4    4:25   1.2   2.0   0.0   4.2  29.0   18:35   NNW
21  19.6  23.8   15:55  14.7    5:05   0.5   1.8   0.0   6.9  37.0   21:45   WNW
22  17.9  20.7   16:30  15.9    6:25   0.9   0.5   0.4   7.1  33.8    0:10   NNW
23  20.3  24.8   16:35  15.4    2:20   0.5   2.5   0.0   2.9  19.3   13:05   ENE
24  21.0  26.1   12:30  17.3    0:05   0.2   2.9   0.0   1.9  16.1   13:10    SE
25  20.3  24.7   12:50  17.0    2:50   0.2   2.2   2.6   4.3  25.7   12:15    NE
26  19.4  24.3   14:50  16.0   16:05   0.4   1.6  10.8   3.5  29.0   16:00    SE
27  17.2  20.3   18:05  13.7    9:10   1.5   0.4   9.0   3.1  29.0   14:00   NNW
28  16.3  20.4    9:55  14.4    1:35   2.1   0.1  10.0   2.9  19.3   11:25   NNW
29  15.5  16.6   17:40  13.3   13:30   2.8   0.0  28.0   2.7  20.9   10:15   WNW
30  19.0  24.1   17:35  14.2    1:05   1.2   1.9   0.0   2.4  19.3   11:20   NNW
31  21.7  27.1   13:05  16.6    0:55   0.3   3.7   0.0   2.9  30.6   16:40    SE
-------------------------------------------------------------------------------------
    20.3  36.1    13    13.3    29    25.6  87.7  82.2   4.2  51.5     6     NNW

Max >=  32.0:  3
Max <=   0.0:  0
Min <=   0.0:  0
Min <= -18.0:  0
Max Rain: 27.99 ON 29/05/17
Days of Rain: 9 (> .2 mm) 7 (> 2 mm) 1 (> 20 mm)
Heat Base:  18.3  Cool Base:  18.3  Method: Integration