NOAA Reports/Αναφορές NOAA

Select a Year or Month report

Report for 2017 Apr
                   MONTHLY CLIMATOLOGICAL SUMMARY for APR. 2017

NAME: Vamos Weather Station   CITY: Vamos   STATE: Greece 
ELEV:   225 m  LAT:  35 24' 00" N  LONG:  24 06' 00" W

                   TEMPERATURE (C), RAIN  (mm), WIND SPEED (km/hr)

                                      HEAT  COOL        AVG
    MEAN                              DEG   DEG         WIND                 DOM
DAY TEMP  HIGH   TIME   LOW    TIME   DAYS  DAYS  RAIN  SPEED HIGH   TIME    DIR
------------------------------------------------------------------------------------
 1  12.5  14.9   16:50   9.8    6:40   5.8   0.0   0.0   5.3  33.8   14:55   WNW
 2  14.2  18.0   13:35  10.9    6:50   4.1   0.0   0.0   1.6  17.7   17:10     N
 3  16.5  21.8   13:50  10.7    6:40   2.5   0.7   0.0   7.6  40.2   23:45   SSE
 4  17.1  20.5   12:45  14.2   23:30   1.5   0.2   0.0   9.5  54.7    1:30   SSE
 5  14.6  18.3   16:55  12.0    7:30   3.7   0.0   0.4   2.1  22.5   17:00   ENE
 6  14.7  19.1   15:45  11.6    2:15   3.7   0.1   0.6   3.1  24.1   15:00   NNW
 7  15.3  19.3   15:10  11.0    7:25   3.1   0.1   0.0   6.4  41.8   13:55   WNW
 8  14.0  16.2   11:10  10.2   22:50   4.3   0.0   0.0   6.3  38.6    3:55   WNW
 9  14.2  17.1   11:15  10.0    1:10   4.1   0.0   0.0   4.3  22.5   14:25    NE
10  13.3  16.1   14:00  10.8    2:35   4.9   0.0   0.0   4.2  25.7   13:30    NE
11  13.6  16.6   14:25  11.3    7:10   4.7   0.0   0.0   2.3  17.7   13:25    SE
12  13.7  17.1   13:40  11.3   00:00   4.6   0.0   0.0   1.6  17.7   13:35   NNW
13  14.8  18.8   14:25  11.1    3:30   3.5   0.0   0.0   5.1  29.0   15:35   WNW
14  17.1  21.7   13:00  13.7    2:35   2.0   0.8   0.0   5.5  27.4   15:00    NE
15  17.7  22.6   15:20  13.4   23:20   1.7   1.0   0.0   1.8  16.1   13:35    NE
16  16.3  21.1   14:05  12.1    5:30   2.5   0.5   0.0   2.3  19.3   15:30    SE
17  17.5  23.1   15:10  14.3    7:00   1.6   0.8   0.0   3.9  27.4   12:15   SSE
18  17.3  22.2   13:40  12.9    2:00   1.8   0.8   0.0   6.4  46.7   11:00   WNW
19  18.2  23.3   15:05  12.7    6:05   1.6   1.5   0.0   3.7  25.7   00:00    SE
20  20.6  23.9   15:10  15.2   00:00   0.1   2.5   0.0   7.6  57.9    3:50    SE
21  14.4  16.7   16:00  11.3   23:30   3.9   0.0   0.0   4.5  25.7    6:50    NE
22   9.2  11.9    2:45   6.4   23:15   9.1   0.0  16.0   2.7  17.7    2:00    NE
23  12.4  17.2   17:20   6.5    1:15   5.9   0.0   0.0   6.0  32.2   16:50   WNW
24  14.5  19.6   13:25  10.2    3:05   3.8   0.1   0.0   2.7  17.7   15:00    SE
25  14.8  19.2   14:15  11.3    7:00   3.5   0.0   0.0   3.7  20.9   14:45    SE
26  16.5  21.1   12:55  12.6    3:40   2.4   0.6   0.0   4.0  16.1   15:40    SE
27  17.6  22.5   14:10  13.3    6:40   1.8   1.1   0.0   4.7  17.7   13:20    SE
28  19.8  24.8   17:25  14.3    0:05   0.9   2.4   0.0   2.3  12.9   11:35    SE
29  22.2  27.2   13:00  17.2    0:10   0.1   3.9   0.0   3.9  27.4   23:55    SE
30  20.9  25.2   10:30  16.7   00:00   0.3   2.9   0.0  10.1  67.6    9:30   SSE
-------------------------------------------------------------------------------------
    15.8  27.2    29     6.4    22    93.4  20.0  17.0   4.5  67.6    30      SE

Max >=  32.0:  0
Max <=   0.0:  0
Min <=   0.0:  0
Min <= -18.0:  0
Max Rain: 16.00 ON 22/04/17
Days of Rain: 3 (> .2 mm) 1 (> 2 mm) 0 (> 20 mm)
Heat Base:  18.3  Cool Base:  18.3  Method: Integration