NOAA Reports/Αναφορές NOAA

Select a Year or Month report

Report for 2017 Mar
                   MONTHLY CLIMATOLOGICAL SUMMARY for MAR. 2017

NAME: Vamos Weather Station   CITY: Vamos   STATE: Greece 
ELEV:   225 m  LAT:  35 24' 00" N  LONG:  24 06' 00" W

                   TEMPERATURE (C), RAIN  (mm), WIND SPEED (km/hr)

                                      HEAT  COOL        AVG
    MEAN                              DEG   DEG         WIND                 DOM
DAY TEMP  HIGH   TIME   LOW    TIME   DAYS  DAYS  RAIN  SPEED HIGH   TIME    DIR
------------------------------------------------------------------------------------
 1  14.3  19.4   11:20  10.7    6:45   4.0   0.1   0.2   2.3  22.5   23:05   NNW
 2  13.6  16.3   15:20  10.9   23:55   4.7   0.0   0.0   9.2  62.8    8:45   WNW
 3  13.4  17.5   12:50  10.4    4:10   4.8   0.0   0.0   2.1  16.1   13:45    SE
 4  13.2  17.7   14:15  10.1    6:35   5.1   0.0   0.0   3.1  14.5   13:00    SE
 5  13.6  18.6   13:20  10.3    4:50   4.7   0.0   0.0   2.3  12.9   13:15    SE
 6  14.4  19.9   14:35   9.8    5:20   4.0   0.2   0.2   2.4  16.1   12:40    SE
 7  13.0  15.8   10:40   9.1   23:15   5.3   0.0  25.6   3.7  35.4   21:55   SSE
 8  10.6  15.7   13:05   8.0   22:35   7.7   0.0  34.2   6.8  37.0    9:40    SE
 9   9.8  14.0   13:55   7.4    1:05   8.5   0.0  12.2   2.3  27.4   10:55    SE
10   9.9  12.7   13:55   8.3    2:20   8.4   0.0   9.8   2.4  25.7   14:50   WNW
11   9.5  13.0   11:40   8.1   16:30   8.8   0.0  17.8   2.6  22.5   14:45    NE
12  10.4  12.8   15:05   9.1    0:05   7.9   0.0  19.0   7.2  46.7   10:40    NW
13  12.6  16.2   13:25   8.7    3:05   5.7   0.0   0.0   9.2  45.1    5:45   WNW
14  10.8  14.9   11:30   8.7   20:50   7.5   0.0   2.8   4.2  38.6    1:00   WNW
15  10.5  13.3   11:20   7.9    1:30   7.8   0.0   0.8   3.9  22.5   14:20   WNW
16  10.6  13.8   11:05   8.1    4:50   7.7   0.0   0.0   2.9  14.5   11:35    SE
17  11.1  14.3   13:40   8.5    4:35   7.3   0.0   0.0   2.1  22.5   14:55    NE
18  12.2  17.0   14:20   8.5    5:35   6.1   0.0   0.0   1.8  14.5   15:10   NNW
19  15.2  22.8   15:10   9.9    4:00   3.7   0.6   0.0   5.0  33.8   14:20    SE
20  15.8  21.8   14:50  11.4    3:55   3.0   0.6   0.0   3.7  20.9   15:40    NE
21  15.4  21.2   12:15  11.9   00:00   3.1   0.2   0.0   2.3  45.1   23:55    SE
22  11.6  14.1   12:40   9.7    6:35   6.7   0.0  15.8   4.2  43.5    2:10    SE
23  14.0  17.9   14:00   9.8    3:45   4.3   0.0   0.0   1.9  16.1   13:15   NNW
24  14.2  18.0   13:10  10.5    5:20   4.1   0.0   0.0   1.8  14.5   12:45    NE
25  16.1  20.5   11:50  11.4    0:10   2.6   0.4   0.0   2.3  16.1   12:20    SE
26  18.5  23.4   14:35  13.9    6:45   1.2   1.3   0.0   3.1  35.4   22:05     E
27  15.0  18.8    1:05  12.2    7:30   3.3   0.0   0.0   5.5  30.6    1:00    NE
28  10.4  12.3    0:05   9.7   20:00   7.9   0.0   4.4   1.4  12.9    0:05    SE
29  11.0  13.3   15:55   8.7    4:15   7.3   0.0   2.4   2.1  12.9    3:55    SE
30  11.8  15.2   12:10  10.4   21:00   6.5   0.0  12.4   2.7  20.9   13:15   WNW
31  13.2  15.9   15:10  11.4    0:05   5.1   0.0   4.0   6.4  30.6   16:35   WNW
-------------------------------------------------------------------------------------
    12.8  23.4    26     7.4     9   174.9   3.4 161.5   3.6  62.8     2      SE

Max >=  32.0:  0
Max <=   0.0:  0
Min <=   0.0:  0
Min <= -18.0:  0
Max Rain: 34.19 ON 08/03/17
Days of Rain: 15 (> .2 mm) 12 (> 2 mm) 2 (> 20 mm)
Heat Base:  18.3  Cool Base:  18.3  Method: Integration