NOAA Reports/Αναφορές NOAA

Select a Year or Month report

Report for 2017 Feb
                   MONTHLY CLIMATOLOGICAL SUMMARY for JAN. 2017

NAME: Vamos Weather Station   CITY: Vamos   STATE: Greece 
ELEV:   225 m  LAT:  35 24' 00" N  LONG:  24 06' 00" W

                   TEMPERATURE (C), RAIN  (mm), WIND SPEED (km/hr)

                                      HEAT  COOL        AVG
    MEAN                              DEG   DEG         WIND                 DOM
DAY TEMP  HIGH   TIME   LOW    TIME   DAYS  DAYS  RAIN  SPEED HIGH   TIME    DIR
------------------------------------------------------------------------------------
 1   5.4   8.9   14:35   3.7    0:40  12.9   0.0   0.6   3.4  19.3   11:30    SE
 2   9.1  12.8   12:40   4.9    1:05   9.2   0.0   0.0   6.6  37.0   22:55     W
 3  11.3  15.3   12:15   8.1    4:05   7.0   0.0   0.0   6.4  38.6   15:05   WNW
 4  11.6  16.0   14:10   8.6    7:20   6.7   0.0   0.4   4.2  17.7    0:35    SE
 5  12.6  15.4   14:30  10.4    1:05   5.7   0.0   1.0   3.5  27.4   16:20     E
 6  10.1  13.7    0:05   5.9   21:35   8.2   0.0  11.4   7.1  61.2   23:05    SE
 7   4.7   7.3    0:55   2.6   23:25  13.7   0.0   6.0  11.3  61.2    1:05   WNW
 8   0.9   4.3    0:20   0.0    7:25  17.4   0.0  18.8   2.7 379.8    5:50   WNW
 9   3.5   7.8   14:10  -0.3    3:10  14.8   0.0  15.8   3.1  17.7   22:55    SE
10   5.0   9.1   13:50   2.5    9:20  13.3   0.0  16.4   7.2  49.9   14:20   WNW
11   9.3  14.3   13:15   4.3    4:15   9.0   0.0   0.0   9.5  54.7   11:35   SSE
12  11.1  15.5   13:35   7.7    6:55   7.2   0.0   0.0   6.4  32.2   12:35   WNW
13  10.1  14.4   14:25   6.6    4:35   8.2   0.0   0.0   2.9  19.3    0:40    SE
14  12.5  16.4   14:40   8.9    2:55   5.8   0.0   0.2   6.1  22.5    4:30   SSE
15  11.4  14.5   12:45   9.0   23:55   6.9   0.0  11.4   4.8  38.6   20:55   SSE
16  10.4  14.1   13:05   8.6    5:15   7.9   0.0   5.6   3.4  25.7    3:45    SE
17  10.7  14.7   14:30   8.5    6:20   7.6   0.0   0.4   4.5  49.9   17:15   SSE
18  11.6  15.1   14:00   8.2    5:15   6.7   0.0   0.2  10.0  54.7   12:15   SSE
19  12.4  16.8   12:55   9.4    7:40   5.9   0.0   0.2   4.5  27.4    0:55   SSE
20   8.6  11.0    0:05   7.4   23:35   9.7   0.0  10.6   1.6  17.7   20:45     W
21   8.3   9.9   12:45   6.9   23:40  10.0   0.0   0.0   1.4  22.5   16:00    NE
22   8.4  11.0   15:40   6.3    3:45   9.9   0.0   0.0   0.8  12.9   14:30    NE
23   9.5  11.4   12:25   8.1    0:25   8.8   0.0   2.6   2.9  32.2   23:35    SE
24  11.5  13.6   12:05   9.3   00:00   6.8   0.0  32.8   7.4  35.4   16:50     E
25   9.7  12.6   10:30   7.8   00:00   8.6   0.0   2.8   5.5  46.7    4:30   WNW
26   6.9   7.9    0:25   5.7   15:50  11.4   0.0  22.2   1.8  19.3   23:00     W
27   5.6   7.4   12:35   4.1    7:50  12.7   0.0   0.6   5.0  29.0    3:40   NNW
28   6.8  10.2   14:20   3.9    4:20  11.5   0.0   0.0   2.6  17.7   12:05     W
29   8.1  10.7   12:35   6.2    0:20  10.2   0.0   0.0   1.4  19.3   12:40    SE
30   7.7   9.2   12:35   6.4   22:55  10.6   0.0   8.6   2.4  17.7   22:35     W
31   7.3   8.6   12:30   6.2    7:30  11.0   0.0   1.0   2.4  19.3    4:45   WNW
-------------------------------------------------------------------------------------
     8.8  16.8    19    -0.3     9   295.1   0.0 169.6   4.6 379.8     8      SE

Max >=  32.0:  0
Max <=   0.0:  0
Min <=   0.0:  2
Min <= -18.0:  0
Max Rain: 32.79 ON 24/01/17
Days of Rain: 22 (> .2 mm) 13 (> 2 mm) 2 (> 20 mm)
Heat Base:  18.3  Cool Base:  18.3  Method: Integration