NOAA Reports/Αναφορές NOAA

Select a Year or Month report

Report for 2016 Dec
                   MONTHLY CLIMATOLOGICAL SUMMARY for DEC. 2016

NAME: Vamos Weather Station   CITY: Vamos   STATE: Greece 
ELEV:   225 m  LAT:  35 24' 00" N  LONG:  24 06' 00" W

                   TEMPERATURE (C), RAIN  (mm), WIND SPEED (km/hr)

                                      HEAT  COOL        AVG
    MEAN                              DEG   DEG         WIND                 DOM
DAY TEMP  HIGH   TIME   LOW    TIME   DAYS  DAYS  RAIN  SPEED HIGH   TIME    DIR
------------------------------------------------------------------------------------
 1   7.9   9.8   15:25   6.0    7:45  10.3   0.0   5.4   7.9  41.8    1:55   WNW
 2  11.9  15.8   15:10   8.0    3:30   6.4   0.0   0.0   6.4  51.5   11:00   WNW
 3  14.7  19.4   12:15  11.6    2:55   3.7   0.0   0.2   5.0  24.1   13:45   SSE
 4  14.7  18.6   12:20  12.2   22:05   3.6   0.0   0.0   2.9  22.5   14:45    SE
 5  12.3  14.3    9:25  11.4    6:10   6.0   0.0  26.2   2.7  19.3   17:15    NE
 6  12.5  15.6   14:05  10.8   20:40   5.8   0.0   0.0   2.1  14.5   14:35    SE
 7  13.3  17.2   14:35  10.7    2:10   5.0   0.0  36.8   3.7  16.1   21:30    SE
 8  10.1  11.3    0:05   8.8   19:35   8.2   0.0   5.8   4.3  30.6    8:00    NE
 9  10.2  13.9   15:00   8.4    7:15   8.1   0.0   0.0   1.8  11.3   12:15    SW
10  11.7  15.6   12:55   8.4    3:35   6.7   0.0   0.0   2.3  14.5    1:30    SE
11  13.6  17.4   14:35  10.3    0:55   4.8   0.0   0.0   2.9  14.5   22:35    SE
12  14.2  17.4   10:40  11.3    6:35   4.1   0.0   0.0   4.8  37.0   21:05   SSE
13  11.7  15.2    0:30   9.0   00:00   6.6   0.0  13.6   7.4  40.2   18:15   NNW
14   7.2   9.3    1:45   5.2   21:10  11.1   0.0   0.0   6.8  43.5    2:15   NNE
15   9.9  14.7   13:10   4.9    3:45   8.4   0.0   0.0   2.6  27.4   13:55   NNW
16   8.9  11.1    3:50   6.9   22:40   9.4   0.0  39.8   1.6  24.1    8:00    NE
17   7.2   8.3    3:30   5.7   20:00  11.1   0.0   5.8   5.5  30.6    3:30    NE
18   7.6   9.4   14:40   6.0    0:40  10.7   0.0   0.4   1.9  17.7    1:45   WSW
19   9.1  12.0   15:30   6.8    1:25   9.2   0.0   0.0   2.9  19.3   15:05    SE
20   9.4  12.2   11:25   7.1    3:55   8.9   0.0   0.0   2.9  12.9    7:45    SE
21   8.8  10.8    8:05   5.4   22:35   9.4   0.0   0.6   7.6  37.0   18:00   NNE
22   6.4   7.7    1:35   4.8    6:35  11.9   0.0   7.8  10.1  43.5    7:20   NNW
23   6.3   7.7    1:30   5.2   23:45  12.0   0.0  29.6   8.4  45.1   18:20   WNW
24   7.7   8.9   21:10   5.2    1:10  10.6   0.0  17.2   8.5  33.8    3:35    NW
25   9.8  12.5   14:15   7.9    0:25   8.5   0.0   0.0   4.2  20.9    3:25   WNW
26  10.3  12.5   13:20   8.3   19:00   8.0   0.0   0.0   4.3  29.0   11:30   WNW
27  10.5  13.1   13:10   8.7    2:00   7.8   0.0   0.0   4.2  27.4   12:40   WNW
28   8.3  11.9   10:30   2.1   22:10  10.0   0.0  31.2   8.5  48.3   16:00    SE
29   3.6   6.7   22:35   0.3    6:20  14.7   0.0  37.6  10.6  61.2   19:55    NE
30   4.3   6.4    0:05   1.6   17:05  14.0   0.0  22.6   7.2  38.6    0:55   NNW
31   4.5   8.5   14:50   1.9    0:50  13.8   0.0   7.8   4.5  25.7    3:55     W
-------------------------------------------------------------------------------------
     9.6  19.4     3     0.3    29   268.6   0.0 288.4   5.1  61.2    29     WNW

Max >=  32.0:  0
Max <=   0.0:  0
Min <=   0.0:  0
Min <= -18.0:  0
Max Rain: 39.80 ON 16/12/16
Days of Rain: 17 (> .2 mm) 14 (> 2 mm) 7 (> 20 mm)
Heat Base:  18.3  Cool Base:  18.3  Method: Integration