NOAA Reports/Αναφορές NOAA

Select a Year or Month report

Report for 2016 Nov
                   MONTHLY CLIMATOLOGICAL SUMMARY for NOV. 2016

NAME: Vamos Weather Station   CITY: Vamos   STATE: Greece 
ELEV:   225 m  LAT:  35 24' 00" N  LONG:  24 06' 00" W

                   TEMPERATURE (C), RAIN  (mm), WIND SPEED (km/hr)

                                      HEAT  COOL        AVG
    MEAN                              DEG   DEG         WIND                 DOM
DAY TEMP  HIGH   TIME   LOW    TIME   DAYS  DAYS  RAIN  SPEED HIGH   TIME    DIR
------------------------------------------------------------------------------------
 1  13.9  16.4   13:10  12.1   20:45   4.4   0.0   0.0   2.1  20.9    4:45   SSW
 2  14.4  18.1   13:15  11.6    6:35   3.9   0.0   0.0   2.1  16.1   13:25    NW
 3  16.8  21.6   13:20  13.2    0:10   2.1   0.5   0.0   3.7  14.5    6:25    NW
 4  18.1  22.4   11:05  15.4    0:45   1.0   0.8   0.0   5.1  20.9    3:10   NNW
 5  18.2  22.2   11:00  15.8   22:55   1.0   0.9   0.0   2.3  16.1   14:00    NW
 6  18.2  23.3   14:10  14.9    2:35   1.2   1.0   0.0   2.3  11.3    6:50    NW
 7  20.4  24.6   12:05  15.9    2:00   0.5   2.6   0.0   8.2  37.0   12:20   NNW
 8  24.5  27.2   14:05  21.4    0:50   0.0   6.2   0.0  26.1  77.2   23:15   NNW
 9  20.6  23.9   10:30  13.3   19:20   0.8   3.0   3.2  16.7  74.0    0:30    NW
10  18.2  22.6   14:00  14.7    2:05   1.0   0.9   0.4   7.7  41.8    0:50     E
11  17.9  22.0   11:00  15.4    3:25   1.1   0.7   0.0   3.1  24.1   12:45    NW
12  18.1  22.6   14:55  15.4    6:55   1.0   0.8   0.0   1.6  11.3   11:05    NW
13  17.6  20.8   10:10  14.5   23:25   1.2   0.5   0.0   3.1  24.1   14:55    NW
14  15.9  19.1   14:20  13.8   23:35   2.5   0.1   0.0   4.8  29.0   11:50   ESE
15  13.9  14.9    3:20  12.9   23:15   4.4   0.0   1.4   1.3  17.7   13:00   SSW
16  12.8  14.6   11:45  11.6    5:00   5.5   0.0   0.4   1.4  19.3   13:10   NNE
17  12.6  14.9   13:05  11.1   22:40   5.7   0.0   0.0   1.8  17.7   11:30    NE
18  13.3  17.2   12:55  11.0    2:10   5.0   0.0   0.0   4.0  14.5    9:40    SE
19  14.1  17.2   15:00  11.3    4:20   4.2   0.0   0.0   4.7  16.1   13:25   SSE
20  15.2  16.8   10:15  13.6   23:35   3.1   0.0   0.0   2.4  16.1   14:10   SSE
21  15.2  16.8   10:05  12.9    3:05   3.1   0.0   0.0   1.8  16.1   10:05    SE
22  15.2  16.8   14:05  14.1    5:30   3.1   0.0   0.2   1.6  16.1   15:20    NE
23  14.9  15.4    0:05  14.2    7:05   3.4   0.0   0.0   1.4  16.1    0:20    NE
24  14.3  16.2   11:55  12.6   23:55   4.0   0.0   0.0   0.6  14.5   13:00    NE
25  14.4  17.9   13:30  12.8    0:05   3.9   0.0   0.0   2.7  14.5   10:05    SE
26  16.0  19.9   12:00  12.7    1:40   2.4   0.1   0.0   2.6  14.5    7:15    SE
27  16.9  20.1   14:20  14.3    5:40   1.6   0.2   0.0   6.9  53.1   11:15   SSE
28  18.1  20.0   13:45  15.3    0:20   0.6   0.4   0.0  21.4  70.8   14:15   SSE
29  15.3  19.2   11:50  11.7   19:00   3.1   0.0  23.2   3.1  38.6   15:45    NE
30  10.2  12.5    3:25   7.1   18:00   8.1   0.0  96.6   5.1  51.5   21:30   WNW
-------------------------------------------------------------------------------------
    16.2  27.2     8     7.1    30    82.7  18.8 125.4   5.1  77.2     8      NW

Max >=  32.0:  0
Max <=   0.0:  0
Min <=   0.0:  0
Min <= -18.0:  0
Max Rain: 96.60 ON 30/11/16
Days of Rain: 7 (> .2 mm) 3 (> 2 mm) 2 (> 20 mm)
Heat Base:  18.3  Cool Base:  18.3  Method: Integration