NOAA Reports/Αναφορές NOAA

Select a Year or Month report

Report for 2016 Oct
                   MONTHLY CLIMATOLOGICAL SUMMARY for OCT. 2016

NAME: Vamos Weather Station   CITY: Vamos   STATE: Greece 
ELEV:   225 m  LAT:  35 24' 00" N  LONG:  24 06' 00" W

                   TEMPERATURE (C), RAIN  (mm), WIND SPEED (km/hr)

                                      HEAT  COOL        AVG
    MEAN                              DEG   DEG         WIND                 DOM
DAY TEMP  HIGH   TIME   LOW    TIME   DAYS  DAYS  RAIN  SPEED HIGH   TIME    DIR
------------------------------------------------------------------------------------
 1  21.0  26.5   14:15  16.7    6:20   0.3   3.0   0.0   1.9  12.9   13:00    NW
 2  22.8  28.3   12:40  18.5    1:30   0.0   4.5   0.0   4.5  17.7   12:55   WNW
 3  24.4  29.4   14:45  20.9    7:45   0.0   6.1   0.0   3.4  24.1   17:05   WNW
 4  23.6  28.1   15:35  20.2    5:45   0.0   5.3   0.0   3.5  33.8   23:25   SSE
 5  23.3  26.6   12:40  19.8   23:20   0.0   5.0   0.0   7.7  46.7    3:25   ESE
 6  21.9  25.8   16:50  18.6    7:20   0.0   3.6   0.0   4.2  29.0   16:55   SSE
 7  22.3  26.9   14:15  19.2    3:15   0.0   4.0   0.0   3.4  22.5   23:50    NW
 8  24.1  28.6   11:40  19.1   23:30   0.0   5.8   0.0   4.8  27.4   13:15   SSE
 9  21.5  26.6   13:50  18.2    7:45   0.0   3.2   0.0   1.8  19.3   14:35   SSE
10  21.1  24.9   12:25  17.7    7:10   0.0   2.8   0.0   2.7  17.7   13:00    NW
11  23.7  30.2   16:50  18.0    7:45   0.0   5.4   0.0   8.0  61.2   22:50   NNW
12  23.3  26.7   12:25  19.8   23:50   0.0   5.1   0.0   4.8  45.1    0:45    SW
13  21.0  24.7   11:25  17.5   23:25   0.0   2.8   0.0   5.6  37.0   12:40   SSE
14  19.6  23.8   13:15  16.4    2:15   0.5   1.7   0.0   2.9  17.7   16:50    NW
15  19.6  23.0   14:55  17.1    1:05   0.2   1.5   0.0   2.6  20.9   13:20    NW
16  20.6  26.3   15:35  16.8    4:30   0.3   2.6   0.0   1.9  11.3   13:55    NW
17  19.6  21.9   11:35  18.1    7:50   0.0   1.9   0.0   3.9  22.5   15:55   SSW
18  16.7  18.5   13:30  15.7    8:35   1.6   0.0   1.6   6.6  30.6   12:35   SSE
19  16.8  20.2   13:40  14.5    6:35   1.8   0.3   0.0   3.1  19.3   11:40     E
20  17.4  19.7   14:45  14.6    2:50   1.1   0.2   0.0   2.6  12.9   15:15    NW
21  19.0  22.8   14:00  16.1    8:00   0.6   1.3   0.0   2.7  20.9   13:20    NW
22  21.4  27.9   15:05  18.1    0:05   0.0   3.1   0.0   2.9  22.5   15:50    NW
23  21.6  25.3   14:00  18.9   23:15   0.0   3.3   0.0   2.4  17.7   17:00    NW
24  19.5  22.4   12:10  17.9    7:20   0.0   1.3   0.2   3.4  22.5   12:15   SSW
25  18.0  20.4   12:45  15.5   23:20   0.8   0.5   0.0   5.3  24.1   13:45   ESE
26  17.2  20.7   16:30  15.2    2:15   1.5   0.4   0.0   3.5  20.9   12:20   ESE
27  17.9  20.3   11:20  15.4    4:55   0.8   0.4   0.0   1.9  14.5   12:35   SSW
28  16.1  17.7    0:05  15.1   18:35   2.2   0.0  10.2   1.3  12.9    8:55   ESE
29  15.1  15.8   13:10  14.3   20:40   3.2   0.0   5.8   1.9  12.9   18:45    NW
30  17.3  20.9   12:10  14.4    6:00   1.3   0.4   0.0   3.1  16.1   14:15    NW
31  14.3  16.9    0:05  11.2   16:30   4.0   0.0 117.2   5.3  46.7   12:40     E
-------------------------------------------------------------------------------------
    20.1  30.2    11    11.2    31    20.3  75.3 135.0   3.7  61.2    11      NW

Max >=  32.0:  0
Max <=   0.0:  0
Min <=   0.0:  0
Min <= -18.0:  0
Max Rain: 117.20 ON 31/10/16
Days of Rain: 5 (> .2 mm) 3 (> 2 mm) 1 (> 20 mm)
Heat Base:  18.3  Cool Base:  18.3  Method: Integration