NOAA Reports/Αναφορές NOAA

Select a Year or Month report

Report for 2016 Sep
                   MONTHLY CLIMATOLOGICAL SUMMARY for SEP. 2016

NAME: Vamos Weather Station   CITY: Vamos   STATE: Greece 
ELEV:   225 m  LAT:  35 24' 00" N  LONG:  24 06' 00" W

                   TEMPERATURE (C), RAIN  (mm), WIND SPEED (km/hr)

                                      HEAT  COOL        AVG
    MEAN                              DEG   DEG         WIND                 DOM
DAY TEMP  HIGH   TIME   LOW    TIME   DAYS  DAYS  RAIN  SPEED HIGH   TIME    DIR
------------------------------------------------------------------------------------
 1  25.1  28.0   14:55  22.6   23:30   0.0   6.8   0.0   5.0  27.4   13:30    SE
 2  24.3  27.7   13:50  21.8   23:55   0.0   6.0   0.0   4.5  32.2   14:05   SSE
 3  23.1  25.8   15:30  21.0   00:00   0.0   4.8   0.0   6.4  37.0   10:25   ESE
 4  22.9  25.7   16:00  20.6    7:10   0.0   4.6   0.0   6.0  30.6   13:15   ESE
 5  24.0  28.4   18:00  19.9    2:55   0.0   5.7   0.0   3.5  19.3   11:20   SSW
 6  24.7  29.4   12:20  21.3    5:00   0.0   6.4   0.0   3.5  22.5   12:40   WNW
 7  27.1  32.8   14:15  21.9    3:15   0.0   8.8   0.0   6.4  30.6   10:05   NNW
 8  27.0  30.9   23:35  22.3    7:00   0.0   8.7   0.0   4.0  29.0   23:10    NW
 9  26.6  30.2    0:05  21.8   00:00   0.0   8.3   0.0   7.7  43.5    6:05   SSE
10  23.7  27.3   11:50  20.6    4:05   0.0   5.4   0.0   2.4  19.3   14:30   WSW
11  23.0  27.9   12:35  20.1    7:35   0.0   4.7   0.0   3.7  24.1   11:25    NW
12  23.1  26.8   13:10  19.7    6:45   0.0   4.8   0.0   3.5  24.1   14:35   SSW
13  22.4  25.2   16:55  20.1    7:10   0.0   4.1   0.0   3.7  24.1   12:45   SSW
14  22.9  26.7   14:35  20.2    5:30   0.0   4.7   0.0   3.5  27.4   15:25   SSW
15  24.2  28.3   14:50  20.6    5:05   0.0   5.9   0.0   3.9  22.5   14:00   SSE
16  24.9  28.9   16:05  21.9    0:05   0.0   6.6   0.0   5.0  27.4   14:25    SE
17  25.7  31.1   14:50  21.5    2:10   0.0   7.4   0.0   2.6  16.1   13:00   WSW
18  27.7  32.9   12:05  22.9    0:10   0.0   9.4   0.0   4.8  25.7   15:20    SW
19  26.8  33.5   14:30  23.6   23:50   0.0   8.5   0.0   5.0  48.3   14:25   WSW
20  23.5  26.9   15:30  19.6   10:50   0.0   5.2  15.8   6.9  38.6    9:25   SSE
21  23.1  27.0   14:35  19.4    7:45   0.0   4.8   0.0   7.7  40.2   16:00   ESE
22  23.2  27.2   13:10  19.5    5:40   0.0   4.9   0.0   5.6  33.8   17:25   ESE
23  20.1  22.3    0:05  17.7   23:40   0.0   1.8  12.4   5.5  29.0    1:50    SW
24  19.2  22.3   15:45  17.2    5:15   0.3   1.2   0.0   3.4  22.5    9:45     E
25  19.3  22.3   13:30  16.8    4:25   0.4   1.4   0.0   5.0  24.1   15:15     E
26  19.6  22.6   16:40  17.7    4:00   0.1   1.4   0.0   2.7  20.9   15:00     E
27  19.5  22.8   14:15  17.3    3:30   0.2   1.4   0.0   2.7  20.9   15:05   SSW
28  19.6  22.7   15:55  17.7    1:35   0.1   1.4   0.0   3.1  22.5   14:25   SSW
29  19.8  23.6   13:00  17.3    5:45   0.2   1.7   0.0   3.7  20.9   13:00    NW
30  20.2  24.3   14:10  17.2    6:45   0.2   2.1   0.0   1.8  17.7   15:20   SSW
-------------------------------------------------------------------------------------
    23.2  33.5    19    16.8    25     1.6 148.9  28.2   4.4  48.3    19     SSW

Max >=  32.0:  3
Max <=   0.0:  0
Min <=   0.0:  0
Min <= -18.0:  0
Max Rain: 15.80 ON 20/09/16
Days of Rain: 2 (> .2 mm) 2 (> 2 mm) 0 (> 20 mm)
Heat Base:  18.3  Cool Base:  18.3  Method: Integration